{"id":135,"date":"2016-03-07T10:38:16","date_gmt":"2016-03-07T10:38:16","guid":{"rendered":"http:\/\/www.ub.edu\/informaticapersonalINT\/programari\/?page_id=135"},"modified":"2017-06-08T14:18:34","modified_gmt":"2017-06-08T12:18:34","slug":"llicenciesub","status":"publish","type":"page","link":"https:\/\/www.ub.edu\/informaticapersonalINT\/programari\/llicenciesub\/","title":{"rendered":"Llic\u00e8ncies UB"},"content":{"rendered":"<p>El PAS\/PDI de la UB t\u00e9 acc\u00e9s a les llic\u00e8ncies que gestionem des de l&#8217;\u00c0reaTIC i que formen part del cat\u00e0leg de Programari UB. Algunes llic\u00e8ncies les podem oferir sense cost per l&#8217;usuari gr\u00e0cies a <strong>llic\u00e8ncies de Campus<\/strong> que la UB t\u00e9 contractades amb alguns fabricants. En d&#8217;altres casos <strong>formem part de programes<\/strong> que ens permeten oferir llic\u00e8ncies amb nivells de descomptes molt importants.<\/p>\n<p>Si necessiteu disposar d&#8217;antivirus, la UB disposa de llic\u00e8ncia corporativa <strong>SOPHOS<\/strong> <strong>Endpoint Security and Control. <\/strong>Podeu descarregar i instal\u00b7lar-vos l&#8217;antivirus<strong> sense necessitat de sol\u00b7licitar llic\u00e8ncia, <\/strong>des de les p\u00e0gines de servei.<\/p>\n<p>Per saber si distribu\u00efm el programari que necessiteu, consulteu el\u00a0 <a href=\"http:\/\/www.ub.edu\/iub\/programariub\/\">cat\u00e0leg de Programari UB<\/a>.<a href=\"http:\/\/www.ub.edu\/iub\/programariub\/\"> <\/a>Sol\u00b7liciteu les llic\u00e8ncies que us calguin <a href=\"https:\/\/sso.ub.edu\/CAS\/login?service=http%3A%2F%2Fwww.ub.edu%2Fiub%2Fprogramariub%2F\" target=\"_blank\">tramitant una comanda des del cat\u00e0leg<\/a> i descarregueu-vos els instal\u00b7ladors<a href=\"https:\/\/sso.ub.edu\/CAS\/login?service=http%3A%2F%2Fwww.ub.edu%2Fiub%2Fprogramariub%2F\" target=\"_blank\">.<\/a><\/p>\n<p>Per a q\u00fcestions relacionades amb el programari amb llic\u00e8ncia UB:\u00a0 instal\u00b7laci\u00f3, configuraci\u00f3 i altres dubtes que podeu tenir, consulteu en primer lloc la <a href=\"http:\/\/www.ub.edu\/kbproip\" target=\"_blank\">Base de coneixements (KB)<\/a>, en qualsevol cas sempre podeu obrir una incid\u00e8ncia al <a href=\"http:\/\/pau.ub.edu\/maiub\/\" target=\"_blank\">PAU<\/a>.<\/p>\n<p>En cas de no trobar-lo us oferim la nostra experi\u00e8ncia en l&#8217;adquisici\u00f3 i an\u00e0lisi dels tipus de llicenciaments disponibles, la cerca de pressupostos segons sigui el canal de venda definit pel fabricant. Consulteu l&#8217;apartat <a href=\"https:\/\/www.ub.edu\/informaticapersonalINT\/programari\/llicenciesub\/no-trobeu-el-programari\/\">No trobeu el programari?<\/a><\/p>\n<p>&nbsp;<\/p>\n","protected":false},"excerpt":{"rendered":"<p>El PAS\/PDI de la UB t\u00e9 acc\u00e9s a les llic\u00e8ncies que gestionem des de l&#8217;\u00c0reaTIC i que formen part del cat\u00e0leg de Programari UB. Algunes llic\u00e8ncies les podem oferir sense cost per l&#8217;usuari gr\u00e0cies a llic\u00e8ncies de Campus que la UB t\u00e9 contractades amb alguns fabricants. En d&#8217;altres casos formem part de programes que ens [&hellip;]<\/p>\n","protected":false},"author":1,"featured_media":0,"parent":0,"menu_order":0,"comment_status":"closed","ping_status":"closed","template":"","meta":{"footnotes":""},"_links":{"self":[{"href":"https:\/\/www.ub.edu\/informaticapersonalINT\/programari\/wp-json\/wp\/v2\/pages\/135"}],"collection":[{"href":"https:\/\/www.ub.edu\/informaticapersonalINT\/programari\/wp-json\/wp\/v2\/pages"}],"about":[{"href":"https:\/\/www.ub.edu\/informaticapersonalINT\/programari\/wp-json\/wp\/v2\/types\/page"}],"author":[{"embeddable":true,"href":"https:\/\/www.ub.edu\/informaticapersonalINT\/programari\/wp-json\/wp\/v2\/users\/1"}],"replies":[{"embeddable":true,"href":"https:\/\/www.ub.edu\/informaticapersonalINT\/programari\/wp-json\/wp\/v2\/comments?post=135"}],"version-history":[{"count":19,"href":"https:\/\/www.ub.edu\/informaticapersonalINT\/programari\/wp-json\/wp\/v2\/pages\/135\/revisions"}],"predecessor-version":[{"id":795,"href":"https:\/\/www.ub.edu\/informaticapersonalINT\/programari\/wp-json\/wp\/v2\/pages\/135\/revisions\/795"}],"wp:attachment":[{"href":"https:\/\/www.ub.edu\/informaticapersonalINT\/programari\/wp-json\/wp\/v2\/media?parent=135"}],"curies":[{"name":"wp","href":"https:\/\/api.w.org\/{rel}","templated":true}]}}