{"id":14,"date":"2018-05-25T11:24:33","date_gmt":"2018-05-25T11:24:33","guid":{"rendered":"http:\/\/www.ub.edu\/informaticapersonalINT\/programarilliure\/?page_id=14"},"modified":"2018-07-30T12:04:04","modified_gmt":"2018-07-30T12:04:04","slug":"ofimatica","status":"publish","type":"page","link":"https:\/\/www.ub.edu\/informaticapersonalINT\/programarilliure\/ofimatica\/","title":{"rendered":"Ofim\u00e0tica"},"content":{"rendered":"<div class=\"responsive-tabs\">\n<h2 class=\"tabtitle\">Ofim\u00e0tica<\/h2>\n<div class=\"tabcontent\">\n\n<ul class=\"lcp_catlist\" id=\"lcp_instance_0\"><li><a href=\"https:\/\/www.ub.edu\/informaticapersonalINT\/programarilliure\/2018\/06\/04\/abiword\/\">AbiWord<\/a><a href=\"https:\/\/www.ub.edu\/informaticapersonalINT\/programarilliure\/2018\/06\/04\/abiword\/\" title=\"AbiWord\"><img loading=\"lazy\" decoding=\"async\" width=\"150\" height=\"150\" src=\"https:\/\/www.ub.edu\/informaticapersonalINT\/programarilliure\/wp-content\/uploads\/sites\/11\/2018\/06\/abiword-150x150.png\" class=\"lcp_thumbnail wp-post-image\" alt=\"AbiWord\" srcset=\"https:\/\/www.ub.edu\/informaticapersonalINT\/programarilliure\/wp-content\/uploads\/sites\/11\/2018\/06\/abiword-150x150.png 150w, https:\/\/www.ub.edu\/informaticapersonalINT\/programarilliure\/wp-content\/uploads\/sites\/11\/2018\/06\/abiword-300x300.png 300w, https:\/\/www.ub.edu\/informaticapersonalINT\/programarilliure\/wp-content\/uploads\/sites\/11\/2018\/06\/abiword-400x400.png 400w, https:\/\/www.ub.edu\/informaticapersonalINT\/programarilliure\/wp-content\/uploads\/sites\/11\/2018\/06\/abiword-250x250.png 250w, https:\/\/www.ub.edu\/informaticapersonalINT\/programarilliure\/wp-content\/uploads\/sites\/11\/2018\/06\/abiword.png 512w\" sizes=\"(max-width: 150px) 100vw, 150px\" \/><\/a><div class=\"lcp_excerpt\"><p style=\"margin-top: 5 px\">Aquest programa es caracteritza per la possibilitat d&#8217;importar\/exportar documents des del seu format nadiu a XML, RFT, Microsoft Word,<\/p>\n<\/div><\/li><li><a href=\"https:\/\/www.ub.edu\/informaticapersonalINT\/programarilliure\/2018\/06\/04\/adobeacrobat-reader\/\">AdobeAcrobat Reader<\/a><a href=\"https:\/\/www.ub.edu\/informaticapersonalINT\/programarilliure\/2018\/06\/04\/adobeacrobat-reader\/\" title=\"AdobeAcrobat Reader\"><img loading=\"lazy\" decoding=\"async\" width=\"150\" height=\"150\" src=\"https:\/\/www.ub.edu\/informaticapersonalINT\/programarilliure\/wp-content\/uploads\/sites\/11\/2018\/06\/adobeacrobatreader-150x150.png\" class=\"lcp_thumbnail wp-post-image\" alt=\"AdobeAcrobat Reader\" srcset=\"https:\/\/www.ub.edu\/informaticapersonalINT\/programarilliure\/wp-content\/uploads\/sites\/11\/2018\/06\/adobeacrobatreader-150x150.png 150w, https:\/\/www.ub.edu\/informaticapersonalINT\/programarilliure\/wp-content\/uploads\/sites\/11\/2018\/06\/adobeacrobatreader-300x300.png 300w, https:\/\/www.ub.edu\/informaticapersonalINT\/programarilliure\/wp-content\/uploads\/sites\/11\/2018\/06\/adobeacrobatreader-400x400.png 400w, https:\/\/www.ub.edu\/informaticapersonalINT\/programarilliure\/wp-content\/uploads\/sites\/11\/2018\/06\/adobeacrobatreader-250x250.png 250w, https:\/\/www.ub.edu\/informaticapersonalINT\/programarilliure\/wp-content\/uploads\/sites\/11\/2018\/06\/adobeacrobatreader.png 512w\" sizes=\"(max-width: 150px) 100vw, 150px\" \/><\/a><div class=\"lcp_excerpt\"><p style=\"margin-top: 5 px\">Permet visualitzar, crear i modificar arxius amb el format PDF.<\/p>\n<\/div><\/li><li><a href=\"https:\/\/www.ub.edu\/informaticapersonalINT\/programarilliure\/2018\/06\/27\/centos\/\">CentOS<\/a><a href=\"https:\/\/www.ub.edu\/informaticapersonalINT\/programarilliure\/2018\/06\/27\/centos\/\" title=\"CentOS\"><img loading=\"lazy\" decoding=\"async\" width=\"150\" height=\"150\" src=\"https:\/\/www.ub.edu\/informaticapersonalINT\/programarilliure\/wp-content\/uploads\/sites\/11\/2018\/06\/centOS-150x150.png\" class=\"lcp_thumbnail wp-post-image\" alt=\"CentOS\" srcset=\"https:\/\/www.ub.edu\/informaticapersonalINT\/programarilliure\/wp-content\/uploads\/sites\/11\/2018\/06\/centOS-150x150.png 150w, https:\/\/www.ub.edu\/informaticapersonalINT\/programarilliure\/wp-content\/uploads\/sites\/11\/2018\/06\/centOS-300x300.png 300w, https:\/\/www.ub.edu\/informaticapersonalINT\/programarilliure\/wp-content\/uploads\/sites\/11\/2018\/06\/centOS-400x400.png 400w, https:\/\/www.ub.edu\/informaticapersonalINT\/programarilliure\/wp-content\/uploads\/sites\/11\/2018\/06\/centOS-250x250.png 250w, https:\/\/www.ub.edu\/informaticapersonalINT\/programarilliure\/wp-content\/uploads\/sites\/11\/2018\/06\/centOS.png 512w\" sizes=\"(max-width: 150px) 100vw, 150px\" \/><\/a><div class=\"lcp_excerpt\"><p>Clon a nivell binari de la distribuci\u00f3 GNU Red Hat Enterprise Linux (RHEL), a partir del codi font alliberat.<\/p>\n<\/div><\/li><li><a href=\"https:\/\/www.ub.edu\/informaticapersonalINT\/programarilliure\/2018\/06\/27\/firebird\/\">Firebird<\/a><a href=\"https:\/\/www.ub.edu\/informaticapersonalINT\/programarilliure\/2018\/06\/27\/firebird\/\" title=\"Firebird\"><img loading=\"lazy\" decoding=\"async\" width=\"150\" height=\"150\" src=\"https:\/\/www.ub.edu\/informaticapersonalINT\/programarilliure\/wp-content\/uploads\/sites\/11\/2018\/06\/firebird-150x150.png\" class=\"lcp_thumbnail wp-post-image\" alt=\"Firebird\" srcset=\"https:\/\/www.ub.edu\/informaticapersonalINT\/programarilliure\/wp-content\/uploads\/sites\/11\/2018\/06\/firebird-150x150.png 150w, https:\/\/www.ub.edu\/informaticapersonalINT\/programarilliure\/wp-content\/uploads\/sites\/11\/2018\/06\/firebird-300x300.png 300w, https:\/\/www.ub.edu\/informaticapersonalINT\/programarilliure\/wp-content\/uploads\/sites\/11\/2018\/06\/firebird-400x400.png 400w, https:\/\/www.ub.edu\/informaticapersonalINT\/programarilliure\/wp-content\/uploads\/sites\/11\/2018\/06\/firebird-250x250.png 250w, https:\/\/www.ub.edu\/informaticapersonalINT\/programarilliure\/wp-content\/uploads\/sites\/11\/2018\/06\/firebird.png 512w\" sizes=\"(max-width: 150px) 100vw, 150px\" \/><\/a><div class=\"lcp_excerpt\"><p style=\"margin-top: 5px;\">Sistema d&#8217;administraci\u00f3 de base de dades racional. Ofereix una bona seguretat, diferents arquitectures i requisits d&#8217;administraci\u00f3 baixos.<\/p>\n<\/div><\/li><li><a href=\"https:\/\/www.ub.edu\/informaticapersonalINT\/programarilliure\/2018\/06\/27\/gentoo\/\">Gentoo<\/a><a href=\"https:\/\/www.ub.edu\/informaticapersonalINT\/programarilliure\/2018\/06\/27\/gentoo\/\" title=\"Gentoo\"><img loading=\"lazy\" decoding=\"async\" width=\"150\" height=\"150\" src=\"https:\/\/www.ub.edu\/informaticapersonalINT\/programarilliure\/wp-content\/uploads\/sites\/11\/2018\/06\/gentoo-150x150.png\" class=\"lcp_thumbnail wp-post-image\" alt=\"Gentoo\" srcset=\"https:\/\/www.ub.edu\/informaticapersonalINT\/programarilliure\/wp-content\/uploads\/sites\/11\/2018\/06\/gentoo-150x150.png 150w, https:\/\/www.ub.edu\/informaticapersonalINT\/programarilliure\/wp-content\/uploads\/sites\/11\/2018\/06\/gentoo-300x300.png 300w, https:\/\/www.ub.edu\/informaticapersonalINT\/programarilliure\/wp-content\/uploads\/sites\/11\/2018\/06\/gentoo-400x400.png 400w, https:\/\/www.ub.edu\/informaticapersonalINT\/programarilliure\/wp-content\/uploads\/sites\/11\/2018\/06\/gentoo-250x250.png 250w, https:\/\/www.ub.edu\/informaticapersonalINT\/programarilliure\/wp-content\/uploads\/sites\/11\/2018\/06\/gentoo.png 512w\" sizes=\"(max-width: 150px) 100vw, 150px\" \/><\/a><div class=\"lcp_excerpt\"><p style=\"margin-top: 5 px;\">Meta-distribuci\u00f3 de programari basada en un motor en el qual tot el programari es compila per tal d&#8217;obtenir la m\u00e0xima optimitzaci\u00f3.<\/p>\n<\/div><\/li><li><a href=\"https:\/\/www.ub.edu\/informaticapersonalINT\/programarilliure\/2018\/06\/19\/gnumeric\/\">Gnumeric<\/a><a href=\"https:\/\/www.ub.edu\/informaticapersonalINT\/programarilliure\/2018\/06\/19\/gnumeric\/\" title=\"Gnumeric\"><img loading=\"lazy\" decoding=\"async\" width=\"150\" height=\"150\" src=\"https:\/\/www.ub.edu\/informaticapersonalINT\/programarilliure\/wp-content\/uploads\/sites\/11\/2018\/06\/1200px-Gnumeric.svg_-150x150.png\" class=\"lcp_thumbnail wp-post-image\" alt=\"Gnumeric\" srcset=\"https:\/\/www.ub.edu\/informaticapersonalINT\/programarilliure\/wp-content\/uploads\/sites\/11\/2018\/06\/1200px-Gnumeric.svg_-150x150.png 150w, https:\/\/www.ub.edu\/informaticapersonalINT\/programarilliure\/wp-content\/uploads\/sites\/11\/2018\/06\/1200px-Gnumeric.svg_-300x300.png 300w, https:\/\/www.ub.edu\/informaticapersonalINT\/programarilliure\/wp-content\/uploads\/sites\/11\/2018\/06\/1200px-Gnumeric.svg_-768x768.png 768w, https:\/\/www.ub.edu\/informaticapersonalINT\/programarilliure\/wp-content\/uploads\/sites\/11\/2018\/06\/1200px-Gnumeric.svg_-1024x1024.png 1024w, https:\/\/www.ub.edu\/informaticapersonalINT\/programarilliure\/wp-content\/uploads\/sites\/11\/2018\/06\/1200px-Gnumeric.svg_-400x400.png 400w, https:\/\/www.ub.edu\/informaticapersonalINT\/programarilliure\/wp-content\/uploads\/sites\/11\/2018\/06\/1200px-Gnumeric.svg_-250x250.png 250w, https:\/\/www.ub.edu\/informaticapersonalINT\/programarilliure\/wp-content\/uploads\/sites\/11\/2018\/06\/1200px-Gnumeric.svg_.png 1200w\" sizes=\"(max-width: 150px) 100vw, 150px\" \/><\/a><div class=\"lcp_excerpt\"><p style=\"margin-top: 5 px;\">Full de c\u00e0lcul capa\u00e7 d&#8217;exportar i importar fitxers en diferents formats, cosa que el fa compatible amb altres programes. Forma part de l&#8217;entorn d&#8217;escriptori lliure GNOME.<\/p>\n<\/div><\/li><li><a href=\"https:\/\/www.ub.edu\/informaticapersonalINT\/programarilliure\/2018\/06\/04\/libreoffice\/\">LibreOffice<\/a><a href=\"https:\/\/www.ub.edu\/informaticapersonalINT\/programarilliure\/2018\/06\/04\/libreoffice\/\" title=\"LibreOffice\"><img loading=\"lazy\" decoding=\"async\" width=\"150\" height=\"150\" src=\"https:\/\/www.ub.edu\/informaticapersonalINT\/programarilliure\/wp-content\/uploads\/sites\/11\/2018\/06\/libreoffice-150x150.png\" class=\"lcp_thumbnail wp-post-image\" alt=\"LibreOffice\" srcset=\"https:\/\/www.ub.edu\/informaticapersonalINT\/programarilliure\/wp-content\/uploads\/sites\/11\/2018\/06\/libreoffice-150x150.png 150w, https:\/\/www.ub.edu\/informaticapersonalINT\/programarilliure\/wp-content\/uploads\/sites\/11\/2018\/06\/libreoffice-300x300.png 300w, https:\/\/www.ub.edu\/informaticapersonalINT\/programarilliure\/wp-content\/uploads\/sites\/11\/2018\/06\/libreoffice-400x400.png 400w, https:\/\/www.ub.edu\/informaticapersonalINT\/programarilliure\/wp-content\/uploads\/sites\/11\/2018\/06\/libreoffice-250x250.png 250w, https:\/\/www.ub.edu\/informaticapersonalINT\/programarilliure\/wp-content\/uploads\/sites\/11\/2018\/06\/libreoffice.png 512w\" sizes=\"(max-width: 150px) 100vw, 150px\" \/><\/a><div class=\"lcp_excerpt\"><p style=\"margin-top: 5 px\">LibreOffice \u00e9s la versi\u00f3 oberta i lliure de processador de textos compatible amb Microsoft Office.<\/p>\n<\/div><\/li><li><a href=\"https:\/\/www.ub.edu\/informaticapersonalINT\/programarilliure\/2018\/06\/04\/lyx\/\">LyX<\/a><a href=\"https:\/\/www.ub.edu\/informaticapersonalINT\/programarilliure\/2018\/06\/04\/lyx\/\" title=\"LyX\"><img loading=\"lazy\" decoding=\"async\" width=\"150\" height=\"150\" src=\"https:\/\/www.ub.edu\/informaticapersonalINT\/programarilliure\/wp-content\/uploads\/sites\/11\/2018\/06\/lyx-150x150.png\" class=\"lcp_thumbnail wp-post-image\" alt=\"LyX\" srcset=\"https:\/\/www.ub.edu\/informaticapersonalINT\/programarilliure\/wp-content\/uploads\/sites\/11\/2018\/06\/lyx-150x150.png 150w, https:\/\/www.ub.edu\/informaticapersonalINT\/programarilliure\/wp-content\/uploads\/sites\/11\/2018\/06\/lyx-300x300.png 300w, https:\/\/www.ub.edu\/informaticapersonalINT\/programarilliure\/wp-content\/uploads\/sites\/11\/2018\/06\/lyx-400x400.png 400w, https:\/\/www.ub.edu\/informaticapersonalINT\/programarilliure\/wp-content\/uploads\/sites\/11\/2018\/06\/lyx-250x250.png 250w, https:\/\/www.ub.edu\/informaticapersonalINT\/programarilliure\/wp-content\/uploads\/sites\/11\/2018\/06\/lyx.png 512w\" sizes=\"(max-width: 150px) 100vw, 150px\" \/><\/a><div class=\"lcp_excerpt\"><p style=\"margin-top: 5 px\">\u00c9s un programa gr\u00e0fic <span>multiplataforma<\/span>\u00a0 que permet l&#8217;edici\u00f3 de text usant <span>LaTeX<\/span>, per la qual cosa inclou\u00a0 totes les seves capacitats<\/p>\n<\/div><\/li><li><a href=\"https:\/\/www.ub.edu\/informaticapersonalINT\/programarilliure\/2018\/06\/04\/pdf-creator\/\">PDF Creator<\/a><a href=\"https:\/\/www.ub.edu\/informaticapersonalINT\/programarilliure\/2018\/06\/04\/pdf-creator\/\" title=\"PDF Creator\"><img loading=\"lazy\" decoding=\"async\" width=\"150\" height=\"150\" src=\"https:\/\/www.ub.edu\/informaticapersonalINT\/programarilliure\/wp-content\/uploads\/sites\/11\/2018\/06\/pdfcreator-150x150.png\" class=\"lcp_thumbnail wp-post-image\" alt=\"PDF Creator\" srcset=\"https:\/\/www.ub.edu\/informaticapersonalINT\/programarilliure\/wp-content\/uploads\/sites\/11\/2018\/06\/pdfcreator-150x150.png 150w, https:\/\/www.ub.edu\/informaticapersonalINT\/programarilliure\/wp-content\/uploads\/sites\/11\/2018\/06\/pdfcreator-300x300.png 300w, https:\/\/www.ub.edu\/informaticapersonalINT\/programarilliure\/wp-content\/uploads\/sites\/11\/2018\/06\/pdfcreator-400x400.png 400w, https:\/\/www.ub.edu\/informaticapersonalINT\/programarilliure\/wp-content\/uploads\/sites\/11\/2018\/06\/pdfcreator-250x250.png 250w, https:\/\/www.ub.edu\/informaticapersonalINT\/programarilliure\/wp-content\/uploads\/sites\/11\/2018\/06\/pdfcreator.png 512w\" sizes=\"(max-width: 150px) 100vw, 150px\" \/><\/a><div class=\"lcp_excerpt\"><p style=\"margin-top:5 px\">Aquest programa \u00e9s una aplicaci\u00f3 inform\u00e0tica que permet convertir documents a format PDF.<\/p>\n<\/div><\/li><li><a href=\"https:\/\/www.ub.edu\/informaticapersonalINT\/programarilliure\/2018\/06\/18\/scribus\/\">Scribus<\/a><a href=\"https:\/\/www.ub.edu\/informaticapersonalINT\/programarilliure\/2018\/06\/18\/scribus\/\" title=\"Scribus\"><img loading=\"lazy\" decoding=\"async\" width=\"150\" height=\"150\" src=\"https:\/\/www.ub.edu\/informaticapersonalINT\/programarilliure\/wp-content\/uploads\/sites\/11\/2018\/06\/scribus-150x150.png\" class=\"lcp_thumbnail wp-post-image\" alt=\"Scribus\" srcset=\"https:\/\/www.ub.edu\/informaticapersonalINT\/programarilliure\/wp-content\/uploads\/sites\/11\/2018\/06\/scribus-150x150.png 150w, https:\/\/www.ub.edu\/informaticapersonalINT\/programarilliure\/wp-content\/uploads\/sites\/11\/2018\/06\/scribus-300x300.png 300w, https:\/\/www.ub.edu\/informaticapersonalINT\/programarilliure\/wp-content\/uploads\/sites\/11\/2018\/06\/scribus-400x400.png 400w, https:\/\/www.ub.edu\/informaticapersonalINT\/programarilliure\/wp-content\/uploads\/sites\/11\/2018\/06\/scribus-250x250.png 250w, https:\/\/www.ub.edu\/informaticapersonalINT\/programarilliure\/wp-content\/uploads\/sites\/11\/2018\/06\/scribus.png 512w\" sizes=\"(max-width: 150px) 100vw, 150px\" \/><\/a><div class=\"lcp_excerpt\"><p style=\"margin-top: 5 px\"> \u00c9s un programa de maquetaci\u00f3 de p\u00e0gines. Ofereix un gran rendiment en la creaci\u00f3 de publicacions per ordinador i permet la funcionalitat amb diferents fonts i imatges.<\/p>\n<\/div><\/li><\/ul>\n<\/div><\/div>\n","protected":false},"excerpt":{"rendered":"","protected":false},"author":1,"featured_media":0,"parent":0,"menu_order":0,"comment_status":"closed","ping_status":"closed","template":"","meta":{"footnotes":""},"_links":{"self":[{"href":"https:\/\/www.ub.edu\/informaticapersonalINT\/programarilliure\/wp-json\/wp\/v2\/pages\/14"}],"collection":[{"href":"https:\/\/www.ub.edu\/informaticapersonalINT\/programarilliure\/wp-json\/wp\/v2\/pages"}],"about":[{"href":"https:\/\/www.ub.edu\/informaticapersonalINT\/programarilliure\/wp-json\/wp\/v2\/types\/page"}],"author":[{"embeddable":true,"href":"https:\/\/www.ub.edu\/informaticapersonalINT\/programarilliure\/wp-json\/wp\/v2\/users\/1"}],"replies":[{"embeddable":true,"href":"https:\/\/www.ub.edu\/informaticapersonalINT\/programarilliure\/wp-json\/wp\/v2\/comments?post=14"}],"version-history":[{"count":9,"href":"https:\/\/www.ub.edu\/informaticapersonalINT\/programarilliure\/wp-json\/wp\/v2\/pages\/14\/revisions"}],"predecessor-version":[{"id":896,"href":"https:\/\/www.ub.edu\/informaticapersonalINT\/programarilliure\/wp-json\/wp\/v2\/pages\/14\/revisions\/896"}],"wp:attachment":[{"href":"https:\/\/www.ub.edu\/informaticapersonalINT\/programarilliure\/wp-json\/wp\/v2\/media?parent=14"}],"curies":[{"name":"wp","href":"https:\/\/api.w.org\/{rel}","templated":true}]}}