{"id":153,"date":"2021-07-16T20:10:03","date_gmt":"2021-07-16T18:10:03","guid":{"rendered":"https:\/\/www.ub.edu\/ipoa\/?page_id=153"},"modified":"2021-07-17T16:51:41","modified_gmt":"2021-07-17T14:51:41","slug":"aula-orientalis-1-1983-vol-11","status":"publish","type":"page","link":"https:\/\/www.ub.edu\/ipoa\/aula-orientalis\/aula-orientalis-1-1983-vol-11\/","title":{"rendered":"Au Or 1983 1,1"},"content":{"rendered":"\n<figure class=\"wp-block-pullquote\"><blockquote class=\"has-text-color\" style=\"color:#0071a1\"><p><strong>Aula Orientalis 1 (1983) vol. 1<\/strong><\/p><\/blockquote><\/figure>\n\n\n\n<div class=\"wp-block-file\"><a href=\"https:\/\/www.ub.edu\/ipoa\/wp-content\/uploads\/2021\/07\/19831AuOr00Index.pdf\"><strong>\u00cdndice General Volumen I.<\/strong> <\/a><a href=\"https:\/\/www.ub.edu\/ipoa\/wp-content\/uploads\/2021\/07\/19831AuOr00Index.pdf\" class=\"wp-block-file__button\" download>Baixa<\/a><\/div>\n\n\n\n<div class=\"wp-block-file\"><a href=\"https:\/\/www.ub.edu\/ipoa\/wp-content\/uploads\/2021\/07\/19831AuOr01DelOlmo.pdf\"><strong>Del Olmo Lete, G.<\/strong> Sentido de un empe\u00f1o, pp.7-15.<\/a><a href=\"https:\/\/www.ub.edu\/ipoa\/wp-content\/uploads\/2021\/07\/19831AuOr01DelOlmo.pdf\" class=\"wp-block-file__button\" download>Baixa<\/a><\/div>\n\n\n\n<div class=\"wp-block-file\"><a href=\"https:\/\/www.ub.edu\/ipoa\/wp-content\/uploads\/2021\/07\/19831AuOrAdrados.pdf\"><strong>Adrados, F.R.<\/strong> Siria, cruce de caminos de la narrativa bizantina y la oriental, pp. 17-29.<\/a><a href=\"https:\/\/www.ub.edu\/ipoa\/wp-content\/uploads\/2021\/07\/19831AuOrAdrados.pdf\" class=\"wp-block-file__button\" download>Baixa<\/a><\/div>\n\n\n\n<div class=\"wp-block-file\"><a href=\"https:\/\/www.ub.edu\/ipoa\/wp-content\/uploads\/2021\/07\/19831AuOrAggoula.pdf\"><strong>Aggoula, B. <\/strong>Remarques sur les inscripcions Hatr\u00e9ennes, pp. 31-37.<\/a><a href=\"https:\/\/www.ub.edu\/ipoa\/wp-content\/uploads\/2021\/07\/19831AuOrAggoula.pdf\" class=\"wp-block-file__button\" download>Baixa<\/a><\/div>\n\n\n\n<div class=\"wp-block-file\"><a href=\"https:\/\/www.ub.edu\/ipoa\/wp-content\/uploads\/2021\/07\/19831AuOrBernabe.pdf\"><strong>Bernab\u00e9, A.<\/strong> Hethitica. pp. 39-43.<\/a><a href=\"https:\/\/www.ub.edu\/ipoa\/wp-content\/uploads\/2021\/07\/19831AuOrBernabe.pdf\" class=\"wp-block-file__button\" download>Baixa<\/a><\/div>\n\n\n\n<div class=\"wp-block-file\"><a href=\"https:\/\/www.ub.edu\/ipoa\/wp-content\/uploads\/2021\/07\/19831AuOrCivil.pdf\"><strong>Civil, M.<\/strong> The 10th Tablet of \u00faru \u00e0m-ma-ir-ra-bi, pp. 45-54.<\/a><a href=\"https:\/\/www.ub.edu\/ipoa\/wp-content\/uploads\/2021\/07\/19831AuOrCivil.pdf\" class=\"wp-block-file__button\" download>Baixa<\/a><\/div>\n\n\n\n<div class=\"wp-block-file\"><a href=\"https:\/\/www.ub.edu\/ipoa\/wp-content\/uploads\/2021\/07\/19831AuOrCorriente.pdf\"><strong>Corriente, F. <\/strong>Algunos sufijos derivativos romances en moz\u00e1rabe, hispano\u00e1rabe y en los arabismos hisp\u00e1nicos, pp. 55-60.<\/a><a href=\"https:\/\/www.ub.edu\/ipoa\/wp-content\/uploads\/2021\/07\/19831AuOrCorriente.pdf\" class=\"wp-block-file__button\" download>Baixa<\/a><\/div>\n\n\n\n<div class=\"wp-block-file\"><a href=\"https:\/\/www.ub.edu\/ipoa\/wp-content\/uploads\/2021\/07\/19831AuOrCunchillos.pdf\"><strong>Cunchillos, J.L.<\/strong> Une formule in\u00e9dite de salutation en ugaritique: b&#8217;l y\u0161&#8217;ul \u0161lmk &#8220;que Ba&#8217;al s&#8217;occupe de ton bien \u00eatre!&#8221;. RS.17.117. Ses parall\u00e8les akkadien, h\u00e9breu et aram\u00e9en, pp. 61-66.<\/a><a href=\"https:\/\/www.ub.edu\/ipoa\/wp-content\/uploads\/2021\/07\/19831AuOrCunchillos.pdf\" class=\"wp-block-file__button\" download>Baixa<\/a><\/div>\n\n\n\n<div class=\"wp-block-file\"><a href=\"https:\/\/www.ub.edu\/ipoa\/wp-content\/uploads\/2021\/07\/19831AuOrDelOlmo.pdf\"><strong>Del Olmo Lete, G.<\/strong> Atiratu&#8217;s Entreaty and the order of the Ugaritic tablets KTU 1.3\/4, pp. 67-71.<\/a><a href=\"https:\/\/www.ub.edu\/ipoa\/wp-content\/uploads\/2021\/07\/19831AuOrDelOlmo.pdf\" class=\"wp-block-file__button\" download>Baixa<\/a><\/div>\n\n\n\n<div class=\"wp-block-file\"><a href=\"https:\/\/www.ub.edu\/ipoa\/wp-content\/uploads\/2021\/07\/19831AuOrDiez.pdf\"><strong>D\u00edez Merino, D.<\/strong> El uso del d\/dy en el arameo de Qumr\u00e1n, pp. 73-92.<\/a><a href=\"https:\/\/www.ub.edu\/ipoa\/wp-content\/uploads\/2021\/07\/19831AuOrDiez.pdf\" class=\"wp-block-file__button\" download>Baixa<\/a><\/div>\n\n\n\n<div class=\"wp-block-file\"><a href=\"https:\/\/www.ub.edu\/ipoa\/wp-content\/uploads\/2021\/07\/19831AuOrLemosin.pdf\"><strong>Lemos\u00edn, R.<\/strong> Estudios filol\u00f3gico-der\u00e1sicos acerca de Ester y el Ir\u00e1n antiguo (I), pp. 93-96.<\/a><a href=\"https:\/\/www.ub.edu\/ipoa\/wp-content\/uploads\/2021\/07\/19831AuOrLemosin.pdf\" class=\"wp-block-file__button\" download>Baixa<\/a><\/div>\n\n\n\n<div class=\"wp-block-file\"><a href=\"https:\/\/www.ub.edu\/ipoa\/wp-content\/uploads\/2021\/07\/19831AuOrPerez.pdf\"><strong>P\u00e9rez Die, M.C.<\/strong> Un fragmento de vaso eg\u00edpcio aparecido en la provincia de Cuenca, pp. 97-103.<\/a><a href=\"https:\/\/www.ub.edu\/ipoa\/wp-content\/uploads\/2021\/07\/19831AuOrPerez.pdf\" class=\"wp-block-file__button\" download>Baixa<\/a><\/div>\n\n\n\n<div class=\"wp-block-file\"><a href=\"https:\/\/www.ub.edu\/ipoa\/wp-content\/uploads\/2021\/07\/19831AuOrTeixidor.pdf\"><strong>Teixidor, J.<\/strong> Les tablettes d&#8217;Arslan Tash au Mus\u00e9e d&#8217;Alep, pp.105-108.<\/a><a href=\"https:\/\/www.ub.edu\/ipoa\/wp-content\/uploads\/2021\/07\/19831AuOrTeixidor.pdf\" class=\"wp-block-file__button\" download>Baixa<\/a><\/div>\n\n\n\n<div class=\"wp-block-file\"><a href=\"https:\/\/www.ub.edu\/ipoa\/wp-content\/uploads\/2021\/07\/19831AuOrTwAmiet.pdf\"><strong>Amiet, P.<\/strong> Observations sur les &#8220;Tablettes magiques&#8221; d&#8217;Arsian Tash, pp.109-109.<\/a><a href=\"https:\/\/www.ub.edu\/ipoa\/wp-content\/uploads\/2021\/07\/19831AuOrTwAmiet.pdf\" class=\"wp-block-file__button\" download>Baixa<\/a><\/div>\n\n\n\n<div class=\"wp-block-file\"><a href=\"https:\/\/www.ub.edu\/ipoa\/wp-content\/uploads\/2021\/07\/19831AuOrXNotas.pdf\"><strong>Notas.<\/strong><\/a><a href=\"https:\/\/www.ub.edu\/ipoa\/wp-content\/uploads\/2021\/07\/19831AuOrXNotas.pdf\" class=\"wp-block-file__button\" download>Baixa<\/a><\/div>\n\n\n\n<div class=\"wp-block-file\"><a href=\"https:\/\/www.ub.edu\/ipoa\/wp-content\/uploads\/2021\/07\/19831AuOrXRecensiones.pdf\"><strong>Recensiones.<\/strong><\/a><a href=\"https:\/\/www.ub.edu\/ipoa\/wp-content\/uploads\/2021\/07\/19831AuOrXRecensiones.pdf\" class=\"wp-block-file__button\" download>Baixa<\/a><\/div>\n\n\n\n<p><\/p>\n","protected":false},"excerpt":{"rendered":"<p>Aula Orientalis 1 (1983) vol. 1<\/p>\n","protected":false},"author":1,"featured_media":0,"parent":115,"menu_order":0,"comment_status":"closed","ping_status":"closed","template":"page-templates\/fullwidth.php","meta":{"footnotes":""},"_links":{"self":[{"href":"https:\/\/www.ub.edu\/ipoa\/wp-json\/wp\/v2\/pages\/153"}],"collection":[{"href":"https:\/\/www.ub.edu\/ipoa\/wp-json\/wp\/v2\/pages"}],"about":[{"href":"https:\/\/www.ub.edu\/ipoa\/wp-json\/wp\/v2\/types\/page"}],"author":[{"embeddable":true,"href":"https:\/\/www.ub.edu\/ipoa\/wp-json\/wp\/v2\/users\/1"}],"replies":[{"embeddable":true,"href":"https:\/\/www.ub.edu\/ipoa\/wp-json\/wp\/v2\/comments?post=153"}],"version-history":[{"count":12,"href":"https:\/\/www.ub.edu\/ipoa\/wp-json\/wp\/v2\/pages\/153\/revisions"}],"predecessor-version":[{"id":226,"href":"https:\/\/www.ub.edu\/ipoa\/wp-json\/wp\/v2\/pages\/153\/revisions\/226"}],"up":[{"embeddable":true,"href":"https:\/\/www.ub.edu\/ipoa\/wp-json\/wp\/v2\/pages\/115"}],"wp:attachment":[{"href":"https:\/\/www.ub.edu\/ipoa\/wp-json\/wp\/v2\/media?parent=153"}],"curies":[{"name":"wp","href":"https:\/\/api.w.org\/{rel}","templated":true}]}}