{"id":252,"date":"2021-07-19T12:29:33","date_gmt":"2021-07-19T10:29:33","guid":{"rendered":"https:\/\/www.ub.edu\/ipoa\/?page_id=252"},"modified":"2021-07-30T09:22:04","modified_gmt":"2021-07-30T07:22:04","slug":"assiriologia","status":"publish","type":"page","link":"https:\/\/www.ub.edu\/ipoa\/recerca\/assiriologia\/","title":{"rendered":""},"content":{"rendered":"\n<div class=\"wp-block-cover has-background-dim\" style=\"min-height:200px\"><img loading=\"lazy\" decoding=\"async\" width=\"700\" height=\"694\" class=\"wp-block-cover__image-background wp-image-253\" alt=\"\" src=\"https:\/\/www.ub.edu\/ipoa\/wp-content\/uploads\/2021\/07\/Sumerian_account_of_silver.png\" data-object-fit=\"cover\" srcset=\"https:\/\/www.ub.edu\/ipoa\/wp-content\/uploads\/2021\/07\/Sumerian_account_of_silver.png 700w, https:\/\/www.ub.edu\/ipoa\/wp-content\/uploads\/2021\/07\/Sumerian_account_of_silver-300x297.png 300w, https:\/\/www.ub.edu\/ipoa\/wp-content\/uploads\/2021\/07\/Sumerian_account_of_silver-150x150.png 150w\" sizes=\"(max-width: 700px) 100vw, 700px\" \/><div class=\"wp-block-cover__inner-container is-layout-flow wp-block-cover-is-layout-flow\">\n<h1 class=\"has-text-align-center has-cyan-bluish-gray-color has-text-color wp-block-heading\"><em>Assiriologia<\/em><\/h1>\n\n\n\n<p class=\"has-drop-cap\"><\/p>\n<\/div><\/div>\n\n\n\n<div style=\"height:50px\" aria-hidden=\"true\" class=\"wp-block-spacer\"><\/div>\n\n\n\n<h4 class=\"wp-block-heading\">Investigador: <\/h4>\n\n\n\n<p>Llu\u00eds Feliu Mateu <\/p>\n\n\n\n<h4 class=\"wp-block-heading\">L\u00ednies de recerca:<\/h4>\n\n\n\n<p>Estudi de la societat, l\u2019economia i la cultura mesopot\u00e0mia del tercer i segon mil\u00b7lennis aC. Edici\u00f3 critica y estudi de tauletes cune\u00efformes sum\u00e8ries i acc\u00e0dies.<\/p>\n\n\n\n<h4 class=\"wp-block-heading\">Darreres publicacions:<\/h4>\n\n\n\n<p><em>Neo-Sumerian barley allotment rolls from the Umma region<\/em>. (Barcino. Monographica orientalia 18). Barcelona, 2021 (en premsa). Amb Ammar M. Al-Taee.<\/p>\n\n\n\n<p>\u201cA New Edition of Oriens Antiquus 11 269 nr. 9\u201d. Llu\u00eds Feliu \u2013 Adelina Millet \u2013 Jordi Vidal (eds.), <em>\u00abSentido de un empe\u00f1o\u00bb. Homenatge a Gregorio del Olmo Lete<\/em>. (Barcino. Monographica orientalia 16). Barcelona, 2021, pp. 173-182.<\/p>\n\n\n\n<p>\u201cCuneiform Texts from the Lizana Collection\u201d. <em>Rivista degli studi orientali<\/em> 92 Fasc. 1-2 (2019), pp. 37-45.<\/p>\n\n\n\n<p>\u201cRetratos y semblanzas: mujeres en la literatura sumeria\u201d. Josu\u00e9 Justel \u2013 Agn\u00e8s Garcia-Ventura (eds.), <em>Las mujeres en el Oriente cuneiforme.<\/em> Alcal\u00e1 de Henares, 2018, pp. 117-140.<\/p>\n\n\n\n<p>\u201cTexts and Workers\u201d. Llu\u00eds Feliu \u2013 Fumi Karahashi \u2013 Gonzalo Rubio (eds.), <em>The First Ninety Years. A Sumerian Celebration in Honor of Miguel Civil.<\/em> (Studies in Ancient Near Eastern Records 12). Boston\/Berlin, 2017, pp. 110-144. Amb Adelina Millet Alb\u00e0.<\/p>\n\n\n\n<p>\u201cCuneiform Texts from the Campalans Collection\u201d. <em>Aula Orientalis <\/em>35 (2017), pp. 85-95.<\/p>\n\n\n\n<p><\/p>\n","protected":false},"excerpt":{"rendered":"<p>Investigador: Llu\u00eds Feliu Mateu L\u00ednies de recerca: Estudi de la societat, l\u2019economia i la cultura mesopot\u00e0mia del tercer i segon mil\u00b7lennis aC. Edici\u00f3 critica y estudi de tauletes cune\u00efformes sum\u00e8ries i acc\u00e0dies. Darreres publicacions: Neo-Sumerian [&hellip;]<\/p>\n","protected":false},"author":1,"featured_media":253,"parent":56,"menu_order":0,"comment_status":"closed","ping_status":"closed","template":"page-templates\/fullwidth.php","meta":{"footnotes":""},"_links":{"self":[{"href":"https:\/\/www.ub.edu\/ipoa\/wp-json\/wp\/v2\/pages\/252"}],"collection":[{"href":"https:\/\/www.ub.edu\/ipoa\/wp-json\/wp\/v2\/pages"}],"about":[{"href":"https:\/\/www.ub.edu\/ipoa\/wp-json\/wp\/v2\/types\/page"}],"author":[{"embeddable":true,"href":"https:\/\/www.ub.edu\/ipoa\/wp-json\/wp\/v2\/users\/1"}],"replies":[{"embeddable":true,"href":"https:\/\/www.ub.edu\/ipoa\/wp-json\/wp\/v2\/comments?post=252"}],"version-history":[{"count":11,"href":"https:\/\/www.ub.edu\/ipoa\/wp-json\/wp\/v2\/pages\/252\/revisions"}],"predecessor-version":[{"id":579,"href":"https:\/\/www.ub.edu\/ipoa\/wp-json\/wp\/v2\/pages\/252\/revisions\/579"}],"up":[{"embeddable":true,"href":"https:\/\/www.ub.edu\/ipoa\/wp-json\/wp\/v2\/pages\/56"}],"wp:featuredmedia":[{"embeddable":true,"href":"https:\/\/www.ub.edu\/ipoa\/wp-json\/wp\/v2\/media\/253"}],"wp:attachment":[{"href":"https:\/\/www.ub.edu\/ipoa\/wp-json\/wp\/v2\/media?parent=252"}],"curies":[{"name":"wp","href":"https:\/\/api.w.org\/{rel}","templated":true}]}}