{"id":265,"date":"2021-07-19T12:52:01","date_gmt":"2021-07-19T10:52:01","guid":{"rendered":"https:\/\/www.ub.edu\/ipoa\/?page_id=265"},"modified":"2021-07-30T09:21:39","modified_gmt":"2021-07-30T07:21:39","slug":"linguistica-amaziga","status":"publish","type":"page","link":"https:\/\/www.ub.edu\/ipoa\/recerca\/linguistica-amaziga\/","title":{"rendered":""},"content":{"rendered":"\n<div class=\"wp-block-cover has-background-dim-20 has-background-dim\" style=\"min-height:200px\"><img loading=\"lazy\" decoding=\"async\" width=\"732\" height=\"408\" class=\"wp-block-cover__image-background wp-image-266\" alt=\"\" src=\"https:\/\/www.ub.edu\/ipoa\/wp-content\/uploads\/2021\/07\/Amazigh-2.png\" data-object-fit=\"cover\" srcset=\"https:\/\/www.ub.edu\/ipoa\/wp-content\/uploads\/2021\/07\/Amazigh-2.png 732w, https:\/\/www.ub.edu\/ipoa\/wp-content\/uploads\/2021\/07\/Amazigh-2-300x167.png 300w\" sizes=\"(max-width: 732px) 100vw, 732px\" \/><div class=\"wp-block-cover__inner-container is-layout-flow wp-block-cover-is-layout-flow\">\n<h1 class=\"has-text-align-center has-cyan-bluish-gray-color has-text-color wp-block-heading\"><em>Ling\u00fc\u00edstica amaziga<\/em><\/h1>\n\n\n\n<p class=\"has-drop-cap\"><\/p>\n<\/div><\/div>\n\n\n\n<div style=\"height:50px\" aria-hidden=\"true\" class=\"wp-block-spacer\"><\/div>\n\n\n\n<h4 class=\"wp-block-heading\">Equip: <\/h4>\n\n\n\n<p>Carles M\u00farcia S\u00e1nchez (Investigador principal), Institut Universitari del Pr\u00f2xim Orient Antic (IPOA). <\/p>\n\n\n\n<hr class=\"wp-block-separator aligncenter is-style-default\"\/>\n\n\n\n<div class=\"wp-block-columns is-layout-flex wp-container-core-columns-layout-1 wp-block-columns-is-layout-flex\">\n<div class=\"wp-block-column is-layout-flow wp-block-column-is-layout-flow\">\n<p>Samia Ait Ali Yahia, Universitat Mouloud Mammeri de Tizi-Ouzou.&nbsp;<\/p>\n\n\n\n<p>Lhoucine Ait Bahcine, Centre d\u2019\u00e9tudes anthropologiques et sociologiques de l\u2019Institut royal de la culture amazighe au Maroc a Rabat i Association marocaine de recherche et d\u2019\u00e9changes culturels. &nbsp;<\/p>\n\n\n\n<p>Vermondo Brugnatelli, Universitat de Milano-Bicocca. &nbsp;<\/p>\n\n\n\n<p>Mansour Ghaki, Institut national du Patrimoine de Tunisie i Universitat de N\u00e0pols \u00abl\u2019Orientale\u00bb. &nbsp;<\/p>\n\n\n\n<p>Maarten Kossmann, Leiden University Centre for Linguistics.&nbsp;<\/p>\n\n\n\n<p>Grigori Lazarev, antic professor de l\u2019Institut de Sociologie de Rabat i fundador de l\u2019Association de Recherche Al Idrissi.&nbsp;<\/p>\n<\/div>\n\n\n\n<div class=\"wp-block-column is-layout-flow wp-block-column-is-layout-flow\">\n<p>Ahmed M\u2019Charek, professor em\u00e8rit de la Universitat de Tunis. &nbsp;<\/p>\n\n\n\n<p>Kamal Na\u00eft-Zerrad, Centre de Recherche Berb\u00e8re de l\u2019INALCO i LACNAD a Paris.&nbsp;<\/p>\n\n\n\n<p>Marijn van Putten, investigador postdoctoral al Leiden University Centre for Linguistics.&nbsp;<\/p>\n\n\n\n<p>Lameen Souag, laboratori LACITO del CNRS de Fran\u00e7a.&nbsp;<\/p>\n\n\n\n<p>Stefano Struffolino, Universitat de Mil\u00e0.<\/p>\n\n\n\n<p>Vincent Zarini, Universit\u00e9 de Paris IV-Sorbonne i Institut d\u2019\u00e9tudes augustiniennes.&nbsp;<\/p>\n<\/div>\n<\/div>\n\n\n\n<h4 class=\"wp-block-heading\">L\u00ednies de recerca:<\/h4>\n\n\n\n<p>Estudi filol\u00f2gic i ling\u00fc\u00edstic de les fonts cl\u00e0ssiques llatines i gregues per al coneixement de la topon\u00edmia nord-africana i de la llengua amaziga a l\u2019antiguitat.<\/p>\n\n\n\n<h4 class=\"wp-block-heading\">Projecte de recerca: <\/h4>\n\n\n\n<p><em>Per Africae gentes, deserta atque loca<\/em>: Ancient Amazigh (Berber) Toponymy in Latin and Greek Sources (AGDAL).&nbsp;<\/p>\n\n\n\n<p>Entitat finan\u00e7adora del projecte: Ministeri de Ci\u00e8ncia i Innovaci\u00f3.<\/p>\n\n\n\n<h4 class=\"wp-block-heading\">Publicacions destacades:<\/h4>\n\n\n\n<ul><li>Article \u00ab <em>Tarua<\/em>:ein amazighisches Wort in der <em>Iohannis<\/em> des Corippus \u00bb, <em>Glotta. Zeitschrift f\u00fcr griechische und lateinische Sprache <\/em>82 (2006)<em>. <\/em>Vandenhoeck &amp; Ruprecht,G\u00f6ttingen 2008, pp. 177-191. ISSN: 0017-1298&nbsp;<\/li><li>Article \u00ab \u039d\u03b5\u1fd6\u03bb\u03bf\u03c2 : El nom grec del riu Nil pot ser d\u2019origen amazic? \u00bb, <em>Aula Orientalis. Revista de estudios del Pr\u00f3ximo Oriente Antiguo <\/em>25 (2007). Ausa, Sabadell 2008, pp. 269-292. ISSN: 0212-5730.&nbsp;<\/li><li>Llibre <em>La llengua amaziga a l\u2019antiguitat a partir de les fonts gregues i llatines. <\/em>Institut M\u00f3n Ju\u00efc \/ Promocions i Publicacions Universit\u00e0ries, Col\u00b7lecci\u00f3 Cum Laude n\u00fam. 4, Barcelona 2011, 2 volums, LX+669+636 pp. + annex de 17 mapes de cartografia ling\u00fc\u00edstica. ISBN: 978-84-477-1143-7 (obra completa), 978-84-477-1144-4 (volum 1), 978-84-477-1145-1 (volum 2).&nbsp;<\/li><li>Cap\u00edtol \u00ab Que sait-on de la langue des Maures? Distribution g\u00e9ographique et situation sociolinguistique des langues en Afrique Proconsulaire \u00bb, dins Coline Ruiz-Darasse and Eugenio Luj\u00e1n (eds.), <em>Contacts linguistiques dans l\u2019Occident m\u00e9diterran\u00e9en antique (proceedings of the colloque of Madrid, 23-24 April 2009). <\/em>Collection Casa de Vel\u00e1zquez, Madrid 2011, pp. 103-127. ISBN: 987-84-96820-61-6. ISSN: 1132-7340.&nbsp;<\/li><li>Article \u00ab <em>Gadaia:<\/em> ein weiteres amazighisches Wort in der <em>Iohannis<\/em> des Corippus \u00bb, <em>Glotta. Zeitschrift f\u00fcr griechische und lateinische Sprache <\/em>86 (2010), Vandenhoeck &amp; Ruprecht,G\u00f6ttingen 2011, pp. 30-39. ISSN 0017-1298.&nbsp;<\/li><li>Llibre (en coautoria amb Salem Zenia) <em>Diccionari catal\u00e0-amazic \/ amazic-catal\u00e0. Est\u00e0ndard del diasistema amazic septentrional.<\/em>Llibres de l\u2019\u00cdndex, Barcelona 2015, CCII+1179 pp. ISBN: 978-84-944911-0-8. La versi\u00f3 en l\u00ednia d\u2019aquest diccionari es public\u00e0 l\u2019any 2017 i est\u00e0 disponible al web <a rel=\"noreferrer noopener\" href=\"http:\/\/www.amazic.cat\/\" target=\"_blank\">www.amazic.cat<\/a>.&nbsp;<\/li><li>Article \u00ab Diachronie et am\u00e9nagement de l\u2019amazighe \u00bb, <em>Asinag. Revue scientifique de l&#8217;Institut royal de la culture amazighe<\/em>. <em>Dossier sur le multilinguisme en Afrique du Nord \u00e0 travers l\u2019histoire <\/em>11. Publications de l\u2019IRCAM, Rabat 2016, pp. 47-87. ISSN&nbsp;: 2028-5663.&nbsp;<\/li><li>Llibre <em>De l\u2019alzina a la palmera. <\/em>\u2d59\u2d33 \u2d5c\u2d30\u2d59\u2d30\u2d3c\u2d5c \u2d30\u2d54 \u2d5c\u2d30\u2d3c\u2d54\u2d53\u2d45\u2d5c.<em> Sg tasaft ar tafruxt. Recull de refranys dels Ayt \u0190\u1e6d\u1e6da del sud-est del Marroc amb elements de paremiologia&nbsp; amaziga comparada. <\/em>Llibres de l\u2019\u00cdndex, Barcelona 2018, 166 pp. ISBN: 978-84-948120-1-9.&nbsp;<\/li><li>Article (en coautoria amb Bartomeu Obrador i Joan Carles de Nicol\u00e1s) \u00ab L\u2019epigrafia antiga dels hipogeus de l\u2019illa de Menorca i la seva antropon\u00edmia \u00bb, <em>Pyrenae. Journal of Western Mediterranean Prehistory and Antiquity <\/em>51\/2, 2020, pp. 1-37. ISSN: 0079-8215.&nbsp;<\/li><li>Llibre <em>Gram\u00e0tica amaziga. Est\u00e0ndard del diasistema amazic septentrional. <\/em>Edicions de la Universitat de Barcelona, Barcelona 2021, 334 pp. ISBN: 978-84-9168-658-3.&nbsp;<\/li><\/ul>\n\n\n\n<p><\/p>\n","protected":false},"excerpt":{"rendered":"<p>Equip: Carles M\u00farcia S\u00e1nchez (Investigador principal), Institut Universitari del Pr\u00f2xim Orient Antic (IPOA). Samia Ait Ali Yahia, Universitat Mouloud Mammeri de Tizi-Ouzou.&nbsp; Lhoucine Ait Bahcine, Centre d\u2019\u00e9tudes anthropologiques et sociologiques de l\u2019Institut royal de la [&hellip;]<\/p>\n","protected":false},"author":1,"featured_media":253,"parent":56,"menu_order":0,"comment_status":"closed","ping_status":"closed","template":"page-templates\/fullwidth.php","meta":{"footnotes":""},"_links":{"self":[{"href":"https:\/\/www.ub.edu\/ipoa\/wp-json\/wp\/v2\/pages\/265"}],"collection":[{"href":"https:\/\/www.ub.edu\/ipoa\/wp-json\/wp\/v2\/pages"}],"about":[{"href":"https:\/\/www.ub.edu\/ipoa\/wp-json\/wp\/v2\/types\/page"}],"author":[{"embeddable":true,"href":"https:\/\/www.ub.edu\/ipoa\/wp-json\/wp\/v2\/users\/1"}],"replies":[{"embeddable":true,"href":"https:\/\/www.ub.edu\/ipoa\/wp-json\/wp\/v2\/comments?post=265"}],"version-history":[{"count":21,"href":"https:\/\/www.ub.edu\/ipoa\/wp-json\/wp\/v2\/pages\/265\/revisions"}],"predecessor-version":[{"id":580,"href":"https:\/\/www.ub.edu\/ipoa\/wp-json\/wp\/v2\/pages\/265\/revisions\/580"}],"up":[{"embeddable":true,"href":"https:\/\/www.ub.edu\/ipoa\/wp-json\/wp\/v2\/pages\/56"}],"wp:featuredmedia":[{"embeddable":true,"href":"https:\/\/www.ub.edu\/ipoa\/wp-json\/wp\/v2\/media\/253"}],"wp:attachment":[{"href":"https:\/\/www.ub.edu\/ipoa\/wp-json\/wp\/v2\/media?parent=265"}],"curies":[{"name":"wp","href":"https:\/\/api.w.org\/{rel}","templated":true}]}}