{"id":510,"date":"2021-07-20T20:07:46","date_gmt":"2021-07-20T18:07:46","guid":{"rendered":"https:\/\/www.ub.edu\/ipoa\/?page_id=510"},"modified":"2021-07-30T09:19:34","modified_gmt":"2021-07-30T07:19:34","slug":"semitistica","status":"publish","type":"page","link":"https:\/\/www.ub.edu\/ipoa\/recerca\/semitistica\/","title":{"rendered":""},"content":{"rendered":"\n<p> <\/p>\n\n\n\n<div class=\"wp-block-cover has-background-dim-20 has-background-dim\" style=\"min-height:375px\"><img loading=\"lazy\" decoding=\"async\" width=\"1024\" height=\"683\" class=\"wp-block-cover__image-background wp-image-546\" alt=\"\" src=\"https:\/\/www.ub.edu\/ipoa\/wp-content\/uploads\/2021\/07\/4Q-c-1024x683.jpg\" data-object-fit=\"cover\" srcset=\"https:\/\/www.ub.edu\/ipoa\/wp-content\/uploads\/2021\/07\/4Q-c-1024x683.jpg 1024w, https:\/\/www.ub.edu\/ipoa\/wp-content\/uploads\/2021\/07\/4Q-c-300x200.jpg 300w, https:\/\/www.ub.edu\/ipoa\/wp-content\/uploads\/2021\/07\/4Q-c-768x512.jpg 768w, https:\/\/www.ub.edu\/ipoa\/wp-content\/uploads\/2021\/07\/4Q-c.jpg 1536w\" sizes=\"(max-width: 1024px) 100vw, 1024px\" \/><div class=\"wp-block-cover__inner-container is-layout-flow wp-block-cover-is-layout-flow\">\n<p class=\"has-text-align-center has-large-font-size\"><em>Semit\u00edstica<\/em><\/p>\n<\/div><\/div>\n\n\n\n<div style=\"height:50px\" aria-hidden=\"true\" class=\"wp-block-spacer\"><\/div>\n\n\n\n<h4 class=\"wp-block-heading\">L\u00ednies de recerca:<\/h4>\n\n\n\n<p><strong>1. <em>Ling\u00fc\u00edstica hist\u00f2rica i comparada sem\u00edtica; sistema verbal sem\u00edtic; hist\u00f2ria de la llengua hebrea i aramea. Hebreu i Arameu antic, b\u00edblic, intertestamentari i rab\u00ednic<\/em><\/strong><\/p>\n\n\n\n<h5 class=\"wp-block-heading\">\u00b7 Investigador\/ equip investigador: <\/h5>\n\n\n\n<p>Eul\u00e0lia Vernet: investigador Principal (IP) del projecte de recerca competitiu \u201cEstudio etimol\u00f3gico de los verbos de tercera glotal *H en protosem\u00edtico\u201d, concedit pel Ministerio de Ciencia e Innovaci\u00f3n (Ref. FFI 2011-27287)<\/p>\n\n\n\n<h5 class=\"wp-block-heading\">\u00b7 Descripci\u00f3 de la l\u00ednia de recerca:<\/h5>\n\n\n\n<p>L\u2019objectiu d\u2019aquest projecte fou el d\u2019oferir un estudi comparatiu i etimol\u00f2gic dels verbs de trecera radical glotal *h del proto-sem\u00edtic i mostrar, de manera sistem\u00e0tica, l\u2019or\u00edgen etimol\u00f2gic del determinatiu radical sufixat a l\u2019arrel verbal proto-sem\u00edtica.<\/p>\n\n\n\n<p>Un estudi etimol\u00f2gic i, per tant, hist\u00f2ric i comparatiu, dels verbs de tercera radical glotal *h en proto-sem\u00edtic, aix\u00ed com la reconstrucci\u00f3 de la seva arrel verbal i de la seva vocal tem\u00e0tica proto-sem\u00edtica (un trect morfol\u00f2gic necessari per a poder entendre la sintaxi verbal) era un tema no estudiat encara. Des del punt de vista etimol\u00f2gic, aquesta recerca fou important per a distingir hist\u00f2ricament entre arrels de tercera radical y i w (verba tertiae infirmae) i les arrels de tercera radical glotal *h, les quals certament deriven d\u2019arrel verbals estatives en proto-sem\u00edtic (cf. per exemple els verbs estatius tertiae h seg\u00fcents: \u00e0rab kamiha \u2018to be cloudly\u2019, \u2018to be blind\u2019; hebreu b\u00edblic biblical Hebrew k\u00e5mah (\u05db\u05c7\u05de\u05b7\u05d4\u05bc) \u2018to be sick\u2019; arameu sir\u00edac kmah \u2018to be blind\u2019; cf. tamb\u00e9 hebreu b\u00edblic t\u00e5mah (\u05ea\u05b8\u05bc\u05de\u05b7\u05d4\u05bc) \u2018to be surprised\u2019; arameu tmh \u2018to be surprised\u2019; accadi tam\u00fb III \u2018to astonish\u2019). La particularitat d\u2019aquest projecte \u00e9s que pertany a un \u00e0mbit que encara no ha estat estudiat de manera sistem\u00e0tica, rigorosa i cient\u00edfica (des de la perspectiva de la ling\u00fc\u00edstica hist\u00f2rica).<\/p>\n\n\n\n<h5 class=\"wp-block-heading\">\u00b7 Publicacions destacades:<\/h5>\n\n\n\n<p>Vernet i Pons, Eul\u00e0lia (2010). \u201cDie Struktur der Wurzel im Semitischen. \u00dcberlegungen \u00fcber den Wiederaufbau der Wurzelvokals\u201d. En: Proceedings of 53e Rencontre Assyriologique Internationale (Moscou i St. Petersburg, 23-28 de juliol). Babel und Bibel 4\/5. Winona Lake: Eisenbrauns, p\u00e0g. 267-284.<\/p>\n\n\n\n<p>Vernet i Pons, Eul\u00e0lia (2011) Origen etimol\u00f2gic dels verbs l\u00e0med-he de l\u2019hebreu masor\u00e8tic. Un estudi sobre la formaci\u00f3 de les arrels verbals en sem\u00edtic. Barcelona: Institut d\u2019Estudis Catalans (Societat Catalana d\u2019Estudis Hebraics), 404 p\u00e0g. (ISBN: 978-84-9965-090-6) (veg. file:\/\/\/C:\/Users\/Lali\/Downloads\/Origen_etimologic_dels_verbs_lamed-he_de%20(1).pdf).<\/p>\n\n\n\n<p>Vernet i Pons, Eul\u00e0lia (2011) \u201cSemitic root incompatibilities and historical linguistics\u201d. Journal of Semitic Studies 56: 1-15.<\/p>\n\n\n\n<p>Vernet i Pons, Eul\u00e0lia i Mariona Vernet i Pons (2011) \u201cDie grosse Sphinx von Gizeh: vergleichende und sprachwissenschaftliche \u00dcberlegungen einer afroasiatischen Etymologie\u201d. Ugarit Forschungen 42: 698-713.<\/p>\n\n\n\n<p>Vernet i Pons, Eul\u00e0lia (2013). \u201cStativit\u00e4t und Perfektivit\u00e4t in den Ost- und Westsemitischen Sprachen\u201d. En: Proceedings of 56e Rencontre Assyriologique Internationale (Barcelona, 26-30 de juliol 2010) (Lluis Feliu, J. Llop, A. Millet Alb\u00e0 i Joaquin Sanmart\u00edn eds.). Universitat de Barcelona. Institut del Pr\u00f2xim Orient Antic. Winona Lake: Eisenbraus, p\u00e0g. 445-459.<\/p>\n\n\n\n<p>Vernet i Pons, Eul\u00e0lia (2013). \u201cNew considerations on the historical existence of a West Semitic \u2018yaqattal\u2019 form\u201d. En: Archaism and Innovation in the Semitic Languages. Selected Papers (W. Watson i J. P. Monferrer-Sala eds.) C\u00f3rdoba, p\u00e0g. 145-161.<\/p>\n\n\n\n<p>Vernet i Pons, Eul\u00e0lia (2016). \u201cEtymologischer Ursprung der reduplizierten und geminierten Wurzeln im Proto-Semitischen \u201d. En: Babel und Bibel 9. Proceedings of the 6th Biennial Meeting of the International Association for Comparative Semitics and Other Studies (L. Kogan, N. Koslova, S. Loesov and S. Tishchenko eds.). Winona Lake: Eisenbrauns, p\u00e0g. 189-206.<\/p>\n\n\n\n<p>Vernet i Pons, Eul\u00e0lia i Mariona Vernet i Pons (2018) \u201cWurzeldeterminative und -erweiterungen im Semitischen. Ein typologischer Vergleich mit den Ph\u00e4nomenen im Indogermanischen\u201d. Historische Sprachforschung 131: 234-264.<\/p>\n\n\n\n<p>\u00b7 Enlla\u00e7os: <a href=\"https:\/\/ub.academia.edu\/EulaliaVernetiPons\">https:\/\/ub.academia.edu\/EulaliaVernetiPons<\/a><\/p>\n\n\n\n<p><strong>2. <em>Traducci\u00f3 llatina del Talmud de Babil\u00f2nia (Par\u00eds, ca. 1240)<\/em><\/strong><\/p>\n\n\n\n<h5 class=\"wp-block-heading\">\u00b7 Investigador\/ equip investigador:<\/h5>\n\n\n\n<p>Eul\u00e0lia Vernet, investigador postdoc contractat a temps complet (2014 \u2012 2019) a la Universitat Aut\u00f2noma de Barcelona (Dep. de Ci\u00e8ncies de l\u2019Antiguitat i de l\u2019Edat Mitjana, \u00c0rea de Filologia Llatina) del Projecte europeu (European Research Council) \u201cThe Latin Talmud and its Influence on Christian-Jewish Polemic\u201d (FP7\/2007-2013) \/ ERC Grant agreement n\u00b0 613694). (Dir: Alexander Fidora, ICREA), finan\u00e7at pel Consell Europeu de Recerca en el marc del set\u00e8 programa marc de la Uni\u00f3 Europea (FP7\/2007-2013) \/ ERC Grant agreement n\u00b0 613694.<\/p>\n\n\n\n<h5 class=\"wp-block-heading\">\u00b7 Descripci\u00f3 de la l\u00ednia de recerca:<\/h5>\n\n\n\n<p>L\u2019objectiu principal d\u2019aquest projecte de recerca ha estat el d\u2019editar cr\u00edticament les Extractiones de Talmud, la traducci\u00f3 medieval llatina del Talmud de Babil\u00f2nia m\u00e9s important, aix\u00ed com l\u2019estudi d\u2019aquest document innovador en el context del judici i la crema del Talmud a Par\u00eds el 1240-42 i les conseq\u00fc\u00e8ncies que tingu\u00e9 (http:\/\/pagines.uab.cat\/lattal\/). Finalitzat el projecte de recerca, hem publicat l\u2019edici\u00f3 cr\u00edtica del Talmud Llat\u00ed a l\u2019editorial Brepols (Corpus Christianorum) en: Ulisse Cecini et \u00d3scar de la Cruz Palma ediderunt, adiuvantibus Eul\u00e0lia Vernet i Pons et Federico dal Bo. 2019. Extractiones de Talmud per ordinem sequentialem. Corpus Christianorum. Continuatio mediaevalis 291. Turnhout: Brepols.<\/p>\n\n\n\n<h5 class=\"wp-block-heading\">\u00b7 Publicacions destacades:<\/h5>\n\n\n\n<p>Vernet i Pons, Eul\u00e0lia, U. Cecini i \u00d3. de la Cruz. 2015. \u201cObservacions sobre la traducci\u00f3 llatina del Talmud (Par\u00eds, mitjan segle XIII)\u201d. Tamid 11: 73-97.<\/p>\n\n\n\n<p>Vernet i Pons, Eul\u00e0lia. 2015. \u201cOn the Latin Transcription of Hebrew and Aramaic Proper Names in the Latin Talmud (Tractate Sanhedrin). Phonetic Features of the Translation\u201d. Journal of Transcultural Medieval Studies 2\/2: 197-219.<\/p>\n\n\n\n<p>Vernet i Pons, Eul\u00e0lia. 2017. \u201cHebrew Hapax Legomena from the Bible in the Latin Talmud: Some comments regarding their textual transmission and their Latin translation\u201d. En: Studies on the Latin Talmud (ed. Ulisse Cecini and Eul\u00e0lia Vernet). Bellaterra: Servei de Publicacions de la Universitat Aut\u00f2noma de Barcelona, pp. 57-75.<\/p>\n\n\n\n<p>Vernet i Pons, Eul\u00e0lia i Ulisse Cecini (eds.). 2017. Studies on the Latin Talmud. Bellaterra: Servei de Publicacions de la Universitat Aut\u00f2noma de Barcelona.<\/p>\n\n\n\n<p>Vernet i Pons, Eul\u00e0lia i A. Fidora. 2017. \u201cTranslating Ramon Mart\u00ed\u2019s Pugio Fidei into Castilian\u201d. In: Ramon Mart\u00ed\u2019s Pugio Fidei. Studies and Texts (ed. per A. Fidora and G. K. Hasselhoff). Santa Coloma de Queralt: Obrador Edendum (pp. 241-259).<\/p>\n\n\n\n<p>Vernet i Pons, Eul\u00e0lia. 2018. \u201cIndex Magistrorum (Eul\u00e0lia Vernet recensuit)\u201d Extractiones de Talmud, per ordinem sequentialem. Corpus Christianorum Continuatio Mediaevalis 291 (ed. U. Cecini, \u00d3. de la Cruz, adiuvantibus: E. Vernet, F. dal Bo). Turnhout: Brepols, p. 559-575 (822 p\u00e0gs.).<\/p>\n\n\n\n<p>Vernet i Pons, Eul\u00e0lia. 2018. \u201cIndex verborum Hebraicorum (Eulalia Vernet recensuit)\u201d. Extractiones de Talmud, per ordinem sequentialem. Corpus Christianorum Continuatio Mediaevalis 291 (ed. U. Cecini, \u00d3. de la Cruz, adiuvantibus: E. Vernet, F. dal Bo). Turnhout: Brepols, p. 576-590 (822 p\u00e0gs.).<\/p>\n\n\n\n<p>Vernet i Pons, Eul\u00e0lia. 2019. \u201cLatin Berakhot (3a-4b): Some Observations on the Talmudic Translation\u201d. In: The Talmud in Dispute in the High Middle Ages (Alexander Fidora and George K. Hasselhoff eds.). Bellaterra: Publicacions de la UAB, p. 125-148.<\/p>\n\n\n\n<h5 class=\"wp-block-heading\">\u00b7 Tesis dirigides:<\/h5>\n\n\n\n<p>Isaac Lampurlan\u00e9s Farr\u00e9. 2019. Excerptum de Talmud: Critical Edition and Study (publicada a Brepols 2020). Directors de tesi: Eul\u00e0lia Vernet i Ulisse Cecini (UAB). Nota: Excel\u00b7lent cum laude, amb menci\u00f3 de Doctorat Internacional.<\/p>\n\n\n\n<p>Annabel Gonz\u00e1lez Flores. 2020. La transmissi\u00f3 dels manuscrits del Talmud de Babil\u00f2nia a Europa: Del text hebreu originari a la traducci\u00f3 llatina del Talmud (Par\u00eds, 1244-1245). UB i UAB. Directors de tesi: Eul\u00e0lia Vernet i Ulisse Cecini.<\/p>\n\n\n\n<p>\u00b7 Enlla\u00e7os: <a href=\"https:\/\/pagines.uab.cat\/lattal\/\">https:\/\/pagines.uab.cat\/lattal\/<\/a><\/p>\n\n\n\n<p><strong>3. <em>Hildegarda de Bingen (Ordo Virtutum): text, m\u00fasica, llengua llatina, versificaci\u00f3<\/em><\/strong><\/p>\n\n\n\n<h5 class=\"wp-block-heading\">\u00b7 Investigador\/ equip investigador: <\/h5>\n\n\n\n<p>Eul\u00e0lia Vernet i Mariona Vernet.<\/p>\n\n\n\n<h5 class=\"wp-block-heading\">\u00b7 Descripci\u00f3 de la l\u00ednia de recerca:<\/h5>\n\n\n\n<p>La recerca sobre el melodrama llat\u00ed Ordo Virtutum (veg. L\u2019Ordo Virtutum d\u2019Hildegarda de Bingen: Estudi de l\u2019obra, amb nova edici\u00f3 cr\u00edtica i traducci\u00f3 (2018). Barcelona: Publicacions de la Universitat de Barcelona, 228 p\u00e0g.) ofereix una nova edici\u00f3 cr\u00edtica llatina, un estudi i una traducci\u00f3 de l\u2019Ordo Virtutum (ca. 1151), el melodrama al\u00b7leg\u00f2ric m\u00e9s important de l\u2019edat mitjana, escrit i musicat amb neumes per l\u2019abadessa m\u00edstica benedictina Hildegarda de Bingen. Aquest drama musicat tan antic se\u2019ns ha conservat complet, amb la versificaci\u00f3 llatina \u00edntegra i musicat amb neumes germ\u00e0nics del s. XII; ens narra, amb vers lliure llat\u00ed, la hist\u00f2ria al\u00b7leg\u00f2rica d\u2019una \u00c0nima que es debat de si seguir el cam\u00ed de la Llum (Virtutes) o el cam\u00ed de la fosca, fressat pel Diabolus, l\u2019antagonista del drama que la vol fer esgarriar.<\/p>\n\n\n\n<p>En aquesta nova edici\u00f3 cr\u00edtica llatina, que incorpora noves lectures manuscrites importants que en les edicions anteriors no s\u2019havien tingut en compte, el lector interessat en el text, la llengua i la m\u00fasica, hi troba un estudi complet i innovador d\u2019aquest drama llat\u00ed tan original, una obra universal de for\u00e7a dram\u00e0tica i espiritual ins\u00f2lita.<\/p>\n\n\n\n<h5 class=\"wp-block-heading\">\u00b7 Publicacions destacades:<\/h5>\n\n\n\n<p>Vernet i Pons, Eul\u00e0lia. 2017. \u201cLa poesia en Hildegarda de Bingen: un estudi sobre les arrels b\u00edbliques de l\u2019Ordo Virtutum\u201d. Svmma. Revista de Cultures Medievals 10: 67-83.<\/p>\n\n\n\n<p>Vernet i Pons, Eul\u00e0lia i Mariona Vernet i Pons. 2018. L\u2019Ordo Virtutum d\u2019Hildegarda de Bingen: Estudi de l\u2019obra, amb nova edici\u00f3 cr\u00edtica i traducci\u00f3. Barcelona: Publicacions de la Universitat de Barcelona, 228 p\u00e0g. (ISBN: 978-84-9168-018-5).<\/p>\n\n\n\n<h5 class=\"wp-block-heading\">\u00b7 Tesis dirigides:<\/h5>\n\n\n\n<p>Tesi de llicenciatura feta per Javier de Prado Garc\u00eda (UAB). 2018. Postea viriditas descendit. La hist\u00f2ria de la Salvaci\u00f3 en el pr\u00f2leg i l\u2019ep\u00edleg de l\u2019Ordo Virtutum d\u2019Hildegarda de Bingen. Tesi de llicenciatura UAB. Direcci\u00f3: Eul\u00e0lia Vernet i Pons.<\/p>\n\n\n\n<p>Enlla\u00e7os: <a href=\"https:\/\/www.academia.edu\/36399100\/Ordo_Virtutum._Hildegarda_de_Bingen._Estudi_edici%C3%B3_cr%C3%ADtica_i_traducci%C3%B3_dEul%C3%A0lia_Vernet_i_Mariona_Vernet\">https:\/\/www.academia.edu\/36399100\/Ordo_Virtutum._Hildegarda_de_Bingen._Estudi_edici%C3%B3_cr%C3%ADtica_i_traducci%C3%B3_dEul%C3%A0lia_Vernet_i_Mariona_Vernet<\/a><\/p>\n\n\n\n<p><strong>4. <em>Carolingian Culture in Septimania and Catalonia. Study and Critical Edition of the Homiliary of Luculentius (2020-2024). Edici\u00f3 cr\u00edtica de l\u2019homiliari carolingi de Luculentius (marca hisp\u00e0nica catalana, ca. 900)<\/em><\/strong><\/p>\n\n\n\n<h5 class=\"wp-block-heading\">\u00b7 Investigador\/ equip investigador:<\/h5>\n\n\n\n<p>Prof. ICREA Matthias M. Tischler (director i IP) i Eul\u00e0lia Vernet i Pons (IP). Projecte subvencionat per la \u00d6stereichische Akademie der Wissenschaften (http:\/\/pagines.uab.cat\/luculentius\/) de Viena i en col\u00b7laboraci\u00f3 amb al UAB i la Facultat de teologia de Catalunya.<\/p>\n\n\n\n<h5 class=\"wp-block-heading\">\u00b7 Descripci\u00f3 de la l\u00ednia de recerca:<\/h5>\n\n\n\n<p>Al segle XXI, la possibilitat de descobrir, estudiar i editar un text llat\u00ed quasi desconegut i ignorat de l\u2019alta edat mitjana \u00e9s un fet francament rar. L\u2019Homiliari de Luculentius ens ofereix aquesta excepcional oportunitat. Tots els indicis afavoreixen, ara per ara, la nostra hip\u00f2tesi de treball, segons la qual aquesta font rellevant, coneguda \u00fanicament a partir de fragments concrets escollits, \u00e9s una raresa en el sentit propi del terme: ha de ser considerada clarament el primer monument de la literatura llatina de l\u2019anomenada Marca Hisp\u00e0nica, la regi\u00f3 nord-oriental de la pen\u00ednsula Ib\u00e8rica dominada pels carolingis i la seva cultura. El nostre projecte de recerca t\u00e9 com a objectiu dur a terme l\u2019edici\u00f3 cr\u00edtica completa d\u2019aquest corpus homil\u00e8tic, la identificaci\u00f3 de les seves fonts, b\u00edbliques i patr\u00edstiques, i la contextualitzaci\u00f3 religiosa, social i pol\u00edtica de l\u2019autor, d\u2019\u00e0mbit possiblement mon\u00e0stic, i de la seva xarxa. L\u2019exploraci\u00f3 d\u2019aquest homiliari canviar\u00e0 fonamentalment la visi\u00f3 que tenim de la cultura religiosa carol\u00edngia als comtats catalans, una regi\u00f3 perif\u00e8rica de l\u2019Imperi de Carlemany, no prou valorada encara.<\/p>\n\n\n\n<h5 class=\"wp-block-heading\">\u00b7 Publicacions destacades:<\/h5>\n\n\n\n<p>Tischler, Matthias M. i Eul\u00e0lia Vernet i Pons. 2020. \u201cL\u2019Homiliari de Luculentius (marca hisp\u00e0nica catalana, ca. 900): un tresor amagat de la cultura textual carol\u00edngia\u201d. Miscel\u00b7l\u00e0nia lit\u00fargica catalana 28: 67-94.<\/p>\n\n\n\n<p>Tischler, Matthias M. i Eul\u00e0lia Vernet i Pons. 2020. \u201cAn Untapped Treasure of Carolingian Text Culture: The Homiliary of Luculentius from the Spanish March (ca. 900)\u201d. Revue d\u2019histoire eccl\u00e8siastique 115: 715-728.<\/p>\n\n\n\n<p>Tischler, Matthias M. 2022. \u201cFrom Fragments to Codices: The Reconstruction of New Copies of the Carolingian \u2018Homiliary of Luculentius\u2019 as a case study of Twenty-First Century Fragmentology in Catalonia\u201d. Journal of Medieval Iberian Studies 17 (enviat per a la publicaci\u00f3).<\/p>\n\n\n\n<p>\u00b7 Enlla\u00e7os: <a href=\"https:\/\/pagines.uab.cat\/luculentius\/\">https:\/\/pagines.uab.cat\/luculentius\/<\/a><\/p>\n\n\n\n<p><\/p>\n","protected":false},"excerpt":{"rendered":"<p>L\u00ednies de recerca: 1. Ling\u00fc\u00edstica hist\u00f2rica i comparada sem\u00edtica; sistema verbal sem\u00edtic; hist\u00f2ria de la llengua hebrea i aramea. Hebreu i Arameu antic, b\u00edblic, intertestamentari i rab\u00ednic \u00b7 Investigador\/ equip investigador: Eul\u00e0lia Vernet: investigador Principal [&hellip;]<\/p>\n","protected":false},"author":1,"featured_media":0,"parent":56,"menu_order":0,"comment_status":"closed","ping_status":"closed","template":"page-templates\/fullwidth.php","meta":{"footnotes":""},"_links":{"self":[{"href":"https:\/\/www.ub.edu\/ipoa\/wp-json\/wp\/v2\/pages\/510"}],"collection":[{"href":"https:\/\/www.ub.edu\/ipoa\/wp-json\/wp\/v2\/pages"}],"about":[{"href":"https:\/\/www.ub.edu\/ipoa\/wp-json\/wp\/v2\/types\/page"}],"author":[{"embeddable":true,"href":"https:\/\/www.ub.edu\/ipoa\/wp-json\/wp\/v2\/users\/1"}],"replies":[{"embeddable":true,"href":"https:\/\/www.ub.edu\/ipoa\/wp-json\/wp\/v2\/comments?post=510"}],"version-history":[{"count":7,"href":"https:\/\/www.ub.edu\/ipoa\/wp-json\/wp\/v2\/pages\/510\/revisions"}],"predecessor-version":[{"id":959,"href":"https:\/\/www.ub.edu\/ipoa\/wp-json\/wp\/v2\/pages\/510\/revisions\/959"}],"up":[{"embeddable":true,"href":"https:\/\/www.ub.edu\/ipoa\/wp-json\/wp\/v2\/pages\/56"}],"wp:attachment":[{"href":"https:\/\/www.ub.edu\/ipoa\/wp-json\/wp\/v2\/media?parent=510"}],"curies":[{"name":"wp","href":"https:\/\/api.w.org\/{rel}","templated":true}]}}