{"id":554,"date":"2021-07-21T12:36:53","date_gmt":"2021-07-21T10:36:53","guid":{"rendered":"https:\/\/www.ub.edu\/ipoa\/?page_id=554"},"modified":"2021-07-21T15:54:21","modified_gmt":"2021-07-21T13:54:21","slug":"onomastica","status":"publish","type":"page","link":"https:\/\/www.ub.edu\/ipoa\/recerca\/onomastica\/","title":{"rendered":""},"content":{"rendered":"\n<div class=\"wp-block-cover has-background-dim-40 has-background-dim\" style=\"min-height:200px\"><img loading=\"lazy\" decoding=\"async\" width=\"1280\" height=\"853\" class=\"wp-block-cover__image-background wp-image-558\" alt=\"\" src=\"https:\/\/www.ub.edu\/ipoa\/wp-content\/uploads\/2021\/07\/Zimri-Lim.jpg\" style=\"object-position:10% 85%\" data-object-fit=\"cover\" data-object-position=\"10% 85%\" srcset=\"https:\/\/www.ub.edu\/ipoa\/wp-content\/uploads\/2021\/07\/Zimri-Lim.jpg 1280w, https:\/\/www.ub.edu\/ipoa\/wp-content\/uploads\/2021\/07\/Zimri-Lim-300x200.jpg 300w, https:\/\/www.ub.edu\/ipoa\/wp-content\/uploads\/2021\/07\/Zimri-Lim-1024x682.jpg 1024w, https:\/\/www.ub.edu\/ipoa\/wp-content\/uploads\/2021\/07\/Zimri-Lim-768x512.jpg 768w\" sizes=\"(max-width: 1280px) 100vw, 1280px\" \/><div class=\"wp-block-cover__inner-container is-layout-flow wp-block-cover-is-layout-flow\">\n<h1 class=\"has-text-align-center has-cyan-bluish-gray-color has-text-color wp-block-heading\"><em>Onom\u00e0stica amorrea<\/em><\/h1>\n\n\n\n<p class=\"has-drop-cap\"><\/p>\n<\/div><\/div>\n\n\n\n<div style=\"height:50px\" aria-hidden=\"true\" class=\"wp-block-spacer\"><\/div>\n\n\n\n<h4 class=\"wp-block-heading\">Investigador: <\/h4>\n\n\n\n<p>Adelina Millet Alb\u00e0<\/p>\n\n\n\n<h4 class=\"wp-block-heading\">L\u00ednies de recerca:<\/h4>\n\n\n\n<p>Assiriologia, onom\u00e0stica pr\u00f2xim oriental antiga, topon\u00edmia pr\u00f2xim oriental antiga, literatura b\u00edblica, literatura comparada.<\/p>\n\n\n\n<h4 class=\"wp-block-heading\">Descripci\u00f3 de la l\u00ednia principal de recerca:<\/h4>\n\n\n\n<p>Edici\u00f3 critica y estudi de l&#8217;onom\u00e0stica amorrea del periode paleo-babil\u00f2nic (especialment dels arxius de Mari i Chagar Bazar).<\/p>\n\n\n\n<h4 class=\"wp-block-heading\">Publicacions destacades:<\/h4>\n\n\n\n<p>Millet Alb\u00e0, Adelina, \u201cHereus i primog\u00e8nits al Pr\u00f2xim Orient Antic i a la B\u00edblia, i algunes matances discriminades\u201d. In Llu\u00eds Feliu, Adelina Millet &amp; Jordi Vidal. eds, <em>\u00abSentido de un empe\u00f1o\u00bb Homenatge a Gregorio del Olmo Lete. <\/em>Barcino. Monographica Orientalia 16, Universitat de Barcelona Edicions, 2021, pp. 345-368.<\/p>\n\n\n\n<p>Millet Alb\u00e0, Adelina. (\/1). 2018. Mujeres y diosas en la literatura en lengua acadia Justel, Josu\u00e9 J.; Garcia-Ventura, Agn\u00e8s (eds.), Las mujeres en el Oriente cuneiforme, Textos Universitarios Humanidades, Universidad de Alcal\u00e1, Madrid. Universidad de Alcal\u00e1 Servicio de Publicaciones. pp.159-195. ISBN 978-84-16978-60-1.<\/p>\n\n\n\n<p>Adelina Millet Alb\u00e0. (\/1). 2018. Women in the Hebrew Bible: Real or Literary Characters? The Case of Some Matriarchs in Genesis Gender and Methodology in the Ancient Near East. Approaches from Assyriology and beyond,&nbsp;in: Barcino.&nbsp;Monographica Orientalia. Edicions de la Universitat de Barcelona. 10, pp.357-367. ISBN&nbsp;978-84-9168-073-4.<\/p>\n\n\n\n<p>S.L. Budin; M. Cifarelli; A.Garcia-Ventura; A. Millet Alb\u00e0. (eds.) 2018. Gender and&nbsp;Methodology in the Ancient Near East. Approaches from Assyriology and beyond Barcino.&nbsp;Monographica Orientalia. Edicions de la Universitat de Barcelona. 10, pp.3-395. ISBN&nbsp;978-84-9168-073-4.<\/p>\n\n\n\n<p>Llu\u00eds Feliu; Adelina Millet Alb\u00e0. (\/2). 2017. Texts and Workers Feliu; Karahashi; Rubio (eds.), The First 90 Years: A Sumerian Celebrations. (Studies in Ancient<br>Near Eastern Records). Walter de Gruyter.<\/p>\n\n\n\n<p>Feliu, L.; Millet Alb\u00e0, A. (2014) Enuma eli\u0161 y otros relatos babil\u00f3nicos de la Creaci\u00f3n. Madrid: Trotta<\/p>\n\n\n\n<p><\/p>\n\n\n\n<blockquote class=\"wp-block-quote is-style-default\"><p><strong>Adelina Millet<\/strong> \u00e9s directora de la col\u00b7lecci\u00f3: Barcino. Monographica Orientalia, publicada per: Publicacions i Edicions de la Universitat de Barcelona i secretaria de redacci\u00f3 de la revista Aula Orientalis, publicada per Editorial Ausa.<\/p><\/blockquote>\n","protected":false},"excerpt":{"rendered":"<p>Investigador: Adelina Millet Alb\u00e0 L\u00ednies de recerca: Assiriologia, onom\u00e0stica pr\u00f2xim oriental antiga, topon\u00edmia pr\u00f2xim oriental antiga, literatura b\u00edblica, literatura comparada. Descripci\u00f3 de la l\u00ednia principal de recerca: Edici\u00f3 critica y estudi de l&#8217;onom\u00e0stica amorrea del [&hellip;]<\/p>\n","protected":false},"author":1,"featured_media":253,"parent":56,"menu_order":0,"comment_status":"closed","ping_status":"closed","template":"page-templates\/fullwidth.php","meta":{"footnotes":""},"_links":{"self":[{"href":"https:\/\/www.ub.edu\/ipoa\/wp-json\/wp\/v2\/pages\/554"}],"collection":[{"href":"https:\/\/www.ub.edu\/ipoa\/wp-json\/wp\/v2\/pages"}],"about":[{"href":"https:\/\/www.ub.edu\/ipoa\/wp-json\/wp\/v2\/types\/page"}],"author":[{"embeddable":true,"href":"https:\/\/www.ub.edu\/ipoa\/wp-json\/wp\/v2\/users\/1"}],"replies":[{"embeddable":true,"href":"https:\/\/www.ub.edu\/ipoa\/wp-json\/wp\/v2\/comments?post=554"}],"version-history":[{"count":3,"href":"https:\/\/www.ub.edu\/ipoa\/wp-json\/wp\/v2\/pages\/554\/revisions"}],"predecessor-version":[{"id":583,"href":"https:\/\/www.ub.edu\/ipoa\/wp-json\/wp\/v2\/pages\/554\/revisions\/583"}],"up":[{"embeddable":true,"href":"https:\/\/www.ub.edu\/ipoa\/wp-json\/wp\/v2\/pages\/56"}],"wp:featuredmedia":[{"embeddable":true,"href":"https:\/\/www.ub.edu\/ipoa\/wp-json\/wp\/v2\/media\/253"}],"wp:attachment":[{"href":"https:\/\/www.ub.edu\/ipoa\/wp-json\/wp\/v2\/media?parent=554"}],"curies":[{"name":"wp","href":"https:\/\/api.w.org\/{rel}","templated":true}]}}