{"id":934,"date":"2021-07-28T21:35:26","date_gmt":"2021-07-28T19:35:26","guid":{"rendered":"https:\/\/www.ub.edu\/ipoa\/?page_id=934"},"modified":"2021-07-28T21:35:39","modified_gmt":"2021-07-28T19:35:39","slug":"teaching","status":"publish","type":"page","link":"https:\/\/www.ub.edu\/ipoa\/en\/teaching\/","title":{"rendered":"Teaching"},"content":{"rendered":"\n<div class=\"wp-block-media-text alignwide has-media-on-the-right is-stacked-on-mobile\"><figure class=\"wp-block-media-text__media\"><img loading=\"lazy\" decoding=\"async\" width=\"1024\" height=\"768\" src=\"https:\/\/www.ub.edu\/ipoa\/wp-content\/uploads\/2021\/07\/Docencia-1024x768.jpg\" alt=\"\" class=\"wp-image-87 size-full\" srcset=\"https:\/\/www.ub.edu\/ipoa\/wp-content\/uploads\/2021\/07\/Docencia-1024x768.jpg 1024w, https:\/\/www.ub.edu\/ipoa\/wp-content\/uploads\/2021\/07\/Docencia-300x225.jpg 300w, https:\/\/www.ub.edu\/ipoa\/wp-content\/uploads\/2021\/07\/Docencia-768x576.jpg 768w, https:\/\/www.ub.edu\/ipoa\/wp-content\/uploads\/2021\/07\/Docencia-1536x1152.jpg 1536w, https:\/\/www.ub.edu\/ipoa\/wp-content\/uploads\/2021\/07\/Docencia.jpg 2040w\" sizes=\"(max-width: 1024px) 100vw, 1024px\" \/><\/figure><div class=\"wp-block-media-text__content\">\n<p class=\"has-normal-font-size\">L&#8217;IPOA imparteix doc\u00e8ncia en l&#8217;especialitat &#8220;B\u00edblia i Pr\u00f2xim Orient Antic&#8221; del <a rel=\"noreferrer noopener\" href=\"https:\/\/www.ub.edu\/portal\/web\/filologia-comunicacio\/masters-universitaris\/-\/ensenyament\/detallEnsenyament\/6274170\/0\" target=\"_blank\">M\u00e0ster de Cultures i Lleng\u00fces de l&#8217;Antiguitat<\/a> de la Universitat de Barcelona.<\/p>\n\n\n\n<p>Juntament amb el Departament de Filologia Grega de la Universitat de Barcelona, l&#8217;IPOA codirigeix els <a rel=\"noreferrer noopener\" href=\"https:\/\/seminarisa4bandes.blogspot.com\/\" target=\"_blank\">Seminaris a Quatre Bandes<\/a>, una idea original del catedr\u00e0tic em\u00e8rit Jaume P\u00f3rtulas i del Dr. Joaqu\u00edn Sanmart\u00edn, catedr\u00e0tic em\u00e8rit i antic director de l&#8217;Institut Universitari del Pr\u00f2xim Orient Antic. <\/p>\n\n\n\n<p>Anualment, l&#8217;IPOA organitza Cursos d&#8217;Extensi\u00f3 Universit\u00e0ria. L&#8217;oferta anual es pot consultar al web de la Universitat de Barcelona: <a rel=\"noreferrer noopener\" href=\"https:\/\/www.ub.edu\/dyn\/cms\/continguts_ca\/estudis\/oferta_formativa\/extensions\/index.html\" target=\"_blank\">https:\/\/www.ub.edu\/dyn\/cms\/continguts_ca\/estudis\/oferta_formativa\/extensions\/index.html <\/a><\/p>\n<\/div><\/div>\n\n\n\n<p><\/p>\n","protected":false},"excerpt":{"rendered":"<p>L&#8217;IPOA imparteix doc\u00e8ncia en l&#8217;especialitat &#8220;B\u00edblia i Pr\u00f2xim Orient Antic&#8221; del M\u00e0ster de Cultures i Lleng\u00fces de l&#8217;Antiguitat de la Universitat de Barcelona. Juntament amb el Departament de Filologia Grega de la Universitat de Barcelona, [&hellip;]<\/p>\n","protected":false},"author":1,"featured_media":87,"parent":0,"menu_order":0,"comment_status":"closed","ping_status":"closed","template":"page-templates\/fullwidth.php","meta":{"footnotes":""},"_links":{"self":[{"href":"https:\/\/www.ub.edu\/ipoa\/wp-json\/wp\/v2\/pages\/934"}],"collection":[{"href":"https:\/\/www.ub.edu\/ipoa\/wp-json\/wp\/v2\/pages"}],"about":[{"href":"https:\/\/www.ub.edu\/ipoa\/wp-json\/wp\/v2\/types\/page"}],"author":[{"embeddable":true,"href":"https:\/\/www.ub.edu\/ipoa\/wp-json\/wp\/v2\/users\/1"}],"replies":[{"embeddable":true,"href":"https:\/\/www.ub.edu\/ipoa\/wp-json\/wp\/v2\/comments?post=934"}],"version-history":[{"count":2,"href":"https:\/\/www.ub.edu\/ipoa\/wp-json\/wp\/v2\/pages\/934\/revisions"}],"predecessor-version":[{"id":936,"href":"https:\/\/www.ub.edu\/ipoa\/wp-json\/wp\/v2\/pages\/934\/revisions\/936"}],"wp:featuredmedia":[{"embeddable":true,"href":"https:\/\/www.ub.edu\/ipoa\/wp-json\/wp\/v2\/media\/87"}],"wp:attachment":[{"href":"https:\/\/www.ub.edu\/ipoa\/wp-json\/wp\/v2\/media?parent=934"}],"curies":[{"name":"wp","href":"https:\/\/api.w.org\/{rel}","templated":true}]}}