{"id":100,"date":"2024-03-19T19:01:45","date_gmt":"2024-03-19T18:01:45","guid":{"rendered":"https:\/\/www.ub.edu\/labinquiry\/?page_id=100"},"modified":"2025-11-17T20:59:16","modified_gmt":"2025-11-17T19:59:16","slug":"qui-som","status":"publish","type":"page","link":"https:\/\/www.ub.edu\/labinquiry\/qui-som\/","title":{"rendered":"Qui som?"},"content":{"rendered":"<p>Som un grup de professors i professores que treballem a la universitat o a l&#8217;educaci\u00f3 secund\u00e0ria.<\/p>\n<p>Alguns tamb\u00e9 fem recerca en did\u00e0ctica. Altres nom\u00e9s participem en el disseny, implementaci\u00f3 i an\u00e0lisi dels REI.<\/p>\n","protected":false},"excerpt":{"rendered":"<p>Som un grup de professors i professores que treballem a la universitat o a l&#8217;educaci\u00f3 secund\u00e0ria. Alguns tamb\u00e9 fem recerca en did\u00e0ctica. Altres nom\u00e9s participem en el disseny, implementaci\u00f3 i an\u00e0lisi dels REI.<\/p>\n","protected":false},"author":1,"featured_media":172,"parent":0,"menu_order":0,"comment_status":"closed","ping_status":"closed","template":"page-qui-som.php","meta":{"_acf_changed":false,"footnotes":""},"class_list":["post-100","page","type-page","status-publish","has-post-thumbnail","hentry"],"acf":[],"_links":{"self":[{"href":"https:\/\/www.ub.edu\/labinquiry\/wp-json\/wp\/v2\/pages\/100","targetHints":{"allow":["GET"]}}],"collection":[{"href":"https:\/\/www.ub.edu\/labinquiry\/wp-json\/wp\/v2\/pages"}],"about":[{"href":"https:\/\/www.ub.edu\/labinquiry\/wp-json\/wp\/v2\/types\/page"}],"author":[{"embeddable":true,"href":"https:\/\/www.ub.edu\/labinquiry\/wp-json\/wp\/v2\/users\/1"}],"replies":[{"embeddable":true,"href":"https:\/\/www.ub.edu\/labinquiry\/wp-json\/wp\/v2\/comments?post=100"}],"version-history":[{"count":46,"href":"https:\/\/www.ub.edu\/labinquiry\/wp-json\/wp\/v2\/pages\/100\/revisions"}],"predecessor-version":[{"id":1355,"href":"https:\/\/www.ub.edu\/labinquiry\/wp-json\/wp\/v2\/pages\/100\/revisions\/1355"}],"wp:featuredmedia":[{"embeddable":true,"href":"https:\/\/www.ub.edu\/labinquiry\/wp-json\/wp\/v2\/media\/172"}],"wp:attachment":[{"href":"https:\/\/www.ub.edu\/labinquiry\/wp-json\/wp\/v2\/media?parent=100"}],"curies":[{"name":"wp","href":"https:\/\/api.w.org\/{rel}","templated":true}]}}