{"id":284,"date":"2016-09-20T08:56:47","date_gmt":"2016-09-20T08:56:47","guid":{"rendered":"http:\/\/www.ub.edu\/lecturelab\/?page_id=284"},"modified":"2021-05-31T13:13:35","modified_gmt":"2021-05-31T13:13:35","slug":"home-page","status":"publish","type":"page","link":"https:\/\/www.ub.edu\/lecturelab\/","title":{"rendered":"Home Page"},"content":{"rendered":"<div id=\"pl-284\"  class=\"panel-layout\" ><div id=\"pg-284-0\"  class=\"panel-grid panel-no-style\" ><div id=\"pgc-284-0-0\"  class=\"panel-grid-cell\" ><div id=\"panel-284-0-0-0\" class=\"so-panel widget widget_gap-widget panel-first-child panel-last-child\" data-index=\"0\" ><div class=\"gap\" ><\/div><\/div><\/div><\/div><div id=\"pg-284-1\"  class=\"panel-grid panel-no-style\" ><div id=\"pgc-284-1-0\"  class=\"panel-grid-cell\" ><div id=\"panel-284-1-0-0\" class=\"so-panel widget widget_text panel-first-child panel-last-child\" data-index=\"1\" ><h3 class=\"widget-title\"><a href=\"https:\/\/www.ub.edu\/lecturelab\/recursos\/\" title=\"Recursos\">Recursos<\/a><\/h3>\t\t\t<div class=\"textwidget\"><div class=\"tabs center\">\n<ul class=\"tab_heading\">\n<li><a href=\"#tab_69d5f0601e160\"> Angl\u00e8s acad\u00e8mic<\/a><\/li>\n<li><a href=\"#tab_69d5f0601e163\"> Angl\u00e8s general<\/a><\/li>\n<\/ul>\n<div class=\"tabs_container\">\n<div id=\"tab_69d5f0601e160\">\n<div  class=\"fa fa-university\"><\/div>\n<p>Recursos especialment indicats per treballar les habilitats ling\u00fc\u00edstiques necess\u00e0ries a l\u2019aula. Permeten aprofundir en les diverses funcions i caracter\u00edstiques del discurs acad\u00e8mic en angl\u00e8s i treballar les frases m\u00e9s habituals en la interacci\u00f3 entre professors i alumnes, per\u00f2 tamb\u00e9 millorar la compet\u00e8ncia ling\u00fc\u00edstica general. <\/p>\n<p class=\"btn-more\"><a href=\"https:\/\/www.ub.edu\/lecturelab\/recursos-angles-academic\/\">Consulta un recurs...<\/a><\/p>\n<\/div>\n<div id=\"tab_69d5f0601e163\">\n<div  class=\"fa fa-globe\"><\/div>\n<p>Recursos que no tracten del llenguatge espec\u00edficament acad\u00e8mic, per\u00f2 que poden ser \u00fatils per resoldre dubtes o per millorar la compet\u00e8ncia ling\u00fc\u00edstica segons les necessitats de cadasc\u00fa i partint sempre de la base que l\u2019usuari t\u00e9 un bon coneixement de l\u2019angl\u00e8s. Alguns d\u2019aquests recursos no estan pensats per a l\u2019aprenentatge de l\u2019angl\u00e8s, per\u00f2 poden ser \u00fatils per a aquest prop\u00f2sit. <\/p>\n<p class=\"btn-more\"><a href=\"https:\/\/www.ub.edu\/lecturelab\/recursos-angles-general\/\">Ves-hi...<\/a><\/p>\n<\/div>\n<\/div>\n<\/div>\n<\/div>\n\t\t<\/div><\/div><div id=\"pgc-284-1-1\"  class=\"panel-grid-cell\" ><div id=\"panel-284-1-1-0\" class=\"so-panel widget widget_text panel-first-child panel-last-child\" data-index=\"2\" ><h3 class=\"widget-title\"><a href=\"https:\/\/www.ub.edu\/sens-dubte\/consulta-personalitzada\/\" title=\"Consultes\">Consultes<\/a><\/h3>\t\t\t<div class=\"textwidget\"><div class=\"tabs center\">\n<ul class=\"tab_heading\">\n<li><a href=\"#tab_69d5f0601e271\"> Consultes<\/a><\/li>\n<\/ul>\n<div class=\"tabs_container\">\n<div id=\"tab_69d5f0601e271\">\n<div  class=\"fa fa-question-circle\"><\/div>\n<p>El personal docent i investigador de la Universitat de Barcelona pot adre\u00e7ar els dubtes ling\u00fc\u00edstics o terminol\u00f2gics al Sens Dubte, el servei de consultes personalitzat dels Serveis Ling\u00fc\u00edstics. Tot i que bona part de les consultes rebudes s\u00f3n sobre el catal\u00e0, tamb\u00e9 s&rsquo;hi poden adre\u00e7ar dubtes sobre l&rsquo;angl\u00e8s. <\/p>\n<p class=\"btn-more\"><a href=\"https:\/\/www.ub.edu\/sens-dubte\/consulta-personalitzada\/\">Planteja un dubte...<\/a><\/p>\n<\/div>\n<\/div>\n<\/div>\n<\/div>\n\t\t<\/div><\/div><\/div><div id=\"pg-284-2\"  class=\"panel-grid panel-has-style\" ><div style=\"border-bottom: 1px solid #ffffff; \" class=\"panel-row-style panel-row-style-for-284-2\" ><div id=\"pgc-284-2-0\"  class=\"panel-grid-cell\" ><div id=\"panel-284-2-0-0\" class=\"so-panel widget widget_recent-posts-widget panel-first-child panel-last-child\" data-index=\"3\" ><h3 class=\"widget-title\"><a href=\"https:\/\/www.ub.edu\/lecturelab\/blog\/\" title=\"Actualitat\">Actualitat<\/a><\/h3><div class=\"flex-recent-posts\"><ul class=\"slides\"><li><div class=\"recent-post\"><div class=\"rp-thumb\"><img loading=\"lazy\" decoding=\"async\" width=\"250\" height=\"200\" src=\"https:\/\/www.ub.edu\/lecturelab\/wp-content\/uploads\/4176842-250x200.jpeg\" class=\"attachment-post-thumbnail size-post-thumbnail wp-post-image\" alt=\"Oral skills for teaching &#038; research purposes\" title=\"Oral skills for teaching &#038; research purposes\" \/><\/div><!-- .rp-thumb --><div class=\"rp-content\"><h4>Oral skills for teaching &#038; research purposes<\/h4>L\u2019Institut de Desenvolupament Professional (IDP) de la UB engega aquest mes de setembre amb una nova convocat\u00f2ria del curs Oral<p class=\"readmore\"><a href=\"https:\/\/www.ub.edu\/lecturelab\/oral-skills-for-teaching-research-purposes-fins-al-17-de-setembre\/\" title=\"Read Oral skills for teaching &#038; research purposes\">Continua llegint &raquo;<\/a><\/p><\/div><!-- .rp-content --><\/div><\/li><li><div class=\"recent-post\"><div class=\"rp-thumb\"><img loading=\"lazy\" decoding=\"async\" width=\"250\" height=\"200\" src=\"https:\/\/www.ub.edu\/lecturelab\/wp-content\/uploads\/sincerely-media-dGxOgeXAXm8-unsplash-250x200.jpg\" class=\"attachment-post-thumbnail size-post-thumbnail wp-post-image\" alt=\"Pla de formaci\u00f3 en idiomes\" title=\"Pla de formaci\u00f3 en idiomes\" \/><\/div><!-- .rp-thumb --><div class=\"rp-content\"><h4>Pla de formaci\u00f3 en idiomes<\/h4>L\u2019Institut de Desenvolupament Professional (IDP-ICE) de la UB torna a organitzar un curs d\u2019angl\u00e8s per a la doc\u00e8ncia adre\u00e7at al<p class=\"readmore\"><a href=\"https:\/\/www.ub.edu\/lecturelab\/nou-curs-del-pla-de-formacio-en-idiomes-per-a-la-internacionalitzacio-de-la-docencia\/\" title=\"Read Pla de formaci\u00f3 en idiomes\">Continua llegint &raquo;<\/a><\/p><\/div><!-- .rp-content --><\/div><\/li><li><div class=\"recent-post\"><div class=\"rp-thumb\"><img loading=\"lazy\" decoding=\"async\" width=\"250\" height=\"200\" src=\"https:\/\/www.ub.edu\/lecturelab\/wp-content\/uploads\/ztrpzx8zgx8-250x200.jpg\" class=\"attachment-post-thumbnail size-post-thumbnail wp-post-image\" alt=\"The Basics of English Pronunciation\" title=\"The Basics of English Pronunciation\" \/><\/div><!-- .rp-thumb --><div class=\"rp-content\"><h4>The Basics of English Pronunciation<\/h4>Aquest \u00e9s el primer d&#8217;una s\u00e8rie de v\u00eddeos sobre pronunciaci\u00f3 elaborats per La\u00fcra Hoskins, professora d&#8217;angl\u00e8s de la Universitat de<p class=\"readmore\"><a href=\"https:\/\/www.ub.edu\/lecturelab\/the-basics-of-english-pronunciation\/\" title=\"Read The Basics of English Pronunciation\">Continua llegint &raquo;<\/a><\/p><\/div><!-- .rp-content --><\/div><\/li><li><div class=\"recent-post\"><div class=\"rp-thumb\"><img loading=\"lazy\" decoding=\"async\" width=\"250\" height=\"200\" src=\"https:\/\/www.ub.edu\/lecturelab\/wp-content\/uploads\/335394-250x200.jpeg\" class=\"attachment-post-thumbnail size-post-thumbnail wp-post-image\" alt=\"Internacionalitzaci\u00f3 de la doc\u00e8ncia\" title=\"Internacionalitzaci\u00f3 de la doc\u00e8ncia\" \/><\/div><!-- .rp-thumb --><div class=\"rp-content\"><h4>Internacionalitzaci\u00f3 de la doc\u00e8ncia<\/h4>L\u2019ICE ofereix 60 llic\u00e8ncies gratu\u00eftes del programa Rosetta Stone per al PDI de la UB que desitgi aprendre o millorar<p class=\"readmore\"><a href=\"https:\/\/www.ub.edu\/lecturelab\/pla-de-formacio-en-idiomes-per-a-la-internacionalitzacio-de-la-docencia-rosetta-stone-2\/\" title=\"Read Internacionalitzaci\u00f3 de la doc\u00e8ncia\">Continua llegint &raquo;<\/a><\/p><\/div><!-- .rp-content --><\/div><\/li><\/ul><\/div><\/div><\/div><\/div><\/div><div id=\"pg-284-3\"  class=\"panel-grid panel-no-style\" ><div id=\"pgc-284-3-0\"  class=\"panel-grid-cell\" ><div id=\"panel-284-3-0-0\" class=\"so-panel widget widget_gap-widget panel-first-child panel-last-child\" data-index=\"4\" ><div class=\"gap\" ><\/div><\/div><\/div><\/div><div id=\"pg-284-4\"  class=\"panel-grid panel-no-style\" ><div id=\"pgc-284-4-0\"  class=\"panel-grid-cell\" ><div id=\"panel-284-4-0-0\" class=\"so-panel widget widget_flexslider-widget panel-first-child panel-last-child\" data-index=\"5\" ><div class=\"flex-container\"><div class=\"flexslider\"><ul class=\"slides\"><li><div class=\"flex-image\"><img loading=\"lazy\" decoding=\"async\" width=\"1024\" height=\"378\" src=\"https:\/\/www.ub.edu\/lecturelab\/wp-content\/uploads\/4682434984_414f62b755_b-e1474371351612.jpg\" class=\"attachment-full_width size-full_width wp-post-image\" alt=\"English for teaching purposes\" title=\"English for teaching purposes\" srcset=\"https:\/\/www.ub.edu\/lecturelab\/wp-content\/uploads\/4682434984_414f62b755_b-e1474371351612.jpg 1024w, https:\/\/www.ub.edu\/lecturelab\/wp-content\/uploads\/4682434984_414f62b755_b-e1474371351612-300x111.jpg 300w, https:\/\/www.ub.edu\/lecturelab\/wp-content\/uploads\/4682434984_414f62b755_b-e1474371351612-768x284.jpg 768w\" sizes=\"auto, (max-width: 1024px) 100vw, 1024px\" \/><\/div><div class=\"flex-caption\">&nbsp;\r\n<h1>English for teaching purposes<\/h1>\r\n<h5>MOOC desenvolupat pel Servei de Lleng\u00fces de la Universitat Aut\u00f2noma de Barcelona, pensat per ajudar el PDI que imparteix o vol impartir doc\u00e8ncia en angl\u00e8s com a tercera llengua, \u00e9s a dir, sense ser-ne parlant nadiu.<\/h5>\r\n&nbsp;<\/div><\/li><li><div class=\"flex-image\"><img loading=\"lazy\" decoding=\"async\" width=\"1024\" height=\"378\" src=\"https:\/\/www.ub.edu\/lecturelab\/wp-content\/uploads\/6936944817_39df36311e_b-e1474371306887.jpg\" class=\"attachment-full_width size-full_width wp-post-image\" alt=\"Class talk\" title=\"Class talk\" srcset=\"https:\/\/www.ub.edu\/lecturelab\/wp-content\/uploads\/6936944817_39df36311e_b-e1474371306887.jpg 1024w, https:\/\/www.ub.edu\/lecturelab\/wp-content\/uploads\/6936944817_39df36311e_b-e1474371306887-300x111.jpg 300w, https:\/\/www.ub.edu\/lecturelab\/wp-content\/uploads\/6936944817_39df36311e_b-e1474371306887-768x284.jpg 768w\" sizes=\"auto, (max-width: 1024px) 100vw, 1024px\" \/><\/div><div class=\"flex-caption\"><a href=\"https:\/\/www.ub.edu\/lecturelab\/portfolio\/class-talk\/\"><h1>Class talk<\/h1>\r\n<h5>Guia de frases per preparar classes en angl\u00e8s<\/h5><\/a><\/div><\/li><li><div class=\"flex-image\"><img loading=\"lazy\" decoding=\"async\" width=\"1024\" height=\"378\" src=\"https:\/\/www.ub.edu\/lecturelab\/wp-content\/uploads\/9327243136_47b2f9e53c_b-e1474377493583.jpg\" class=\"attachment-full_width size-full_width wp-post-image\" alt=\"Rhetorical functions in academic speaking\" title=\"Rhetorical functions in academic speaking\" srcset=\"https:\/\/www.ub.edu\/lecturelab\/wp-content\/uploads\/9327243136_47b2f9e53c_b-e1474377493583.jpg 1024w, https:\/\/www.ub.edu\/lecturelab\/wp-content\/uploads\/9327243136_47b2f9e53c_b-e1474377493583-300x111.jpg 300w, https:\/\/www.ub.edu\/lecturelab\/wp-content\/uploads\/9327243136_47b2f9e53c_b-e1474377493583-768x284.jpg 768w\" sizes=\"auto, (max-width: 1024px) 100vw, 1024px\" \/><\/div><div class=\"flex-caption\"><a href=\"https:\/\/www.ub.edu\/lecturelab\/portfolio\/uefap-rhetorical-functions-in-academic-speaking\/\"><h1>Rhetorical functions in academic speaking<\/h1>\r\n<h5>Expressions pr\u00f2pies de cada text segons la funci\u00f3 comunicativa<\/h5><\/a><\/div><\/li><li><div class=\"flex-image\"><img loading=\"lazy\" decoding=\"async\" width=\"1024\" height=\"378\" src=\"https:\/\/www.ub.edu\/lecturelab\/wp-content\/uploads\/5408126721_28b1ef554c_b-e1474371098640.jpg\" class=\"attachment-full_width size-full_width wp-post-image\" alt=\"Academic phrasebank\" title=\"Academic phrasebank\" srcset=\"https:\/\/www.ub.edu\/lecturelab\/wp-content\/uploads\/5408126721_28b1ef554c_b-e1474371098640.jpg 1024w, https:\/\/www.ub.edu\/lecturelab\/wp-content\/uploads\/5408126721_28b1ef554c_b-e1474371098640-300x111.jpg 300w, https:\/\/www.ub.edu\/lecturelab\/wp-content\/uploads\/5408126721_28b1ef554c_b-e1474371098640-768x284.jpg 768w\" sizes=\"auto, (max-width: 1024px) 100vw, 1024px\" \/><\/div><div class=\"flex-caption\"><a href=\"https:\/\/www.ub.edu\/lecturelab\/portfolio\/academic-phrasebank\/\">\r\n<h1>Academic phrasebank<\/h1>\r\n<h5>Expressions i construccions pr\u00f2pies d\u2019un text acad\u00e8mic<\/h5><\/a><\/div><\/li><li><div class=\"flex-image\"><img loading=\"lazy\" decoding=\"async\" width=\"1000\" height=\"370\" src=\"https:\/\/www.ub.edu\/lecturelab\/wp-content\/uploads\/3036729806_899ffd0d27_o-2-e1474377789821.jpg\" class=\"attachment-full_width size-full_width wp-post-image\" alt=\"Recognising lecture structure\" title=\"Recognising lecture structure\" srcset=\"https:\/\/www.ub.edu\/lecturelab\/wp-content\/uploads\/3036729806_899ffd0d27_o-2-e1474377789821.jpg 1000w, https:\/\/www.ub.edu\/lecturelab\/wp-content\/uploads\/3036729806_899ffd0d27_o-2-e1474377789821-300x111.jpg 300w, https:\/\/www.ub.edu\/lecturelab\/wp-content\/uploads\/3036729806_899ffd0d27_o-2-e1474377789821-768x284.jpg 768w\" sizes=\"auto, (max-width: 1000px) 100vw, 1000px\" \/><\/div><div class=\"flex-caption\"><a href=\"https:\/\/www.ub.edu\/lecturelab\/portfolio\/uefap-recognising-lecture-structure\/\"><h1>Recognising lecture structure<\/h1>\r\n<h5>Marcadors discursius que ajuden a construir un discurs i a entendre\u2019l<\/h5><\/a><\/div><\/li><\/ul><\/div><\/div><\/div><\/div><\/div><\/div>","protected":false},"excerpt":{"rendered":"<p>Recursos Angl\u00e8s acad\u00e8mic Angl\u00e8s general Recursos especialment indicats per treballar les habilitats ling\u00fc\u00edstiques necess\u00e0ries a l\u2019aula. Permeten aprofundir en les<\/p>\n<p class=\"readmore\"><a href=\"https:\/\/www.ub.edu\/lecturelab\/\" title=\"Read Home Page\">Continua llegint &raquo;<\/a><\/p>\n","protected":false},"author":2,"featured_media":0,"parent":0,"menu_order":0,"comment_status":"closed","ping_status":"open","template":"","meta":{"_acf_changed":false,"_exactmetrics_skip_tracking":false,"_exactmetrics_sitenote_active":false,"_exactmetrics_sitenote_note":"","_exactmetrics_sitenote_category":0,"footnotes":""},"class_list":["post-284","page","type-page","status-publish","hentry"],"acf":[],"_links":{"self":[{"href":"https:\/\/www.ub.edu\/lecturelab\/wp-json\/wp\/v2\/pages\/284","targetHints":{"allow":["GET"]}}],"collection":[{"href":"https:\/\/www.ub.edu\/lecturelab\/wp-json\/wp\/v2\/pages"}],"about":[{"href":"https:\/\/www.ub.edu\/lecturelab\/wp-json\/wp\/v2\/types\/page"}],"author":[{"embeddable":true,"href":"https:\/\/www.ub.edu\/lecturelab\/wp-json\/wp\/v2\/users\/2"}],"replies":[{"embeddable":true,"href":"https:\/\/www.ub.edu\/lecturelab\/wp-json\/wp\/v2\/comments?post=284"}],"version-history":[{"count":121,"href":"https:\/\/www.ub.edu\/lecturelab\/wp-json\/wp\/v2\/pages\/284\/revisions"}],"predecessor-version":[{"id":891,"href":"https:\/\/www.ub.edu\/lecturelab\/wp-json\/wp\/v2\/pages\/284\/revisions\/891"}],"wp:attachment":[{"href":"https:\/\/www.ub.edu\/lecturelab\/wp-json\/wp\/v2\/media?parent=284"}],"curies":[{"name":"wp","href":"https:\/\/api.w.org\/{rel}","templated":true}]}}