{"id":15904,"date":"2024-02-02T12:30:55","date_gmt":"2024-02-02T12:30:55","guid":{"rendered":"https:\/\/www.ub.edu\/lfa\/?page_id=15904"},"modified":"2025-12-29T09:33:51","modified_gmt":"2025-12-29T09:33:51","slug":"projectes-recerca","status":"publish","type":"page","link":"https:\/\/www.ub.edu\/lfa\/projectes-recerca\/","title":{"rendered":"Projectes de Recerca"},"content":{"rendered":"<p>[vc_row bg_image=&#8221;15686&#8243; bg_color=&#8221;#f9f9f9&#8243; top_padding=&#8221;90&#8243; bottom_padding=&#8221;90&#8243;][vc_column width=&#8221;1\/1&#8243;]<h1 class=\"headline font-special fontsize-xxxl fontweight-inherit lh-inherit align-center transform-uppercase \" style=\"margin: 0; color: #ffffff;\">Projectes de Recerca<\/h1>[\/vc_column][\/vc_row][vc_row top_padding=&#8221;100&#8243;][vc_column width=&#8221;1\/1&#8243;][vc_column_text]<strong>2022 &#8211; 2025.<\/strong> <strong>An\u00e1lisis pros\u00f3dico del habla<\/strong><\/p>\n<p>IP: Francisco Jos\u00e9 Cantero Serena, Dolors Font Rotch\u00e9s<br \/>\nRef.: PID2021-125046NB-I00<br \/>\nMinisterio de Ciencia, Innovaci\u00f3n y Universidades[\/vc_column_text]<div class=\"divider divider5\" style='margin:2px 0 20px 0 !important;'><\/div>[vc_column_text]<strong>2015-2015.<\/strong> <strong>Modelos did\u00e1cticos de entonaci\u00f3n para la ense\u00f1anza del espa\u00f1ol en Brasil<\/strong><\/p>\n<p>IP: Dolors Font Rotch\u00e9s<br \/>\nRef.: PHBT14\/01051<br \/>\nMinisterio de Educaci\u00f3n, Cultura y Deporte. Universitat de Barcelona \/ Universidade de Brasilia[\/vc_column_text]<div class=\"divider divider5\" style='margin:2px 0 20px 0 !important;'><\/div>[vc_column_text]<strong>2014 &#8211; 2016. An\u00e1lisis del Habla y Modelos Did\u00e1cticos<\/strong><\/p>\n<p>IP: Francisco Jos\u00e9 Cantero Serena, Dolors Font Rotch\u00e9s<br \/>\nRef.: FFI2013-41915-P<br \/>\nMinisterio de Econom\u00eda y Competitividad.[\/vc_column_text]<div class=\"divider divider5\" style='margin:2px 0 20px 0 !important;'><\/div>[vc_column_text]<strong>2010 &#8211; 2012. An\u00e1lisis mel\u00f3dico del habla<\/strong><\/p>\n<p>IP: Francisco Jos\u00e9 Cantero Serena<br \/>\nRef.: FFI2009-13214-C02-01<br \/>\nMinisterio de Ciencia e Innovaci\u00f3n[\/vc_column_text]<div class=\"divider divider5\" style='margin:2px 0 20px 0 !important;'><\/div>[vc_column_text]<strong>2008 &#8211; 2008. Modelos de entonaci\u00f3n del espa\u00f1ol y el portugu\u00e9s para la ense\u00f1anza de lenguas<\/strong><\/p>\n<p>IP: Francisco Jos\u00e9 Cantero Serena<br \/>\nRef.: A\/016328\/08<br \/>\nAgencia Espa\u00f1ola de Cooperaci\u00f3n Internacional per al Desarrollo (AECID)[\/vc_column_text]<div class=\"divider divider5\" style='margin:2px 0 20px 0 !important;'><\/div>[vc_column_text]<strong>2002 &#8211; 2005<\/strong>. <strong>Fon\u00e9tica aplicada a la educaci\u00f3n<\/strong><\/p>\n<p>IP: Francisco Jos\u00e9 Cantero Serena<br \/>\nRef.: BSO2002-03479<br \/>\nComisi\u00f3n Interministerial de Ciencia y Tecnolog\u00eda (CICYT)[\/vc_column_text]<div class=\"divider divider5\" style='margin:2px 0 20px 0 !important;'><\/div>[vc_column_text]<strong>1999 &#8211; 2002. <\/strong>A<strong>n\u00e1lisis mel\u00f3dico del habla: exploraci\u00f3n y desarrollo de aplicaciones<\/strong><\/p>\n<p>IP: Francisco Jos\u00e9 Cantero Serena<br \/>\nRef.: PB98-1184<br \/>\nSecretar\u00eda de Estado de Educaci\u00f3n, Universidades, Investigaci\u00f3n y Desarrollo[\/vc_column_text]<div class=\"divider divider5\" style='margin:2px 0 20px 0 !important;'><\/div>[vc_column_text]<strong>1998 &#8211; 1999. <\/strong>I<strong>nfrastructura de recerca per a l&#8217;an\u00e0lisi i el tractament del so i la parla<\/strong><\/p>\n<p>Comissionat per a Universitats i Recerca. Generalitat de Catalunya<br \/>\nRef.: 175.<br \/>\nIP: Francisco Jos\u00e9 Cantero Serena[\/vc_column_text]<div class=\"divider divider5\" style='margin:2px 0 20px 0 !important;'><\/div>[vc_column_text]<strong>1997 &#8211; 1998. An\u00e0lisi mel\u00f2dica de la parla: desenvolupament de models i aplicacions educatives<\/strong><\/p>\n<p>IP: Francisco Jos\u00e9 Cantero Serena<br \/>\nRef.: RE-1997-5012-1A<br \/>\nUniversitat de Barcelona[\/vc_column_text]<div class=\"divider divider5\" style='margin:2px 0 20px 0 !important;'><\/div>[vc_column_text]<strong>1991 &#8211; 1992. Laboratori de Fon\u00e8tica Aplicada<\/strong><\/p>\n<p>IP: Francisco Jos\u00e9 Cantero Serena<br \/>\nInfraestructura de la Generalitat de Catalunya.<br \/>\nDepartament d&#8217;Educaci\u00f3 de la Generalitat de Catalunya[\/vc_column_text][vc_empty_space][\/vc_column][\/vc_row][vc_row bg_color=&#8221;#333333&#8243; text_color=&#8221;light&#8221; top_padding=&#8221;100&#8243; bottom_padding=&#8221;100&#8243; row_id=&#8221;equip&#8221; bg_position=&#8221;center center&#8221;][vc_column width=&#8221;1\/1&#8243;]<h2 class=\"headline font-special fontsize-m fontweight-900 lh-inherit align-left transform-uppercase \" style=\"margin: 0 0 20px 0; color: #ffffff;\">Grup de recerca consolidat (SGR)<\/h2>[vc_column_text]<strong>2022 &#8211; 2026. Grup de Recerca en Entonaci\u00f3 i Parla (GREP)<\/strong><\/p>\n<p>IP: Dolors Font Rotch\u00e9s<br \/>\nRef.: 2021SGR00088<br \/>\nAjuts de Suport als Grups de Recerca de Catalunya (SGR). Ag\u00e8ncia de Gesti\u00f3 d&#8217;Ajuts Universitaris i de Recerca (AGAUR)[\/vc_column_text]<div class=\"divider divider5\" style='margin:2px 0 20px 0 !important;'><\/div>[vc_column_text]<strong>2017 &#8211; 2021. Grup de Recerca en Entonaci\u00f3 i Parla (GREP)<\/strong><\/p>\n<p>IP: Francisco Jos\u00e9 Cantero Serena<br \/>\nRef.: 2017SGR1115<br \/>\nAjuts de Suport als Grups de Recerca de Catalunya (SGR). Ag\u00e8ncia de Gesti\u00f3 d&#8217;Ajuts Universitaris i de Recerca (AGAUR)[\/vc_column_text]<div class=\"divider divider5\" style='margin:2px 0 20px 0 !important;'><\/div>[vc_column_text]<strong>2014 &#8211; 2017. Grup de Recerca en Entonaci\u00f3 i Parla (GREP)<\/strong><\/p>\n<p>IP: Francisco Jos\u00e9 Cantero Serena<br \/>\nRef.: 2014SGR1619<br \/>\nAjuts de Suport als Grups de Recerca de Catalunya (SGR). Ag\u00e8ncia de Gesti\u00f3 d&#8217;Ajuts Universitaris i de Recerca (AGAUR)[\/vc_column_text]<div class=\"divider divider5\" style='margin:2px 0 20px 0 !important;'><\/div>[vc_column_text]<strong>2009 &#8211; 2013. Grup de Recerca en Entonaci\u00f3 i Parla (GREP)<\/strong><\/p>\n<p>IP: Francisco Jos\u00e9 Cantero Serena<br \/>\nRef.: 2009SGR233<br \/>\nAjuts de Suport als Grups de Recerca de Catalunya (SGR). Ag\u00e8ncia de Gesti\u00f3 d&#8217;Ajuts Universitaris i de Recerca (AGAUR)[\/vc_column_text][\/vc_column][\/vc_row]<\/p>\n","protected":false},"excerpt":{"rendered":"<p>[vc_row bg_image=&#8221;15686&#8243; bg_color=&#8221;#f9f9f9&#8243; top_padding=&#8221;90&#8243; bottom_padding=&#8221;90&#8243;][vc_column width=&#8221;1\/1&#8243;][\/vc_column][\/vc_row][vc_row top_padding=&#8221;100&#8243;][vc_column width=&#8221;1\/1&#8243;][vc_column_text]2022 &#8211; 2025. An\u00e1lisis pros\u00f3dico del habla IP: Francisco Jos\u00e9 Cantero Serena, Dolors Font Rotch\u00e9s Ref.: PID2021-125046NB-I00 Ministerio de Ciencia, Innovaci\u00f3n y Universidades[\/vc_column_text][vc_column_text]2015-2015. Modelos did\u00e1cticos de entonaci\u00f3n para la ense\u00f1anza del espa\u00f1ol en Brasil IP: Dolors Font Rotch\u00e9s Ref.: PHBT14\/01051 Ministerio de Educaci\u00f3n, Cultura y Deporte. Universitat de Barcelona \/ Universidade de Brasilia[\/vc_column_text][vc_column_text]2014 &#8211; 2016. An\u00e1lisis del Habla y Modelos Did\u00e1cticos IP: Francisco Jos\u00e9 Cantero Serena, Dolors Font Rotch\u00e9s Ref.: FFI2013-41915-P Ministerio de Econom\u00eda y Competitividad.[\/vc_column_text][vc_column_text]2010 &#8211; 2012. An\u00e1lisis mel\u00f3dico del habla IP: Francisco Jos\u00e9 Cantero Serena Ref.: FFI2009-13214-C02-01 Ministerio de Ciencia e Innovaci\u00f3n[\/vc_column_text][vc_column_text]2008 &#8211; 2008. Modelos de entonaci\u00f3n del espa\u00f1ol y el portugu\u00e9s para la ense\u00f1anza de lenguas IP: Francisco Jos\u00e9 Cantero Serena Ref.: A\/016328\/08 Agencia Espa\u00f1ola de Cooperaci\u00f3n Internacional per al Desarrollo (AECID)[\/vc_column_text][vc_column_text]2002 &#8211; 2005. Fon\u00e9tica aplicada a la educaci\u00f3n IP: Francisco Jos\u00e9 Cantero Serena Ref.: BSO2002-03479 Comisi\u00f3n Interministerial de Ciencia y Tecnolog\u00eda (CICYT)[\/vc_column_text][vc_column_text]1999 &#8211; 2002. An\u00e1lisis mel\u00f3dico del habla: exploraci\u00f3n y desarrollo de aplicaciones IP: Francisco Jos\u00e9 Cantero Serena Ref.: PB98-1184 Secretar\u00eda de Estado de Educaci\u00f3n, Universidades, Investigaci\u00f3n y Desarrollo[\/vc_column_text][vc_column_text]1998 &#8211; 1999. Infrastructura de recerca per a l&#8217;an\u00e0lisi i el tractament del so i la parla Comissionat per a Universitats [&hellip;]<\/p>\n","protected":false},"author":1,"featured_media":0,"parent":0,"menu_order":0,"comment_status":"closed","ping_status":"closed","template":"","meta":{"footnotes":""},"class_list":["post-15904","page","type-page","status-publish","hentry"],"_links":{"self":[{"href":"https:\/\/www.ub.edu\/lfa\/wp-json\/wp\/v2\/pages\/15904","targetHints":{"allow":["GET"]}}],"collection":[{"href":"https:\/\/www.ub.edu\/lfa\/wp-json\/wp\/v2\/pages"}],"about":[{"href":"https:\/\/www.ub.edu\/lfa\/wp-json\/wp\/v2\/types\/page"}],"author":[{"embeddable":true,"href":"https:\/\/www.ub.edu\/lfa\/wp-json\/wp\/v2\/users\/1"}],"replies":[{"embeddable":true,"href":"https:\/\/www.ub.edu\/lfa\/wp-json\/wp\/v2\/comments?post=15904"}],"version-history":[{"count":20,"href":"https:\/\/www.ub.edu\/lfa\/wp-json\/wp\/v2\/pages\/15904\/revisions"}],"predecessor-version":[{"id":16686,"href":"https:\/\/www.ub.edu\/lfa\/wp-json\/wp\/v2\/pages\/15904\/revisions\/16686"}],"wp:attachment":[{"href":"https:\/\/www.ub.edu\/lfa\/wp-json\/wp\/v2\/media?parent=15904"}],"curies":[{"name":"wp","href":"https:\/\/api.w.org\/{rel}","templated":true}]}}

<p>[vc_row bg_image=&#8221;15686&#8243; bg_color=&#8221;#f9f9f9&#8243; top_padding=&#8221;90&#8243; bottom_padding=&#8221;90&#8243;][vc_column width=&#8221;1/1&#8243;]<h1 class="headline font-special fontsize-xxxl fontweight-inherit lh-inherit align-center transform-uppercase " style="margin: 0; color: #ffffff;">Projectes de Recerca</h1>[/vc_column][/vc_row][vc_row top_padding=&#8221;100&#8243;][vc_column width=&#8221;1/1&#8243;][vc_column_text]<strong>2022 &#8211; 2025.</strong> <strong>Análisis prosódico del habla</strong></p>
<p>IP: Francisco José Cantero Serena, Dolors Font Rotchés<br />
Ref.: PID2021-125046NB-I00<br />
Ministerio de Ciencia, Innovación y Universidades[/vc_column_text]<div class="divider divider5" style='margin:2px 0 20px 0 !important;'></div>[vc_column_text]<strong>2015-2015.</strong> <strong>Modelos didácticos de entonación para la enseñanza del español en Brasil</strong></p>
<p>IP: Dolors Font Rotchés<br />
Ref.: PHBT14/01051<br />
Ministerio de Educación, Cultura y Deporte. Universitat de Barcelona / Universidade de Brasilia[/vc_column_text]<div class="divider divider5" style='margin:2px 0 20px 0 !important;'></div>[vc_column_text]<strong>2014 &#8211; 2016. Análisis del Habla y Modelos Didácticos</strong></p>
<p>IP: Francisco José Cantero Serena, Dolors Font Rotchés<br />
Ref.: FFI2013-41915-P<br />
Ministerio de Economía y Competitividad.[/vc_column_text]<div class="divider divider5" style='margin:2px 0 20px 0 !important;'></div>[vc_column_text]<strong>2010 &#8211; 2012. Análisis melódico del habla</strong></p>
<p>IP: Francisco José Cantero Serena<br />
Ref.: FFI2009-13214-C02-01<br />
Ministerio de Ciencia e Innovación[/vc_column_text]<div class="divider divider5" style='margin:2px 0 20px 0 !important;'></div>[vc_column_text]<strong>2008 &#8211; 2008. Modelos de entonación del español y el portugués para la enseñanza de lenguas</strong></p>
<p>IP: Francisco José Cantero Serena<br />
Ref.: A/016328/08<br />
Agencia Española de Cooperación Internacional per al Desarrollo (AECID)[/vc_column_text]<div class="divider divider5" style='margin:2px 0 20px 0 !important;'></div>[vc_column_text]<strong>2002 &#8211; 2005</strong>. <strong>Fonética aplicada a la educación</strong></p>
<p>IP: Francisco José Cantero Serena<br />
Ref.: BSO2002-03479<br />
Comisión Interministerial de Ciencia y Tecnología (CICYT)[/vc_column_text]<div class="divider divider5" style='margin:2px 0 20px 0 !important;'></div>[vc_column_text]<strong>1999 &#8211; 2002. </strong>A<strong>nálisis melódico del habla: exploración y desarrollo de aplicaciones</strong></p>
<p>IP: Francisco José Cantero Serena<br />
Ref.: PB98-1184<br />
Secretaría de Estado de Educación, Universidades, Investigación y Desarrollo[/vc_column_text]<div class="divider divider5" style='margin:2px 0 20px 0 !important;'></div>[vc_column_text]<strong>1998 &#8211; 1999. </strong>I<strong>nfrastructura de recerca per a l&#8217;anàlisi i el tractament del so i la parla</strong></p>
<p>Comissionat per a Universitats i Recerca. Generalitat de Catalunya<br />
Ref.: 175.<br />
IP: Francisco José Cantero Serena[/vc_column_text]<div class="divider divider5" style='margin:2px 0 20px 0 !important;'></div>[vc_column_text]<strong>1997 &#8211; 1998. Anàlisi melòdica de la parla: desenvolupament de models i aplicacions educatives</strong></p>
<p>IP: Francisco José Cantero Serena<br />
Ref.: RE-1997-5012-1A<br />
Universitat de Barcelona[/vc_column_text]<div class="divider divider5" style='margin:2px 0 20px 0 !important;'></div>[vc_column_text]<strong>1991 &#8211; 1992. Laboratori de Fonètica Aplicada</strong></p>
<p>IP: Francisco José Cantero Serena<br />
Infraestructura de la Generalitat de Catalunya.<br />
Departament d&#8217;Educació de la Generalitat de Catalunya[/vc_column_text][vc_empty_space][/vc_column][/vc_row][vc_row bg_color=&#8221;#333333&#8243; text_color=&#8221;light&#8221; top_padding=&#8221;100&#8243; bottom_padding=&#8221;100&#8243; row_id=&#8221;equip&#8221; bg_position=&#8221;center center&#8221;][vc_column width=&#8221;1/1&#8243;]<h2 class="headline font-special fontsize-m fontweight-900 lh-inherit align-left transform-uppercase " style="margin: 0 0 20px 0; color: #ffffff;">Grup de recerca consolidat (SGR)</h2>[vc_column_text]<strong>2022 &#8211; 2026. Grup de Recerca en Entonació i Parla (GREP)</strong></p>
<p>IP: Dolors Font Rotchés<br />
Ref.: 2021SGR00088<br />
Ajuts de Suport als Grups de Recerca de Catalunya (SGR). Agència de Gestió d&#8217;Ajuts Universitaris i de Recerca (AGAUR)[/vc_column_text]<div class="divider divider5" style='margin:2px 0 20px 0 !important;'></div>[vc_column_text]<strong>2017 &#8211; 2021. Grup de Recerca en Entonació i Parla (GREP)</strong></p>
<p>IP: Francisco José Cantero Serena<br />
Ref.: 2017SGR1115<br />
Ajuts de Suport als Grups de Recerca de Catalunya (SGR). Agència de Gestió d&#8217;Ajuts Universitaris i de Recerca (AGAUR)[/vc_column_text]<div class="divider divider5" style='margin:2px 0 20px 0 !important;'></div>[vc_column_text]<strong>2014 &#8211; 2017. Grup de Recerca en Entonació i Parla (GREP)</strong></p>
<p>IP: Francisco José Cantero Serena<br />
Ref.: 2014SGR1619<br />
Ajuts de Suport als Grups de Recerca de Catalunya (SGR). Agència de Gestió d&#8217;Ajuts Universitaris i de Recerca (AGAUR)[/vc_column_text]<div class="divider divider5" style='margin:2px 0 20px 0 !important;'></div>[vc_column_text]<strong>2009 &#8211; 2013. Grup de Recerca en Entonació i Parla (GREP)</strong></p>
<p>IP: Francisco José Cantero Serena<br />
Ref.: 2009SGR233<br />
Ajuts de Suport als Grups de Recerca de Catalunya (SGR). Agència de Gestió d&#8217;Ajuts Universitaris i de Recerca (AGAUR)[/vc_column_text][/vc_column][/vc_row]</p>

<p>[vc_row bg_image=&#8221;15686&#8243; bg_color=&#8221;#f9f9f9&#8243; top_padding=&#8221;90&#8243; bottom_padding=&#8221;90&#8243;][vc_column width=&#8221;1/1&#8243;][/vc_column][/vc_row][vc_row top_padding=&#8221;100&#8243;][vc_column width=&#8221;1/1&#8243;][vc_column_text]2022 &#8211; 2025. Análisis prosódico del habla IP: Francisco José Cantero Serena, Dolors Font Rotchés Ref.: PID2021-125046NB-I00 Ministerio de Ciencia, Innovación y Universidades[/vc_column_text][vc_column_text]2015-2015. Modelos didácticos de entonación para la enseñanza del español en Brasil IP: Dolors Font Rotchés Ref.: PHBT14/01051 Ministerio de Educación, Cultura y Deporte. Universitat de Barcelona / Universidade de Brasilia[/vc_column_text][vc_column_text]2014 &#8211; 2016. Análisis del Habla y Modelos Didácticos IP: Francisco José Cantero Serena, Dolors Font Rotchés Ref.: FFI2013-41915-P Ministerio de Economía y Competitividad.[/vc_column_text][vc_column_text]2010 &#8211; 2012. Análisis melódico del habla IP: Francisco José Cantero Serena Ref.: FFI2009-13214-C02-01 Ministerio de Ciencia e Innovación[/vc_column_text][vc_column_text]2008 &#8211; 2008. Modelos de entonación del español y el portugués para la enseñanza de lenguas IP: Francisco José Cantero Serena Ref.: A/016328/08 Agencia Española de Cooperación Internacional per al Desarrollo (AECID)[/vc_column_text][vc_column_text]2002 &#8211; 2005. Fonética aplicada a la educación IP: Francisco José Cantero Serena Ref.: BSO2002-03479 Comisión Interministerial de Ciencia y Tecnología (CICYT)[/vc_column_text][vc_column_text]1999 &#8211; 2002. Análisis melódico del habla: exploración y desarrollo de aplicaciones IP: Francisco José Cantero Serena Ref.: PB98-1184 Secretaría de Estado de Educación, Universidades, Investigación y Desarrollo[/vc_column_text][vc_column_text]1998 &#8211; 1999. Infrastructura de recerca per a l&#8217;anàlisi i el tractament del so i la parla Comissionat per a Universitats [&hellip;]</p>
