{"id":15949,"date":"2024-02-02T15:05:17","date_gmt":"2024-02-02T15:05:17","guid":{"rendered":"https:\/\/www.ub.edu\/lfa\/?page_id=15949"},"modified":"2025-02-24T12:32:57","modified_gmt":"2025-02-24T12:32:57","slug":"grup-recerca-grep","status":"publish","type":"page","link":"https:\/\/www.ub.edu\/lfa\/grup-recerca-grep\/","title":{"rendered":"GREP"},"content":{"rendered":"<p>[vc_row bg_image=&#8221;15686&#8243; top_padding=&#8221;90&#8243; bottom_padding=&#8221;90&#8243;][vc_column width=&#8221;1\/1&#8243;]<h1 class=\"headline font-special fontsize-xxxl fontweight-inherit lh-inherit align-center transform-uppercase \" style=\"margin: 0 0 0 0; color: #ffffff;\">GREP<\/h1>[\/vc_column][\/vc_row][vc_row top_padding=&#8221;90&#8243; bottom_padding=&#8221;90&#8243; bg_position=&#8221;left top&#8221;][vc_column width=&#8221;1\/2&#8243;]<h2 class=\"headline font-special fontsize-m fontweight-700 lh-inherit align-left transform-uppercase \" style=\"margin: 0 0 20px 0;\">El Grup de Recerca en Entonaci\u00f3 i Parla (GREP) <\/h2>[vc_column_text]El Grup de Recerca en Entonaci\u00f3 i Parla (GREP) \u00e9s un grup de recerca consolidat per l\u2019AGAUR des de l\u2019any 2009, que s\u2019ubica al Laboratori de Fon\u00e8tica Aplicada de la Universitat de Barcelona. Neix el 2008 a partir d\u2019un grup d\u2019investigadors que s\u2019havien anat incorporant a l\u2019equip del laboratori des de feia m\u00e9s d\u2019una d\u00e8cada. El grup s\u2019interessa en l\u2019an\u00e0lisi de la pron\u00fancia, l\u2019entonaci\u00f3 i la pros\u00f2dia del catal\u00e0 i del castell\u00e0, com a primeres lleng\u00fces (L1), segones lleng\u00fces (L2) i lleng\u00fces estrangeres (LE) en parla espont\u00e0nia.\u00a0 Tamb\u00e9 experimenta en la implementaci\u00f3 dels resultats en propostes did\u00e0ctiques, dins el marc de l\u2019enfocament comunicatiu.[\/vc_column_text]<div class=\"single_image wpb_content_element align-center    \" data-animation=\"none\" data-delay=\"0\"><img loading=\"lazy\" decoding=\"async\" class=\"\" src=\"https:\/\/www.ub.edu\/lfa\/wp-content\/uploads\/2025\/02\/logo_grep-169x195.jpg\" width=\"169\" height=\"195\" alt=\"logo_grep\" title=\"logo_grep\" \/><\/div>[\/vc_column][vc_column width=&#8221;1\/2&#8243;]<div class=\"video-embed  wpb_content_element\"><iframe loading=\"lazy\" title=\"Grup de Recerca en Entonaci\u00f3 i Parla (GREP)\" width=\"1161\" height=\"653\" src=\"https:\/\/www.youtube.com\/embed\/-UQYIAdlztQ?feature=oembed\" frameborder=\"0\" allow=\"accelerometer; autoplay; clipboard-write; encrypted-media; gyroscope; picture-in-picture; web-share\" referrerpolicy=\"strict-origin-when-cross-origin\" allowfullscreen><\/iframe><\/div><div class=\"single_image wpb_content_element align-left    \" data-animation=\"none\" data-delay=\"0\"><img loading=\"lazy\" decoding=\"async\" width=\"400\" height=\"113\" src=\"https:\/\/www.ub.edu\/lfa\/wp-content\/uploads\/2023\/02\/lfa-logos.png\" class=\"attachment-full\" alt=\"\" title=\"lfa-logos\" srcset=\"https:\/\/www.ub.edu\/lfa\/wp-content\/uploads\/2023\/02\/lfa-logos.png 400w, https:\/\/www.ub.edu\/lfa\/wp-content\/uploads\/2023\/02\/lfa-logos-300x85.png 300w\" sizes=\"auto, (max-width: 400px) 100vw, 400px\" \/><\/div>[\/vc_column][\/vc_row][vc_row bg_color=&#8221;#333333&#8243; text_color=&#8221;light&#8221; top_padding=&#8221;100&#8243; bottom_padding=&#8221;100&#8243; row_id=&#8221;projectes&#8221; bg_position=&#8221;center center&#8221;][vc_column width=&#8221;1\/1&#8243;][vc_separator color=&#8221;custom&#8221; accent_color=&#8221;#4c4c4c&#8221;]<div onclick=\"location.href='https:\/\/www.ub.edu\/lfa\/membres\/';\" style=\"cursor:pointer;\"><div class=\"iconbox  wpb_content_element iconbox-style-1 icon-color-accent color-dark animation-none\"><h3><i class=\"fa fa-plus boxicon\" style=\"\"><\/i><span>MEMBRES<\/span><\/h3><p><\/p><\/div><\/div>[vc_separator color=&#8221;custom&#8221; accent_color=&#8221;#4c4c4c&#8221;]<div onclick=\"location.href='https:\/\/www.ub.edu\/lfa\/projectes-recerca\/';\" style=\"cursor:pointer;\"><div class=\"iconbox  wpb_content_element iconbox-style-1 icon-color-accent color-dark animation-none\"><h3><i class=\"fa fa-plus boxicon\" style=\"\"><\/i><span>PROJECTES DE RECERCA<\/span><\/h3><p><\/p><\/div><\/div>[vc_separator color=&#8221;custom&#8221; accent_color=&#8221;#4c4c4c&#8221;]<div onclick=\"location.href='https:\/\/www.ub.edu\/lfa\/publicacions\/';\" style=\"cursor:pointer;\"><div class=\"iconbox  wpb_content_element iconbox-style-1 icon-color-accent color-dark animation-none\"><h3><i class=\"fa fa-plus boxicon\" style=\"\"><\/i><span>PUBLICACIONS<\/span><\/h3><p><\/p><\/div><\/div>[vc_separator color=&#8221;custom&#8221; accent_color=&#8221;#4c4c4c&#8221;]<div onclick=\"location.href='https:\/\/www.ub.edu\/lfa\/tesis-doctorals\/';\" style=\"cursor:pointer;\"><div class=\"iconbox  wpb_content_element iconbox-style-1 icon-color-accent color-dark animation-none\"><h3><i class=\"fa fa-plus boxicon\" style=\"\"><\/i><span>TESIS DOCTORALS<\/span><\/h3><p><\/p><\/div><\/div>[vc_separator color=&#8221;custom&#8221; accent_color=&#8221;#4c4c4c&#8221;]<div class=\"spacer\" style=\"height: 10px;\"><\/div>[\/vc_column][\/vc_row]<\/p>\n","protected":false},"excerpt":{"rendered":"<p>[vc_row bg_image=&#8221;15686&#8243; top_padding=&#8221;90&#8243; bottom_padding=&#8221;90&#8243;][vc_column width=&#8221;1\/1&#8243;][\/vc_column][\/vc_row][vc_row top_padding=&#8221;90&#8243; bottom_padding=&#8221;90&#8243; bg_position=&#8221;left top&#8221;][vc_column width=&#8221;1\/2&#8243;][vc_column_text]El Grup de Recerca en Entonaci\u00f3 i Parla (GREP) \u00e9s un grup de recerca consolidat per l\u2019AGAUR des de l\u2019any 2009, que s\u2019ubica al Laboratori de Fon\u00e8tica Aplicada de la Universitat de Barcelona. Neix el 2008 a partir d\u2019un grup d\u2019investigadors que s\u2019havien anat incorporant a l\u2019equip del laboratori des de feia m\u00e9s d\u2019una d\u00e8cada. El grup s\u2019interessa en l\u2019an\u00e0lisi de la pron\u00fancia, l\u2019entonaci\u00f3 i la pros\u00f2dia del catal\u00e0 i del castell\u00e0, com a primeres lleng\u00fces (L1), segones lleng\u00fces (L2) i lleng\u00fces estrangeres (LE) en parla espont\u00e0nia.\u00a0 Tamb\u00e9 experimenta en la implementaci\u00f3 dels resultats en propostes did\u00e0ctiques, dins el marc de l\u2019enfocament comunicatiu.[\/vc_column_text][\/vc_column][vc_column width=&#8221;1\/2&#8243;][\/vc_column][\/vc_row][vc_row bg_color=&#8221;#333333&#8243; text_color=&#8221;light&#8221; top_padding=&#8221;100&#8243; bottom_padding=&#8221;100&#8243; row_id=&#8221;projectes&#8221; bg_position=&#8221;center center&#8221;][vc_column width=&#8221;1\/1&#8243;][vc_separator color=&#8221;custom&#8221; accent_color=&#8221;#4c4c4c&#8221;][vc_separator color=&#8221;custom&#8221; accent_color=&#8221;#4c4c4c&#8221;][vc_separator color=&#8221;custom&#8221; accent_color=&#8221;#4c4c4c&#8221;][vc_separator color=&#8221;custom&#8221; accent_color=&#8221;#4c4c4c&#8221;][vc_separator color=&#8221;custom&#8221; accent_color=&#8221;#4c4c4c&#8221;][\/vc_column][\/vc_row]<\/p>\n","protected":false},"author":1,"featured_media":0,"parent":0,"menu_order":0,"comment_status":"closed","ping_status":"closed","template":"","meta":{"footnotes":""},"class_list":["post-15949","page","type-page","status-publish","hentry"],"_links":{"self":[{"href":"https:\/\/www.ub.edu\/lfa\/wp-json\/wp\/v2\/pages\/15949","targetHints":{"allow":["GET"]}}],"collection":[{"href":"https:\/\/www.ub.edu\/lfa\/wp-json\/wp\/v2\/pages"}],"about":[{"href":"https:\/\/www.ub.edu\/lfa\/wp-json\/wp\/v2\/types\/page"}],"author":[{"embeddable":true,"href":"https:\/\/www.ub.edu\/lfa\/wp-json\/wp\/v2\/users\/1"}],"replies":[{"embeddable":true,"href":"https:\/\/www.ub.edu\/lfa\/wp-json\/wp\/v2\/comments?post=15949"}],"version-history":[{"count":15,"href":"https:\/\/www.ub.edu\/lfa\/wp-json\/wp\/v2\/pages\/15949\/revisions"}],"predecessor-version":[{"id":16640,"href":"https:\/\/www.ub.edu\/lfa\/wp-json\/wp\/v2\/pages\/15949\/revisions\/16640"}],"wp:attachment":[{"href":"https:\/\/www.ub.edu\/lfa\/wp-json\/wp\/v2\/media?parent=15949"}],"curies":[{"name":"wp","href":"https:\/\/api.w.org\/{rel}","templated":true}]}}