{"id":3894,"date":"2014-04-10T14:23:55","date_gmt":"2014-04-10T14:23:55","guid":{"rendered":"https:\/\/www.ub.edu\/masterae\/?page_id=3894"},"modified":"2024-05-30T12:04:19","modified_gmt":"2024-05-30T12:04:19","slug":"documentacion","status":"publish","type":"page","link":"https:\/\/www.ub.edu\/masterae\/documentacion\/","title":{"rendered":"Documentaci\u00f3n"},"content":{"rendered":"<div class=\"clr  \" ><div class=\"wpb_row vc_row-fluid   \"> \n\t<div class=\"vc_span12 wpb_column column_container  vcex-skin-default \" >\n\t\t\t<script type=\"text\/javascript\">var lsjQuery = jQuery;<\/script><script type=\"text\/javascript\"> lsjQuery(document).ready(function() { if(typeof lsjQuery.fn.layerSlider == \"undefined\") { lsShowNotice('layerslider_16','jquery'); } else { lsjQuery(\"#layerslider_16\").layerSlider({skinsPath: 'https:\/\/www.ub.edu\/masterae\/wp-content\/plugins\/layerslider\/static\/skins\/'}) } }); <\/script><div class=\"ls-wp-fullwidth-container\"><div class=\"ls-wp-fullwidth-helper\"><div id=\"layerslider_16\" class=\"ls-wp-container\" style=\"width:1280px;height:250px;margin:0 auto;margin-bottom: 0px;\"><div class=\"ls-slide\" data-ls=\" transition2d: all;\"><img src=\"https:\/\/www.ub.edu\/masterae\/wp-content\/plugins\/layerslider\/static\/img\/blank.gif\" data-src=\"https:\/\/www.ub.edu\/masterae\/wp-content\/uploads\/2014\/05\/cabecera-vi\u00f1as.jpg\" class=\"ls-bg\" alt=\"Slide background\" \/><p class=\"ls-l\" style=\"top:107px;left:510px;padding-right:10px;padding-left:10px;font-family:Lato;font-size:32px;line-height:50px;color:#ababab;background:#ffffff;border-radius:5px;\" data-ls=\"easingin:easeInQuad;\">Documentaci\u00f3n<\/p><\/div><\/div><\/div><\/div><hr class=\"vcex-spacing \" style=\"height: 40px\" \/><div class=\"clr  \" ><div class=\"wpb_row vc_row-fluid   \">\n\t<div class=\"vc_span3 wpb_column column_container  vcex-skin-default \" >\n\t\t\t\n\t<\/div> \n\n\t<div class=\"vc_span3 wpb_column column_container  vcex-skin-default \" >\n\t\t\t\n\t<div class=\"wpb_text_column wpb_content_element \">\n\t\t<div class=\"wpb_wrapper\">\n\t\t\t<p>Cartel M\u00e1ster Agroecolog\u00eda y Agricultura Ecol\u00f3gica 2024 &#8211; 2025<\/p>\n\n\t\t<\/div> \n\t<\/div> <hr class=\"vcex-spacing \" style=\"height: 10px\" \/>\n\t<div class=\"wpb_single_image wpb_content_element vc_align_left\">\n\t\t<div class=\"wpb_wrapper\">\n\t\t\t\n\t\t\t<a class=\"vcex-img-hover-parent vcex-img-hover-fade-out\" href=\"https:\/\/www.ub.edu\/masterae\/wp-content\/uploads\/2024\/05\/AAFF-Poster-2024-2-scaled-e1717069370648.jpg\"><img width=\"910\" height=\"1279\" src=\"https:\/\/www.ub.edu\/masterae\/wp-content\/uploads\/2024\/05\/AAFF-Poster-2024-2-scaled-e1717069370648.jpg\" class=\"attachment-full size-full\" alt=\"\" decoding=\"async\" loading=\"lazy\" \/><\/a>\n\t\t<\/div> \n\t<\/div> <hr class=\"vcex-spacing \" style=\"height: 10px\" \/><div class=\"textcenter\"><a href=\"https:\/\/www.ub.edu\/masterae\/wp-content\/uploads\/2024\/05\/AAFF-Poster-2024-2-scaled.jpg\" class=\"vcex-button vcex-button-expanded graphical align-center small grey  \" target=\"_blank\" title=\"Descargar\"  style=\"font-size: 14;font-weight: 200;border-radius: 5px;\" ><span class=\"vcex-button-inner\"  style=\"font-size: 14;font-weight: 200;border-radius: 5px;\"><i class=\"vcex-button-icon-left fa fa-download\"><\/i>Descargar<\/span><\/a><\/div>\n\t<\/div> \n\n\t<div class=\"vc_span3 wpb_column column_container  vcex-skin-default \" >\n\t\t\t\n\t<div class=\"wpb_text_column wpb_content_element \">\n\t\t<div class=\"wpb_wrapper\">\n\t\t\t<p>Folleto M\u00e1ster Agroecolog\u00eda y Agricultura Ecol\u00f3gica 2024 -2025<\/p>\n\n\t\t<\/div> \n\t<\/div> <hr class=\"vcex-spacing \" style=\"height: 10px\" \/>\n\t<div class=\"wpb_single_image wpb_content_element vc_align_center\">\n\t\t<div class=\"wpb_wrapper\">\n\t\t\t\n\t\t\t<a class=\"vcex-img-hover-parent vcex-img-hover-fade-out\" href=\"https:\/\/www.ub.edu\/masterae\/wp-content\/uploads\/2024\/05\/AAFF_Folleto_Master_2024_Digital.pdf\"><img width=\"300\" height=\"300\" src=\"https:\/\/www.ub.edu\/masterae\/wp-content\/uploads\/2024\/05\/AAFF_Folleto_Master_2024_Digital_Pagina_1-300x300.jpg\" class=\"attachment-medium size-medium\" alt=\"\" decoding=\"async\" loading=\"lazy\" srcset=\"https:\/\/www.ub.edu\/masterae\/wp-content\/uploads\/2024\/05\/AAFF_Folleto_Master_2024_Digital_Pagina_1-300x300.jpg 300w, https:\/\/www.ub.edu\/masterae\/wp-content\/uploads\/2024\/05\/AAFF_Folleto_Master_2024_Digital_Pagina_1-1024x1024.jpg 1024w, https:\/\/www.ub.edu\/masterae\/wp-content\/uploads\/2024\/05\/AAFF_Folleto_Master_2024_Digital_Pagina_1-150x150.jpg 150w, https:\/\/www.ub.edu\/masterae\/wp-content\/uploads\/2024\/05\/AAFF_Folleto_Master_2024_Digital_Pagina_1-768x768.jpg 768w, https:\/\/www.ub.edu\/masterae\/wp-content\/uploads\/2024\/05\/AAFF_Folleto_Master_2024_Digital_Pagina_1-1536x1536.jpg 1536w, https:\/\/www.ub.edu\/masterae\/wp-content\/uploads\/2024\/05\/AAFF_Folleto_Master_2024_Digital_Pagina_1.jpg 2042w\" sizes=\"(max-width: 300px) 100vw, 300px\" \/><\/a>\n\t\t<\/div> \n\t<\/div> <hr class=\"vcex-spacing \" style=\"height: 10px\" \/><div class=\"textcenter\"><a href=\"https:\/\/www.ub.edu\/masterae\/wp-content\/uploads\/2024\/05\/AAFF_Folleto_Master_2024_Digital.pdf\" class=\"vcex-button vcex-button-expanded graphical align-center small grey  \" target=\"_blank\" title=\"Descargar\"  style=\"font-size: 14;font-weight: 200;border-radius: 5px;\" ><span class=\"vcex-button-inner\"  style=\"font-size: 14;font-weight: 200;border-radius: 5px;\"><i class=\"vcex-button-icon-left fa fa-download\"><\/i>Descargar<\/span><\/a><\/div>\n\t<\/div> \n\n\t<div class=\"vc_span3 wpb_column column_container  vcex-skin-default \" >\n\t\t\t\n\t<\/div> \n<\/div><\/div>\n\t<\/div> \n<\/div><\/div>\n","protected":false},"excerpt":{"rendered":"var lsjQuery = jQuery; lsjQuery(document).ready(function() { if(typeof lsjQuery.fn.layerSlider == \"undefined\") { lsShowNotice('layerslider_16','jquery'); } else { lsjQuery(\"#layerslider_16\").layerSlider({skinsPath: 'https:\/\/www.ub.edu\/masterae\/wp-content\/plugins\/layerslider\/static\/skins\/'}) } }); Documentaci\u00f3n Cartel M\u00e1ster Agroecolog\u00eda y Agricultura Ecol\u00f3gica 2024 - 2025 Descargar Folleto M\u00e1ster Agroecolog\u00eda y Agricultura Ecol\u00f3gica 2024 -2025 Descargar","protected":false},"author":1,"featured_media":0,"parent":0,"menu_order":0,"comment_status":"open","ping_status":"open","template":"","meta":[],"_links":{"self":[{"href":"https:\/\/www.ub.edu\/masterae\/wp-json\/wp\/v2\/pages\/3894"}],"collection":[{"href":"https:\/\/www.ub.edu\/masterae\/wp-json\/wp\/v2\/pages"}],"about":[{"href":"https:\/\/www.ub.edu\/masterae\/wp-json\/wp\/v2\/types\/page"}],"author":[{"embeddable":true,"href":"https:\/\/www.ub.edu\/masterae\/wp-json\/wp\/v2\/users\/1"}],"replies":[{"embeddable":true,"href":"https:\/\/www.ub.edu\/masterae\/wp-json\/wp\/v2\/comments?post=3894"}],"version-history":[{"count":81,"href":"https:\/\/www.ub.edu\/masterae\/wp-json\/wp\/v2\/pages\/3894\/revisions"}],"predecessor-version":[{"id":7051,"href":"https:\/\/www.ub.edu\/masterae\/wp-json\/wp\/v2\/pages\/3894\/revisions\/7051"}],"wp:attachment":[{"href":"https:\/\/www.ub.edu\/masterae\/wp-json\/wp\/v2\/media?parent=3894"}],"curies":[{"name":"wp","href":"https:\/\/api.w.org\/{rel}","templated":true}]}}