{"id":44,"date":"2020-09-03T10:52:26","date_gmt":"2020-09-03T08:52:26","guid":{"rendered":"https:\/\/www.ub.edu\/masterartsonor_temp\/?page_id=44"},"modified":"2026-04-27T18:21:55","modified_gmt":"2026-04-27T16:21:55","slug":"presentacion","status":"publish","type":"page","link":"https:\/\/www.ub.edu\/masterartsonor\/es\/presentacion\/","title":{"rendered":"Presentaci\u00f3n"},"content":{"rendered":"\n<div class=\"wp-block-columns alignwide is-layout-flex wp-container-core-columns-is-layout-28f84493 wp-block-columns-is-layout-flex\">\n<div class=\"wp-block-column is-layout-flow wp-block-column-is-layout-flow\" style=\"flex-basis:20%\">\n<h2 class=\"wp-block-heading has-large-font-size\" style=\"text-transform:uppercase\">\u00bfA qui\u00e9n va dirigido?<\/h2>\n<\/div>\n\n\n\n<div class=\"wp-block-column is-layout-flow wp-block-column-is-layout-flow\" style=\"flex-basis:80%\">\n<p>El m\u00e1ster est\u00e1 dirigido preferentemente a titulados y profesionales en los campos de las artes pl\u00e1sticas, la arquitectura y la m\u00fasica. Debido a su contenido, este curso de postgrado puede ser de inter\u00e9s para licenciados y profesionales en historia del arte, pedagog\u00eda, psicolog\u00eda y filosof\u00eda. Los alumnos licenciados recibir\u00e1n un t\u00edtulo de posgrado, y a profesionales y estudiantes que est\u00e9n hasta un 10% para terminar sus estudios de pregrado, recibir\u00e1n un t\u00edtulo de Extensi\u00f3n Universitaria.<\/p>\n<\/div>\n<\/div>\n\n\n\n<hr class=\"wp-block-separator has-text-color has-border-color has-alpha-channel-opacity has-border-background-color has-background is-style-wide is-style-wide--1\"\/>\n\n\n\n<div class=\"wp-block-columns alignwide is-layout-flex wp-container-core-columns-is-layout-28f84493 wp-block-columns-is-layout-flex\">\n<div class=\"wp-block-column is-layout-flow wp-block-column-is-layout-flow\" style=\"flex-basis:20%\">\n<h2 class=\"wp-block-heading has-large-font-size\" style=\"text-transform:uppercase\">Metodolog\u00eda<\/h2>\n<\/div>\n\n\n\n<div class=\"wp-block-column is-layout-flow wp-block-column-is-layout-flow\" style=\"flex-basis:80%\">\n<p>El m\u00e1ster tiene como objetivo desarrollar una actitud pr\u00e1ctica y experimental con los conceptos, procedimientos y t\u00e9cnicas propias del arte sonoro, basadas en el inter\u00e9s de cada alumno y su proyecto personal.<\/p>\n\n\n\n<p>Se trabajar\u00e1 con la intersecci\u00f3n de lenguajes de diferentes or\u00edgenes: conceptos art\u00edsticos basados en el arte experimental de las \u00faltimas d\u00e9cadas y marcos conceptuales h\u00edbridos de la ciencia y la m\u00fasica. Se desarrollar\u00e1 un m\u00e9todo de trabajo basado en el pensamiento en red, a trav\u00e9s de la interrelaci\u00f3n, interacci\u00f3n, interconexi\u00f3n de ejemplos, conceptos y obras art\u00edsticas entendidas como un proceso de trabajo donde se combinan informaci\u00f3n y experiencias que se pueden mezclar y reorganizar de m\u00faltiples maneras posibles.<\/p>\n\n\n\n<p>Se aplicar\u00e1 un sistema de trabajo pr\u00e1ctico basado en la experimentaci\u00f3n directa con sonidos, espacios y materiales, desarrollando una estructura acumulativa de experiencias con una combinatoria destinada a expandirse a una multiplicidad de relaciones y direcciones.<\/p>\n<\/div>\n<\/div>\n\n\n\n<hr class=\"wp-block-separator has-text-color has-border-color has-alpha-channel-opacity has-border-background-color has-background is-style-wide is-style-wide--2\"\/>\n\n\n\n<div class=\"wp-block-columns alignwide is-layout-flex wp-container-core-columns-is-layout-28f84493 wp-block-columns-is-layout-flex\">\n<div class=\"wp-block-column is-layout-flow wp-block-column-is-layout-flow\" style=\"flex-basis:20%\">\n<h2 class=\"wp-block-heading has-large-font-size\" style=\"text-transform:uppercase\">Idiomas<\/h2>\n<\/div>\n\n\n\n<div class=\"wp-block-column is-layout-flow wp-block-column-is-layout-flow\" style=\"flex-basis:80%\">\n<p>Las clases se llevan a cabo generalmente en <strong>espa\u00f1ol, <\/strong>sin que esto quiera decir que algunos profesores no puedan dar ciertas explicaciones adicionales en otros idiomas, como ingl\u00e9s o franc\u00e9s, a los estudiantes que lo requieran. Sin embargo, no se requiere acreditaci\u00f3n del dominio del espa\u00f1ol.<\/p>\n\n\n\n<p>Los profesores invitados pueden ocasionalmente usar otros idiomas, como ingl\u00e9s o franc\u00e9s.<\/p>\n<\/div>\n<\/div>\n\n\n\n<hr class=\"wp-block-separator has-text-color has-border-color has-alpha-channel-opacity has-border-background-color has-background is-style-wide is-style-wide--3\"\/>\n\n\n\n<div class=\"wp-block-columns alignwide is-layout-flex wp-container-core-columns-is-layout-28f84493 wp-block-columns-is-layout-flex\">\n<div class=\"wp-block-column is-layout-flow wp-block-column-is-layout-flow\" style=\"flex-basis:20%\">\n<h2 class=\"wp-block-heading has-large-font-size\" style=\"text-transform:uppercase\">Modalidad online<\/h2>\n<\/div>\n\n\n\n<div class=\"wp-block-column is-layout-flow wp-block-column-is-layout-flow\" style=\"flex-basis:80%\">\n<p>El m\u00e1ster dispone tambi\u00e9n de una modalidad online, dirigida al mismo perfil de estudiantes y con objetivos y contenidos equivalentes. Esta modalidad se desarrolla a trav\u00e9s del campus virtual, mediante v\u00eddeos acompa\u00f1ados de textos, ejercicios, bibliograf\u00eda y, en algunos casos, autoevaluaciones.<\/p>\n\n\n\n<p>Al tratarse de una opci\u00f3n online en la que participan personas de distintos husos horarios, no hay horarios espec\u00edficos de asignaturas, lo que permite a cada estudiante organizar su ritmo de trabajo. La comunicaci\u00f3n se realiza a trav\u00e9s de foros, mensajer\u00eda interna y, opcionalmente, videoconferencias. En determinadas asignaturas pueden realizarse conciertos online con los trabajos finales, que requieren sincronizaci\u00f3n puntual.<\/p>\n\n\n\n<div class=\"wp-block-buttons is-layout-flex wp-block-buttons-is-layout-flex\">\n<div class=\"wp-block-button\"><a class=\"wp-block-button__link has-white-color has-custom-blau-background-color has-text-color has-background has-link-color wp-element-button\" href=\"https:\/\/www.ub.edu\/masterartsonor\/online\/\">Ver Modalidad Online<\/a><\/div>\n<\/div>\n<\/div>\n<\/div>\n","protected":false},"excerpt":{"rendered":"<p>\u00bfA qui\u00e9n va dirigido? El m\u00e1ster est\u00e1 dirigido preferentemente a titulados y profesionales en los campos de las artes pl\u00e1sticas, la arquitectura y la m\u00fasica. Debido a su contenido, este curso de postgrado puede ser de inter\u00e9s para licenciados y profesionales en historia del arte, pedagog\u00eda, psicolog\u00eda y filosof\u00eda. Los alumnos licenciados recibir\u00e1n un t\u00edtulo [&hellip;]<\/p>\n","protected":false},"author":1,"featured_media":109,"parent":0,"menu_order":0,"comment_status":"closed","ping_status":"closed","template":"","meta":{"_acf_changed":false,"footnotes":""},"class_list":["post-44","page","type-page","status-publish","has-post-thumbnail","hentry"],"acf":[],"mb":[],"lang":"es","translations":{"es":44,"ca":486,"en":491},"pll_sync_post":[],"mfb_rest_fields":["title","lang","translations","pll_sync_post"],"_links":{"self":[{"href":"https:\/\/www.ub.edu\/masterartsonor\/wp-json\/wp\/v2\/pages\/44","targetHints":{"allow":["GET"]}}],"collection":[{"href":"https:\/\/www.ub.edu\/masterartsonor\/wp-json\/wp\/v2\/pages"}],"about":[{"href":"https:\/\/www.ub.edu\/masterartsonor\/wp-json\/wp\/v2\/types\/page"}],"author":[{"embeddable":true,"href":"https:\/\/www.ub.edu\/masterartsonor\/wp-json\/wp\/v2\/users\/1"}],"replies":[{"embeddable":true,"href":"https:\/\/www.ub.edu\/masterartsonor\/wp-json\/wp\/v2\/comments?post=44"}],"version-history":[{"count":24,"href":"https:\/\/www.ub.edu\/masterartsonor\/wp-json\/wp\/v2\/pages\/44\/revisions"}],"predecessor-version":[{"id":2037,"href":"https:\/\/www.ub.edu\/masterartsonor\/wp-json\/wp\/v2\/pages\/44\/revisions\/2037"}],"wp:featuredmedia":[{"embeddable":true,"href":"https:\/\/www.ub.edu\/masterartsonor\/wp-json\/wp\/v2\/media\/109"}],"wp:attachment":[{"href":"https:\/\/www.ub.edu\/masterartsonor\/wp-json\/wp\/v2\/media?parent=44"}],"curies":[{"name":"wp","href":"https:\/\/api.w.org\/{rel}","templated":true}]}}