{"id":5,"date":"2020-08-06T17:27:03","date_gmt":"2020-08-06T15:27:03","guid":{"rendered":"https:\/\/www.ub.edu\/masterartsonor_temp\/?page_id=5"},"modified":"2026-04-24T17:43:19","modified_gmt":"2026-04-24T15:43:19","slug":"master-en-art-sonor","status":"publish","type":"page","link":"https:\/\/www.ub.edu\/masterartsonor\/","title":{"rendered":"M\u00e0ster en Art Sonor"},"content":{"rendered":"\n<div class=\"wp-block-group alignwide has-global-padding is-content-justification-left is-layout-constrained wp-container-core-group-is-layout-1fefd405 wp-block-group-is-layout-constrained has-background\" style=\"margin-bottom:var(--wp--preset--spacing--60);background-image:url(&apos;https:\/\/www.ub.edu\/masterartsonor\/wp-content\/uploads\/2020\/09\/master-art-sonor-portada.png&apos;);background-position:100% 50%;background-repeat:no-repeat;background-size:auto;background-attachment:scroll;\">\n<div class=\"wp-block-group is-vertical is-layout-flex wp-container-core-group-is-layout-5e3b85b0 wp-block-group-is-layout-flex\" style=\"padding-top:80px;padding-bottom:80px\">\n<h1 class=\"wp-block-heading\" style=\"font-size:clamp(57.838px, 3.615rem + ((1vw - 3.2px) * 6.094), 120px);font-style:normal;font-weight:400;letter-spacing:-2px;line-height:0.9\">M\u00e0ster en Art Sonor<\/h1>\n\n\n\n<p class=\"has-large-font-size\">El M\u00e0ster en&nbsp;<strong>Art Sonor de la Universitat de Barcelona<\/strong>&nbsp;s&#8217;orienta al coneixement de les idees, t\u00e8cniques i tecnologies necess\u00e0ries per l&#8217;articulaci\u00f3 de propostes de produccions art\u00edstiques en el camp de l&#8217;art sonor, aix\u00ed com a l&#8217;estudi dels conceptes de refer\u00e8ncia sobre les noves escoltes, a partir de les que es facilitar\u00e0 la formulaci\u00f3 de noves idees ben contextualitzades en el marc de l&#8217;art contemporani internacional.<\/p>\n<\/div>\n<\/div>\n\n\n\n<div class=\"wp-block-group alignfull has-main-background-background-color has-background has-global-padding is-layout-constrained wp-block-group-is-layout-constrained\" style=\"margin-bottom:var(--wp--preset--spacing--50);padding-top:var(--wp--preset--spacing--70);padding-bottom:var(--wp--preset--spacing--70)\">\n<div class=\"wp-block-columns alignwide is-layout-flex wp-container-core-columns-is-layout-28f84493 wp-block-columns-is-layout-flex\">\n<div class=\"wp-block-column is-layout-flow wp-block-column-is-layout-flow\">\n<h2 class=\"wp-block-heading has-x-large-font-size\" style=\"text-transform:uppercase\">Aprendre<\/h2>\n\n\n\n<p class=\"has-medium-font-size\">El m\u00e0ster pret\u00e9n desenvolupar una actitud pr\u00e0ctica i experimental amb els conceptes, procediments i t\u00e8cniques pr\u00f2pies de l\u2019art sonor. Es treballar\u00e0 amb l&#8217;encreuament de llenguatges de diversa proced\u00e8ncia: conceptes art\u00edstics a partir de l\u2019art experimental de les \u00faltimes d\u00e8cades i marcs conceptuals h\u00edbrids provinents de la ci\u00e8ncia i la m\u00fasica.<\/p>\n<\/div>\n\n\n\n<div class=\"wp-block-column is-layout-flow wp-block-column-is-layout-flow\">\n<h2 class=\"wp-block-heading has-x-large-font-size\" style=\"text-transform:uppercase\">M\u00e8tode<\/h2>\n\n\n\n<p class=\"has-medium-font-size\">Es desenvolupar\u00e0 un m\u00e8tode de treball basat en el pensament en xarxa, mitjan\u00e7ant la interrelaci\u00f3, interacci\u00f3, interconnexi\u00f3 d\u2019exemples, conceptes i obres art\u00edstiques enteses com un proc\u00e9s de treball on es combinen informacions i experi\u00e8ncies que poden barrejar-se i reordenar-se de m\u00faltiples maneres possibles.<\/p>\n<\/div>\n\n\n\n<div class=\"wp-block-column is-layout-flow wp-block-column-is-layout-flow\">\n<h2 class=\"wp-block-heading has-x-large-font-size\" style=\"text-transform:uppercase\">Sistema<\/h2>\n\n\n\n<p class=\"has-medium-font-size\">S\u2019aplicar\u00e0 un sistema de treball pr\u00e0ctic basat en l\u2019experimentaci\u00f3 directe amb els sons, els espais i els materials, desenvolupant una estructura acumulativa d\u2019experi\u00e8ncies amb una combinat\u00f2ria destinada a expandir-se en una multiplicitat de relacions i direccions.<\/p>\n<\/div>\n<\/div>\n<\/div>\n\n\n\n<div class=\"wp-block-columns alignwide is-layout-flex wp-container-core-columns-is-layout-28f84493 wp-block-columns-is-layout-flex\">\n<div class=\"wp-block-column is-layout-flow wp-block-column-is-layout-flow\" style=\"flex-basis:66.66%\">\n<div class=\"wp-block-group alignwide is-layout-grid wp-container-core-group-is-layout-67940868 wp-block-group-is-layout-grid\" style=\"padding-top:0;padding-right:0;padding-bottom:0;padding-left:0\">\n<div class=\"wp-block-group has-main-background-background-color has-background is-vertical is-layout-flex wp-container-core-group-is-layout-cb358442 wp-block-group-is-layout-flex\" style=\"padding-top:var(--wp--preset--spacing--30);padding-right:var(--wp--preset--spacing--30);padding-bottom:var(--wp--preset--spacing--30);padding-left:var(--wp--preset--spacing--30)\">\n<figure class=\"wp-block-image size-full is-resized\"><img decoding=\"async\" src=\"https:\/\/www.ub.edu\/masterartsonor\/wp-content\/uploads\/2026\/04\/icon-pla-estudis.svg\" alt=\"\" class=\"wp-image-1675\" style=\"width:40px\"\/><\/figure>\n\n\n\n<h2 class=\"wp-block-heading\">Pla d\u2019estudis<\/h2>\n\n\n\n<p>El M\u00e0ster s\u2019estructura en dos postgraus i un Projecte Final de M\u00e0ster. Consulta aqu\u00ed el pla d\u2019estudis de l\u2019M\u00e0ster en Art Sonor.<\/p>\n\n\n\n<div class=\"wp-block-buttons is-layout-flex wp-container-core-buttons-is-layout-e7219c75 wp-block-buttons-is-layout-flex\">\n<div class=\"wp-block-button\"><a class=\"wp-block-button__link has-white-background-color has-background wp-element-button\" href=\"https:\/\/www.ub.edu\/masterartsonor\/estructura\/\" style=\"border-top-left-radius:0px;border-top-right-radius:0px;border-bottom-left-radius:0px;border-bottom-right-radius:0px;text-transform:uppercase\">M\u00e9s informaci\u00f3<\/a><\/div>\n<\/div>\n<\/div>\n\n\n\n<div class=\"wp-block-group has-main-background-background-color has-background is-vertical is-layout-flex wp-container-core-group-is-layout-cb358442 wp-block-group-is-layout-flex\" style=\"padding-top:var(--wp--preset--spacing--30);padding-right:var(--wp--preset--spacing--30);padding-bottom:var(--wp--preset--spacing--30);padding-left:var(--wp--preset--spacing--30)\">\n<figure class=\"wp-block-image size-full is-resized\"><img decoding=\"async\" src=\"https:\/\/www.ub.edu\/masterartsonor\/wp-content\/uploads\/2026\/04\/icon-calendari-horaris.svg\" alt=\"\" class=\"wp-image-1669\" style=\"width:40px\"\/><\/figure>\n\n\n\n<h2 class=\"wp-block-heading\">Calendari i horaris<\/h2>\n\n\n\n<p>El proper inici de doc\u00e8ncia \u00e9s el 13 d&#8217;octubre de 2026. Aqu\u00ed trobar\u00e0s el calendari detallat del M\u00e0ster en Art Sonor.<\/p>\n\n\n\n<div class=\"wp-block-buttons is-layout-flex wp-container-core-buttons-is-layout-e7219c75 wp-block-buttons-is-layout-flex\">\n<div class=\"wp-block-button\"><a class=\"wp-block-button__link has-white-background-color has-background wp-element-button\" href=\"https:\/\/www.ub.edu\/masterartsonor\/calendari\/\" style=\"border-top-left-radius:0px;border-top-right-radius:0px;border-bottom-left-radius:0px;border-bottom-right-radius:0px;text-transform:uppercase\">M\u00e9s informaci\u00f3<\/a><\/div>\n<\/div>\n<\/div>\n\n\n\n<div class=\"wp-block-group has-border-color has-accent-orange-border-color has-white-background-color has-background is-vertical is-layout-flex wp-container-core-group-is-layout-cb358442 wp-block-group-is-layout-flex\" style=\"padding-top:var(--wp--preset--spacing--30);padding-right:var(--wp--preset--spacing--30);padding-bottom:var(--wp--preset--spacing--30);padding-left:var(--wp--preset--spacing--30)\">\n<div class=\"wp-block-group has-global-padding is-layout-constrained wp-block-group-is-layout-constrained\">\n<figure class=\"wp-block-image size-full is-resized\"><img decoding=\"async\" src=\"https:\/\/www.ub.edu\/masterartsonor\/wp-content\/uploads\/2026\/04\/icon-inscripcio.svg\" alt=\"\" class=\"wp-image-1672\" style=\"width:40px\"\/><\/figure>\n\n\n\n<h2 class=\"wp-block-heading has-base-text-color has-text-color has-link-color wp-elements-312af450ecafcddbe058bdc7466baab1\">Inscripci\u00f3, matriculaci\u00f3 i preus<\/h2>\n\n\n\n<p class=\"has-base-text-color has-text-color has-link-color wp-elements-5d3b6d67f9d171e61fe3db9957839f82\">Aqu\u00ed trobar\u00e0s la informaci\u00f3 sobre les condicions d\u2019acc\u00e9s, matriculaci\u00f3 i preus.<\/p>\n<\/div>\n\n\n\n<div class=\"wp-block-buttons is-layout-flex wp-container-core-buttons-is-layout-e7219c75 wp-block-buttons-is-layout-flex\">\n<div class=\"wp-block-button\"><a class=\"wp-block-button__link has-base-text-color has-white-background-color has-text-color has-background has-link-color has-border-color has-base-text-border-color wp-element-button\" href=\"https:\/\/www.ub.edu\/masterartsonor\/matriculacio\/\" style=\"border-width:1px;border-top-left-radius:0px;border-top-right-radius:0px;border-bottom-left-radius:0px;border-bottom-right-radius:0px;text-transform:uppercase\">M\u00e9s informaci\u00f3<\/a><\/div>\n<\/div>\n<\/div>\n\n\n\n<div class=\"wp-block-group has-white-color has-accent-orange-background-color has-text-color has-background has-link-color wp-elements-a6a3e73667553030476af130b99ec492 is-vertical is-layout-flex wp-container-core-group-is-layout-cb358442 wp-block-group-is-layout-flex\" style=\"padding-top:var(--wp--preset--spacing--30);padding-right:var(--wp--preset--spacing--30);padding-bottom:var(--wp--preset--spacing--30);padding-left:var(--wp--preset--spacing--30)\">\n<div class=\"wp-block-group has-global-padding is-layout-constrained wp-block-group-is-layout-constrained\">\n<figure class=\"wp-block-image size-full is-resized\"><img decoding=\"async\" src=\"https:\/\/www.ub.edu\/masterartsonor\/wp-content\/uploads\/2026\/04\/icon-matricula-oberta-white.svg\" alt=\"\" class=\"wp-image-1673\" style=\"width:40px\"\/><\/figure>\n\n\n\n<h2 class=\"wp-block-heading\">Pre-matriculaci\u00f3 oberta!<\/h2>\n\n\n\n<p style=\"text-transform:uppercase\">Postgrau de Disseny Sonor<\/p>\n\n\n\n<p>Matr\u00edcula:\u00a0<strong>1-30\/10\/2025<\/strong><br>Inici :\u00a0<strong>14\/10\/2025<\/strong><br>Fi:\u00a0<strong>06\/02\/2026<\/strong><\/p>\n\n\n\n<p style=\"text-transform:uppercase\">Postgrau de Creaci\u00f3 Sonora<\/p>\n\n\n\n<p>Matr\u00edcula:\u00a0<strong>1-28\/02\/2026<\/strong><br>Inici :\u00a0<strong>03\/03\/2026<\/strong><br>Fi :\u00a0<strong>30\/06\/2026<\/strong><\/p>\n<\/div>\n\n\n\n<div class=\"wp-block-buttons is-layout-flex wp-container-core-buttons-is-layout-e7219c75 wp-block-buttons-is-layout-flex\">\n<div class=\"wp-block-button button-black-hover\"><a class=\"wp-block-button__link has-accent-orange-color has-white-background-color has-text-color has-background has-link-color wp-element-button\" href=\"https:\/\/www.ub.edu\/masterartsonor\/pre-inscripcio\/\" style=\"border-top-left-radius:0px;border-top-right-radius:0px;border-bottom-left-radius:0px;border-bottom-right-radius:0px;text-transform:uppercase\">Preinscripci\u00f3<\/a><\/div>\n<\/div>\n<\/div>\n<\/div>\n<\/div>\n\n\n\n<div class=\"wp-block-column is-layout-flow wp-block-column-is-layout-flow\" style=\"flex-basis:33.33%\">\n<div class=\"wp-block-group has-border-color has-accent-orange-border-color has-white-background-color has-background wp-container-content-70fa0643 has-global-padding is-layout-constrained wp-container-core-group-is-layout-80fb368b wp-block-group-is-layout-constrained\" style=\"padding-top:var(--wp--preset--spacing--30);padding-right:var(--wp--preset--spacing--30);padding-bottom:var(--wp--preset--spacing--30);padding-left:var(--wp--preset--spacing--30)\">\n<figure class=\"wp-block-image size-full is-resized\"><img decoding=\"async\" src=\"https:\/\/www.ub.edu\/masterartsonor\/wp-content\/uploads\/2026\/04\/icon-contacta.svg\" alt=\"\" class=\"wp-image-1670\" style=\"width:40px\"\/><\/figure>\n\n\n\n<h2 class=\"wp-block-heading has-base-text-color has-text-color has-link-color wp-elements-30646acec3a48a291490c247960b5c2f\">Contactar<\/h2>\n\n\n\n<p class=\"has-base-text-color has-text-color has-link-color wp-elements-31b78328f5710d306fe7d76835a2e803\">No dubtis en contactar amb nosaltres per a resoldre qualsevol pregunta o enviar un comentari.<\/p>\n\n\n\n<div class=\"wp-block-contact-form-7-contact-form-selector\">\n<div class=\"wpcf7 no-js\" id=\"wpcf7-f60-o1\" lang=\"ca\" dir=\"ltr\" data-wpcf7-id=\"60\">\n<div class=\"screen-reader-response\"><p role=\"status\" aria-live=\"polite\" aria-atomic=\"true\"><\/p> <ul><\/ul><\/div>\n<form action=\"\/masterartsonor\/wp-json\/wp\/v2\/pages\/5#wpcf7-f60-o1\" method=\"post\" class=\"wpcf7-form init\" aria-label=\"Formulari de contacte\" novalidate=\"novalidate\" data-status=\"init\">\n<fieldset class=\"hidden-fields-container\"><input type=\"hidden\" name=\"_wpcf7\" value=\"60\" \/><input type=\"hidden\" name=\"_wpcf7_version\" value=\"6.1.5\" \/><input type=\"hidden\" name=\"_wpcf7_locale\" value=\"ca\" \/><input type=\"hidden\" name=\"_wpcf7_unit_tag\" value=\"wpcf7-f60-o1\" \/><input type=\"hidden\" name=\"_wpcf7_container_post\" value=\"0\" \/><input type=\"hidden\" name=\"_wpcf7_posted_data_hash\" value=\"\" \/>\n<\/fieldset>\n<p><span class=\"wpcf7-form-control-wrap\" data-name=\"your-name\"><input size=\"40\" maxlength=\"400\" class=\"wpcf7-form-control wpcf7-text wpcf7-validates-as-required\" aria-required=\"true\" aria-invalid=\"false\" placeholder=\"Nom*\" value=\"\" type=\"text\" name=\"your-name\" \/><\/span><br \/>\n<span class=\"wpcf7-form-control-wrap\" data-name=\"your-email\"><input size=\"40\" maxlength=\"400\" class=\"wpcf7-form-control wpcf7-email wpcf7-validates-as-required wpcf7-text wpcf7-validates-as-email\" aria-required=\"true\" aria-invalid=\"false\" placeholder=\"email*\" value=\"\" type=\"email\" name=\"your-email\" \/><\/span><br \/>\n<span class=\"wpcf7-form-control-wrap\" data-name=\"your-message\"><textarea cols=\"40\" rows=\"10\" maxlength=\"2000\" class=\"wpcf7-form-control wpcf7-textarea wpcf7-validates-as-required\" aria-required=\"true\" aria-invalid=\"false\" placeholder=\"Comentari*\" name=\"your-message\"><\/textarea><\/span><br \/>\n<span class=\"wpcf7-form-control-wrap\" data-name=\"condicions\"><span class=\"wpcf7-form-control wpcf7-acceptance\"><span class=\"wpcf7-list-item\"><label><input type=\"checkbox\" name=\"condicions\" value=\"1\" aria-invalid=\"false\" \/><span class=\"wpcf7-list-item-label\">He llegit i accepto les <a href=\"#\" target=\"_blank\">condicions de la pol\u00edtica de privacitat<\/a><\/span><\/label><\/span><\/span><\/span>\n<\/p>\n<p class=\"text-privadesa\">Autoritzo a la Universitat de Barcelona a tenir les meves dades al seu arxiu institucional, que es regeix pel Reglament General de Protecci\u00f3 de Dades de la UE (RGPD) 2016\/679 de protecci\u00f3 dades de car\u00e0cter personal. Les meves dades no seran proporcionades a tercers.\n<\/p>\n<p><input class=\"wpcf7-form-control wpcf7-submit has-spinner\" type=\"submit\" value=\"Enviar\" \/>\n<\/p><div class=\"wpcf7-response-output\" aria-hidden=\"true\"><\/div>\n<\/form>\n<\/div>\n<\/div>\n<\/div>\n<\/div>\n<\/div>\n","protected":false},"excerpt":{"rendered":"<p>M\u00e0ster en Art Sonor El M\u00e0ster en&nbsp;Art Sonor de la Universitat de Barcelona&nbsp;s&#8217;orienta al coneixement de les idees, t\u00e8cniques i tecnologies necess\u00e0ries per l&#8217;articulaci\u00f3 de propostes de produccions art\u00edstiques en el camp de l&#8217;art sonor, aix\u00ed com a l&#8217;estudi dels conceptes de refer\u00e8ncia sobre les noves escoltes, a partir de les que es facilitar\u00e0 la [&hellip;]<\/p>\n","protected":false},"author":1,"featured_media":108,"parent":0,"menu_order":0,"comment_status":"closed","ping_status":"closed","template":"p-gina-inici","meta":{"_acf_changed":false,"footnotes":""},"class_list":["post-5","page","type-page","status-publish","has-post-thumbnail","hentry"],"acf":[],"mb":[],"lang":"ca","translations":{"ca":5,"es":18,"en":19},"pll_sync_post":[],"mfb_rest_fields":["title","lang","translations","pll_sync_post"],"_links":{"self":[{"href":"https:\/\/www.ub.edu\/masterartsonor\/wp-json\/wp\/v2\/pages\/5","targetHints":{"allow":["GET"]}}],"collection":[{"href":"https:\/\/www.ub.edu\/masterartsonor\/wp-json\/wp\/v2\/pages"}],"about":[{"href":"https:\/\/www.ub.edu\/masterartsonor\/wp-json\/wp\/v2\/types\/page"}],"author":[{"embeddable":true,"href":"https:\/\/www.ub.edu\/masterartsonor\/wp-json\/wp\/v2\/users\/1"}],"replies":[{"embeddable":true,"href":"https:\/\/www.ub.edu\/masterartsonor\/wp-json\/wp\/v2\/comments?post=5"}],"version-history":[{"count":41,"href":"https:\/\/www.ub.edu\/masterartsonor\/wp-json\/wp\/v2\/pages\/5\/revisions"}],"predecessor-version":[{"id":2018,"href":"https:\/\/www.ub.edu\/masterartsonor\/wp-json\/wp\/v2\/pages\/5\/revisions\/2018"}],"wp:featuredmedia":[{"embeddable":true,"href":"https:\/\/www.ub.edu\/masterartsonor\/wp-json\/wp\/v2\/media\/108"}],"wp:attachment":[{"href":"https:\/\/www.ub.edu\/masterartsonor\/wp-json\/wp\/v2\/media?parent=5"}],"curies":[{"name":"wp","href":"https:\/\/api.w.org\/{rel}","templated":true}]}}