{"id":504,"date":"2021-05-20T11:49:06","date_gmt":"2021-05-20T09:49:06","guid":{"rendered":"https:\/\/www.ub.edu\/masterartsonor_temp\/?page_id=504"},"modified":"2026-04-24T18:22:17","modified_gmt":"2026-04-24T16:22:17","slug":"proyecto-final-de-master","status":"publish","type":"page","link":"https:\/\/www.ub.edu\/masterartsonor\/es\/proyecto-final-de-master\/","title":{"rendered":"Proyecto final de m\u00e1ster"},"content":{"rendered":"\n<div class=\"wp-block-columns alignwide is-layout-flex wp-container-core-columns-is-layout-28f84493 wp-block-columns-is-layout-flex\">\n<div class=\"wp-block-column is-layout-flow wp-block-column-is-layout-flow\" style=\"flex-basis:20%\">\n<h2 class=\"wp-block-heading has-large-font-size\" style=\"text-transform:uppercase\">Objetivos<\/h2>\n<\/div>\n\n\n\n<div class=\"wp-block-column is-layout-flow wp-block-column-is-layout-flow\" style=\"flex-basis:80%\">\n<p>Concepci\u00f3n y desarrollo de un proyecto de producci\u00f3n art\u00edstica o investigaci\u00f3n te\u00f3rica (con posibilidad de combinar ambos) en el \u00e1mbito del arte sonoro. &nbsp;Ser\u00e1 necesario que el trabajo alcance la calidad, originalidad y rigor necesarios para, en caso de que se d\u00e9 la posibilidad, ser realizado y expuesto p\u00fablicamente en un centro relevante en el contexto art\u00edstico y cultural de la ciudad, como Artes Santa M\u00f2nica, o Hangar. En cualquier caso, este trabajo debe respetar los requisitos acad\u00e9micos y universitarios habituales, para que pueda ser evaluada por un panel que se constituir\u00e1 de acuerdo con los criterios de la gesti\u00f3n del M\u00e1ster en Arte Sonoro.<\/p>\n<\/div>\n<\/div>\n\n\n\n<hr class=\"wp-block-separator has-css-opacity is-style-wide is-style-wide--1\"\/>\n\n\n\n<div class=\"wp-block-columns alignwide is-layout-flex wp-container-core-columns-is-layout-28f84493 wp-block-columns-is-layout-flex\">\n<div class=\"wp-block-column is-layout-flow wp-block-column-is-layout-flow\" style=\"flex-basis:20%\">\n<h2 class=\"wp-block-heading has-large-font-size\" style=\"text-transform:uppercase\">Forma<\/h2>\n<\/div>\n\n\n\n<div class=\"wp-block-column is-layout-flow wp-block-column-is-layout-flow\" style=\"flex-basis:80%\">\n<p>El proyecto final del m\u00e1ster adopta la forma de una obra escrita que se estructura de la siguiente manera: objetivos particulares del proyecto, el estado de la t\u00e9cnica en relaci\u00f3n con los objetivos del proyecto, metodolog\u00eda que se ha seguido para la realizaci\u00f3n del proyecto, conclusiones y bibliograf\u00eda de acuerdo con las normas APA.<\/p>\n<\/div>\n<\/div>\n\n\n\n<hr class=\"wp-block-separator has-css-opacity is-style-wide is-style-wide--2\"\/>\n\n\n\n<div class=\"wp-block-columns alignwide is-layout-flex wp-container-core-columns-is-layout-28f84493 wp-block-columns-is-layout-flex\">\n<div class=\"wp-block-column is-layout-flow wp-block-column-is-layout-flow\" style=\"flex-basis:20%\">\n<h2 class=\"wp-block-heading has-large-font-size\" style=\"text-transform:uppercase\">Profesores<\/h2>\n<\/div>\n\n\n\n<div class=\"wp-block-column is-layout-flow wp-block-column-is-layout-flow\" style=\"flex-basis:80%\">\n<p>El proyecto final de m\u00e1ster se desarrollar\u00e1 bajo la tutor\u00eda de uno de los profesores del m\u00e1ster y, en su caso, en di\u00e1logo con los profesores invitados y con la asistencia t\u00e9cnica de los miembros del Laboratorio de Arte Sonoro de la Universidad de Barcelona. En cualquier caso, la atribuci\u00f3n de tutor es un aspecto a tener en cuenta por la direcci\u00f3n del M\u00e1ster, una vez conocidas las l\u00edneas generales del trabajo que el alumno desea llevar a cabo.<\/p>\n<\/div>\n<\/div>\n\n\n\n<hr class=\"wp-block-separator has-css-opacity is-style-wide is-style-wide--3\"\/>\n\n\n\n<div class=\"wp-block-columns alignwide is-layout-flex wp-container-core-columns-is-layout-28f84493 wp-block-columns-is-layout-flex\">\n<div class=\"wp-block-column is-layout-flow wp-block-column-is-layout-flow\" style=\"flex-basis:20%\">\n<h2 class=\"wp-block-heading has-large-font-size\" style=\"text-transform:uppercase\">Estructura y ense\u00f1anza<\/h2>\n<\/div>\n\n\n\n<div class=\"wp-block-column is-layout-flow wp-block-column-is-layout-flow\" style=\"flex-basis:80%\">\n<p>Para completar el proyecto final de m\u00e1ster es necesario haber superado el curso de postgrado en Creaci\u00f3n en Arte Sonoro: Materiales y Herramientas y dise\u00f1o en Arte Sonoro: Proyecci\u00f3n y Espacio. Tiene una equivalencia a 30 cr\u00e9ditos ECTS.<\/p>\n<\/div>\n<\/div>\n\n\n\n<hr class=\"wp-block-separator has-css-opacity is-style-wide is-style-wide--4\"\/>\n\n\n\n<div class=\"wp-block-columns alignwide is-layout-flex wp-container-core-columns-is-layout-28f84493 wp-block-columns-is-layout-flex\">\n<div class=\"wp-block-column is-layout-flow wp-block-column-is-layout-flow\" style=\"flex-basis:20%\">\n<h2 class=\"wp-block-heading has-large-font-size\" style=\"text-transform:uppercase\">Fechas y dedicaci\u00f3n<\/h2>\n<\/div>\n\n\n\n<div class=\"wp-block-column is-layout-flow wp-block-column-is-layout-flow\" style=\"flex-basis:80%\">\n<p>Inicio: al comienzo del semestre elegido por el estudiante para su realizaci\u00f3n. Es decir, octubre.<\/p>\n\n\n\n<p>Entrega: la obra escrita se entregar\u00e1 dos semanas antes de la fecha de la defensa.<\/p>\n\n\n\n<p>Defensa: La fecha de la defensa ser\u00e1 al final del semestre. La direcci\u00f3n del M\u00e1ster en Arte Sonoro har\u00e1 p\u00fablica la fecha a mediados del semestre.<\/p>\n\n\n\n<p>Trabajo por cuenta propia de 180 horas m\u00e1s la dedicaci\u00f3n adicional que el estudiante desee invertir.<\/p>\n<\/div>\n<\/div>\n\n\n\n<hr class=\"wp-block-separator has-css-opacity is-style-wide is-style-wide--5\"\/>\n\n\n\n<div class=\"wp-block-columns alignwide is-layout-flex wp-container-core-columns-is-layout-28f84493 wp-block-columns-is-layout-flex\">\n<div class=\"wp-block-column is-layout-flow wp-block-column-is-layout-flow\" style=\"flex-basis:20%\">\n<h2 class=\"wp-block-heading has-large-font-size\" style=\"text-transform:uppercase\"><strong>Equipo<\/strong><strong><\/strong><\/h2>\n<\/div>\n\n\n\n<div class=\"wp-block-column is-layout-flow wp-block-column-is-layout-flow\" style=\"flex-basis:80%\">\n<p>El M\u00e1ster en Arte Sonoro no asume la realizaci\u00f3n final de las obras descritas en el proyecto ni garantiza espacios para su exposici\u00f3n. Sin embargo, si el alumno desea apoyar su defensa con la realizaci\u00f3n de alguna obra a la que se refiere su trabajo escrito, podr\u00e1 acceder al taller de escultura de la Facultad de Bellas Artes y a los recursos t\u00e9cnicos de las aulas. Los detalles de la producci\u00f3n, los presupuestos y la b\u00fasqueda de espacios expositivos son competencia del estudiante que aspira poner en pr\u00e1ctica su proyecto.<\/p>\n<\/div>\n<\/div>\n","protected":false},"excerpt":{"rendered":"<p>Objetivos Concepci\u00f3n y desarrollo de un proyecto de producci\u00f3n art\u00edstica o investigaci\u00f3n te\u00f3rica (con posibilidad de combinar ambos) en el \u00e1mbito del arte sonoro. &nbsp;Ser\u00e1 necesario que el trabajo alcance la calidad, originalidad y rigor necesarios para, en caso de que se d\u00e9 la posibilidad, ser realizado y expuesto p\u00fablicamente en un centro relevante en [&hellip;]<\/p>\n","protected":false},"author":5,"featured_media":144,"parent":0,"menu_order":0,"comment_status":"closed","ping_status":"closed","template":"","meta":{"_acf_changed":false,"footnotes":""},"class_list":["post-504","page","type-page","status-publish","has-post-thumbnail","hentry"],"acf":[],"mb":[],"lang":"es","translations":{"es":504,"ca":100,"en":506},"pll_sync_post":[],"mfb_rest_fields":["title","lang","translations","pll_sync_post"],"_links":{"self":[{"href":"https:\/\/www.ub.edu\/masterartsonor\/wp-json\/wp\/v2\/pages\/504","targetHints":{"allow":["GET"]}}],"collection":[{"href":"https:\/\/www.ub.edu\/masterartsonor\/wp-json\/wp\/v2\/pages"}],"about":[{"href":"https:\/\/www.ub.edu\/masterartsonor\/wp-json\/wp\/v2\/types\/page"}],"author":[{"embeddable":true,"href":"https:\/\/www.ub.edu\/masterartsonor\/wp-json\/wp\/v2\/users\/5"}],"replies":[{"embeddable":true,"href":"https:\/\/www.ub.edu\/masterartsonor\/wp-json\/wp\/v2\/comments?post=504"}],"version-history":[{"count":3,"href":"https:\/\/www.ub.edu\/masterartsonor\/wp-json\/wp\/v2\/pages\/504\/revisions"}],"predecessor-version":[{"id":2034,"href":"https:\/\/www.ub.edu\/masterartsonor\/wp-json\/wp\/v2\/pages\/504\/revisions\/2034"}],"wp:featuredmedia":[{"embeddable":true,"href":"https:\/\/www.ub.edu\/masterartsonor\/wp-json\/wp\/v2\/media\/144"}],"wp:attachment":[{"href":"https:\/\/www.ub.edu\/masterartsonor\/wp-json\/wp\/v2\/media?parent=504"}],"curies":[{"name":"wp","href":"https:\/\/api.w.org\/{rel}","templated":true}]}}