{"id":2,"date":"2022-04-08T07:59:55","date_gmt":"2022-04-08T07:59:55","guid":{"rendered":"https:\/\/www.ub.edu\/mastereg\/?page_id=2"},"modified":"2025-01-15T10:15:29","modified_gmt":"2025-01-15T10:15:29","slug":"profesorado","status":"publish","type":"page","link":"https:\/\/www.ub.edu\/mastereg\/profesorado\/","title":{"rendered":"Profesorado"},"content":{"rendered":"<div class=\"researcherslist\">\n<div class=\"row member\">\n<div class=\"col-md-2\"><img decoding=\"async\" class=\"perfilmember\" src=\"https:\/\/www.ub.edu\/mastereg\/wp-content\/uploads\/2022\/09\/daniel-albalate.jpg\" alt=\"\" \/><\/div>\n<div class=\"col-md-5\">\n<h4>Daniel Albalate<\/h4>\n<ul>\n<li>Evaluaci\u00f3n de Pol\u00edticas y Proyectos<\/li>\n<li>Econom\u00eda y Regulaci\u00f3n de las Infraestructuras y los Transportes<\/li>\n<\/ul>\n<\/div>\n<div class=\"col-md-4\">email: <a href=\"mailto:jborrell@ub.edu\">albalate@ub.edu<\/a><\/div>\n<div class=\"col-md-1\"><a href=\"https:\/\/www.ub.edu\/gim\/members\/daniel-albalate\/\"><i class=\"fas fa-chevron-right\"><\/i><\/a><\/div>\n<\/div>\n<\/div>\n<div class=\"researcherslist\">\n<div class=\"row member\">\n<div class=\"col-md-2\"><img decoding=\"async\" class=\"perfilmember\" src=\"https:\/\/www.ub.edu\/mastereg\/wp-content\/uploads\/2022\/09\/GERMA-BEL.jpg\" alt=\"\" \/><\/div>\n<div class=\"col-md-5\">\n<h4>Germ\u00e0 Bel<\/h4>\n<ul>\n<li>Privatitzaci\u00f3n, Contractaci\u00f3n Externa de Servicios y PPPs<\/li>\n<\/ul>\n<\/div>\n<div class=\"col-md-4\">email: <a href=\"mailto:jborrell@ub.edu\">gbel@ub.edu<\/a><\/div>\n<div class=\"col-md-1\"><a href=\"https:\/\/www.ub.edu\/gim\/members\/germa-bel\/\"><i class=\"fas fa-chevron-right\"><\/i><\/a><\/div>\n<\/div>\n<\/div>\n<div class=\"researcherslist\">\n<div class=\"row member\">\n<div class=\"col-md-2\"><img decoding=\"async\" class=\"perfilmember\" src=\"https:\/\/www.ub.edu\/mastereg\/wp-content\/uploads\/2022\/09\/borrell.jpg\" alt=\"\" \/><\/div>\n<div class=\"col-md-5\">\n<h4>Joan-Ramon Borrell<\/h4>\n<ul>\n<li>Pol\u00edtica de Competencia<\/li>\n<li>T\u00e9cnicas Cuantitativas para la Regulaci\u00f3n y la Competencia<\/li>\n<\/ul>\n<\/div>\n<div class=\"col-md-4\">email: <a href=\"mailto:jborrell@ub.edu\">jborrell@ub.edu<\/a><\/div>\n<div class=\"col-md-1\"><a href=\"https:\/\/www.ub.edu\/gim\/members\/joan-ramon-borrell\/\"><i class=\"fas fa-chevron-right\"><\/i><\/a><\/div>\n<\/div>\n<\/div>\n<div class=\"researcherslist\">\n<div class=\"row member\">\n<div class=\"col-md-2\"><img decoding=\"async\" class=\"perfilmember\" src=\"https:\/\/www.ub.edu\/mastereg\/wp-content\/uploads\/2022\/09\/XAVIER-FAGEDA.jpg\" alt=\"\" \/><\/div>\n<div class=\"col-md-5\">\n<h4>Xavier Fageda<\/h4>\n<ul>\n<li>Evaluaci\u00f3n de Pol\u00edticas y Proyectos<\/li>\n<li>Econom\u00eda y Regulaci\u00f3n de las Infraestructuras y los Transportes<\/li>\n<\/ul>\n<\/div>\n<div class=\"col-md-4\">email: <a href=\"mailto:xfageda@ub.edu\">xfageda@ub.edu<\/a><\/div>\n<div class=\"col-md-1\"><a href=\"https:\/\/www.ub.edu\/gim\/members\/xavier-fageda\/\"><i class=\"fas fa-chevron-right\"><\/i><\/a><\/div>\n<\/div>\n<\/div>\n<div class=\"researcherslist\">\n<div class=\"row member\">\n<div class=\"col-md-2\"><img loading=\"lazy\" decoding=\"async\" class=\"perfilmember alignnone wp-image-746 size-full\" style=\"color: #444444; font-family: Montserrat, Helvetica, Arial, sans-serif; font-size: 1.25rem;\" src=\"https:\/\/www.ub.edu\/mastereg\/wp-content\/uploads\/2025\/01\/Laia.jpg\" alt=\"\" width=\"400\" height=\"400\" srcset=\"https:\/\/www.ub.edu\/mastereg\/wp-content\/uploads\/2025\/01\/Laia.jpg 400w, https:\/\/www.ub.edu\/mastereg\/wp-content\/uploads\/2025\/01\/Laia-300x300.jpg 300w, https:\/\/www.ub.edu\/mastereg\/wp-content\/uploads\/2025\/01\/Laia-150x150.jpg 150w\" sizes=\"auto, (max-width: 400px) 100vw, 400px\" \/><\/div>\n<div class=\"col-md-5\">\n<h4>Laia Maynou<\/h4>\n<ul>\n<li>Econom\u00eda de los Servicios P\u00fablicos<\/li>\n<\/ul>\n<\/div>\n<div class=\"col-md-4\">email: <a href=\"mailto:laia.maynou@ub.edu\">laia.maynou@ub.edu<\/a><\/div>\n<div class=\"col-md-1\"><a href=\"https:\/\/www.ub.edu\/gim\/members\/laia-maynou\/\"><i class=\"fas fa-chevron-right\"><\/i><\/a><\/div>\n<\/div>\n<\/div>\n<div class=\"researcherslist\">\n<div class=\"row member\">\n<div class=\"col-md-2\"><img loading=\"lazy\" decoding=\"async\" class=\"perfilmember alignnone\" src=\"https:\/\/www.ub.edu\/mastereg\/wp-content\/uploads\/2022\/09\/ROSA-NONELL.jpg\" alt=\"\" width=\"400\" height=\"400\" \/><\/div>\n<div class=\"col-md-5\">\n<h4>Rosa Nonell<\/h4>\n<ul>\n<li>Reformas y Pol\u00edticas de Servicio P\u00fablico<\/li>\n<li>Econom\u00eda y Regulaci\u00f3n de la Energ\u00eda y el Medio Ambiente<\/li>\n<\/ul>\n<\/div>\n<div class=\"col-md-4\">email: <a href=\"mailto:rnonell@ub.edu\">rnonell@ub.edu<\/a><\/div>\n<div class=\"col-md-1\"><a href=\"https:\/\/www.ub.edu\/gim\/members\/rosa-nonell\/\"><i class=\"fas fa-chevron-right\"><\/i><\/a><\/div>\n<\/div>\n<\/div>\n<div class=\"researcherslist\">\n<div class=\"row member\">\n<div class=\"col-md-2\"><img loading=\"lazy\" decoding=\"async\" class=\"perfilmember alignnone\" src=\"https:\/\/www.ub.edu\/mastereg\/wp-content\/uploads\/2022\/09\/JORDI-TEIXIDO.jpg\" alt=\"\" width=\"640\" height=\"640\" \/><\/div>\n<div class=\"col-md-5\">\n<h4>Jordi Teixid\u00f3<\/h4>\n<ul>\n<li>Econom\u00eda de la Regulaci\u00f3n<\/li>\n<li>Econom\u00eda y Regulaci\u00f3n de la Energ\u00eda y el Medio Ambiente<\/li>\n<\/ul>\n<\/div>\n<div class=\"col-md-4\">email: <a href=\"mailto:j.teixido@ub.edu\">j.teixido@ub.edu<\/a><\/div>\n<div class=\"col-md-1\"><a href=\"https:\/\/www.ub.edu\/gim\/members\/jordi-teixido\/\"><i class=\"fas fa-chevron-right\"><\/i><\/a><\/div>\n<\/div>\n<\/div>\n<div class=\"researcherslist\">\n<div class=\"row member\">\n<div class=\"col-md-2\"><img decoding=\"async\" class=\"perfilmember\" src=\"https:\/\/www.ub.edu\/mastereg\/wp-content\/uploads\/2022\/09\/carlospadros0-e1663841912334.gif\" alt=\"\" \/><\/div>\n<div class=\"col-md-5\">\n<h4>Carlos Padr\u00f3s<\/h4>\n<ul>\n<li>Derecho Europeo de los Servicios P\u00fabliocs<\/li>\n<\/ul>\n<\/div>\n<div class=\"col-md-4\">email: <a href=\"mailto:carlos.padros@uab.cat\">carlos.padros@uab.cat<\/a><\/div>\n<div class=\"col-md-1\"><a href=\"https:\/\/portalrecerca.uab.cat\/en\/persons\/carlos-padros-reig-3\"><i class=\"fas fa-chevron-right\"><\/i><\/a><\/div>\n<\/div>\n<\/div>\n<div class=\"researcherslist\">\n<div class=\"row member\">\n<div class=\"col-md-2\"><img decoding=\"async\" class=\"perfilmember\" src=\"https:\/\/www.ub.edu\/mastereg\/wp-content\/uploads\/2022\/09\/MILAGROS-ALVAREZ-VERDUGO-e1663841107856.jpg\" alt=\"\" \/><\/div>\n<div class=\"col-md-5\">\n<h4>Milagros \u00c1lvarez-Verdugo<\/h4>\n<ul>\n<li>Derecho Europeo de los Servicios P\u00fablicos<\/li>\n<\/ul>\n<\/div>\n<div class=\"col-md-4\">email: <a href=\"mailto:malvarez@ub.edu\">malvarez@ub.edu<\/a><\/div>\n<div class=\"col-md-1\"><a href=\"https:\/\/webgrec.ub.edu\/webpages\/000002\/cat\/malvarez.ub.edu.html\"><i class=\"fas fa-chevron-right\"><\/i><\/a><\/div>\n<\/div>\n<\/div>\n<div class=\"researcherslist\">\n<div class=\"row member\">\n<div class=\"col-md-2\"><img decoding=\"async\" class=\"perfilmember\" src=\"https:\/\/www.ub.edu\/mastereg\/wp-content\/uploads\/2022\/09\/perdiguero_0_0.png\" alt=\"\" \/><\/div>\n<div class=\"col-md-5\">\n<h4>Jordi Perdiguero<\/h4>\n<ul>\n<li>Direcci\u00f3n Trabajos Finales de M\u00e1ster<\/li>\n<\/ul>\n<\/div>\n<div class=\"col-md-4\">email: <a href=\"mailto:jordi.perdiguero@uab.cat\">jordi.perdiguero@uab.cat<\/a><\/div>\n<div class=\"col-md-1\"><a href=\"https:\/\/gent.uab.cat\/perdiguero\/\"><i class=\"fas fa-chevron-right\"><\/i><\/a><\/div>\n<\/div>\n<\/div>\n<div class=\"researcherslist\">\n<div class=\"row member\">\n<div class=\"col-md-2\"><img decoding=\"async\" class=\"perfilmember\" src=\"https:\/\/www.ub.edu\/mastereg\/wp-content\/uploads\/2022\/09\/Montserrat-Termes.jpg\" alt=\"\" \/><\/div>\n<div class=\"col-md-5\">\n<h4>Montserrat Termes<\/h4>\n<ul>\n<li>Econom\u00eda y Regulaci\u00f3n de los Servicios de Agua<\/li>\n<\/ul>\n<\/div>\n<div class=\"col-md-4\">email: <a href=\"mailto:mtermes@ub.edu\">mtermes@ub.edu<\/a><\/div>\n<div class=\"col-md-1\"><a href=\"https:\/\/www.ub.edu\/gim\/members\/montserrat-termes\/\"><i class=\"fas fa-chevron-right\"><\/i><\/a><\/div>\n<\/div>\n<\/div>\n<div class=\"researcherslist\">\n<div class=\"row member\">\n<div class=\"col-md-2\"><img decoding=\"async\" class=\"perfilmember\" src=\"https:\/\/www.ub.edu\/mastereg\/wp-content\/uploads\/2022\/09\/Alex-Estruch-Manjon.jpg\" alt=\"\" \/><\/div>\n<div class=\"col-md-5\">\n<h4>Alejandro Estruch<\/h4>\n<ul>\n<li>Econom\u00eda y Regulaci\u00f3n de las Telecomunicaciones y Medios Digitales<\/li>\n<\/ul>\n<\/div>\n<div class=\"col-md-4\">email: <a href=\"mailto:aestruch@ub.edu\">aestruch@ub.edu<\/a><\/div>\n<div class=\"col-md-1\"><a href=\"https:\/\/webgrec.ub.edu\/webpages\/000005\/cas\/aestruch.ub.edu.html\"><i class=\"fas fa-chevron-right\"><\/i><\/a><\/div>\n<\/div>\n<\/div>\n<div class=\"researcherslist\">\n<div class=\"row member\">\n<div class=\"col-md-2\"><img decoding=\"async\" class=\"perfilmember\" src=\"https:\/\/www.ub.edu\/mastereg\/wp-content\/uploads\/2022\/09\/ELISENDA-MALARET-GARCIA.jpg\" alt=\"\" \/><\/div>\n<div class=\"col-md-5\">\n<h4>Elisenda Malaret<\/h4>\n<ul>\n<li>Derecho de la Regulaci\u00f3n Econ\u00f3mica<\/li>\n<\/ul>\n<\/div>\n<div class=\"col-md-4\">email: <a href=\"mailto:elisenda.malaret@ub.edu\">elisenda.malaret@ub.edu<\/a><\/div>\n<div class=\"col-md-1\"><a href=\"https:\/\/webgrec.ub.edu\/webpages\/000002\/cas\/elisenda.malaret.ub.edu.html\"><i class=\"fas fa-chevron-right\"><\/i><\/a><\/div>\n<\/div>\n<\/div>\n<div class=\"researcherslist\">\n<div class=\"row member\">\n<div class=\"col-md-2\"><img decoding=\"async\" class=\"perfilmember\" src=\"https:\/\/www.ub.edu\/mastereg\/wp-content\/uploads\/2022\/09\/CLAR-LOPEZ-Mique.jpg\" alt=\"\" \/><\/div>\n<div class=\"col-md-5\">\n<h4>Miquel Clar<\/h4>\n<ul>\n<li>Bases de An\u00e1lisis de Datos<\/li>\n<li>An\u00e1lisis de Datos<\/li>\n<\/ul>\n<\/div>\n<div class=\"col-md-4\">email: <a href=\"mailto:mclar@ub.edu\">mclar@ub.edu<\/a><\/div>\n<div class=\"col-md-1\"><a href=\"https:\/\/webgrec.ub.edu\/webpages\/000005\/cas\/mclar.ub.edu.html\"><i class=\"fas fa-chevron-right\"><\/i><\/a><\/div>\n<\/div>\n<\/div>\n<div class=\"researcherslist\">\n<div class=\"row member\">\n<div class=\"col-md-2\"><img decoding=\"async\" class=\"perfilmember\" src=\"https:\/\/www.ub.edu\/mastereg\/wp-content\/uploads\/2022\/09\/costas.jpg\" alt=\"\" \/><\/div>\n<div class=\"col-md-5\">\n<h4>Ant\u00f3n Costas<\/h4>\n<ul>\n<li>Reformas y Pol\u00edticas de Servicios P\u00fablicos<\/li>\n<\/ul>\n<\/div>\n<div class=\"col-md-1\"><a href=\"http:\/\/www.ub.edu\/graap\/costascast.htm\"><i class=\"fas fa-chevron-right\"><\/i><\/a><\/div>\n<\/div>\n<\/div>\n<div class=\"researcherslist\">\n<div class=\"row member\">\n<div class=\"col-md-2\"><img decoding=\"async\" class=\"perfilmember\" src=\"https:\/\/www.ub.edu\/mastereg\/wp-content\/uploads\/2022\/09\/default-profile.jpg\" alt=\"\" \/><\/div>\n<div class=\"col-md-5\">\n<h4>Ricard Frigola<\/h4>\n<ul>\n<li>Reformas y Pol\u00edticas de Servicio P\u00fablico<\/li>\n<\/div>\n<\/div>\n<div class=\"researcherslist\">\n<div class=\"row member\">\n<div class=\"col-md-2\"><img loading=\"lazy\" decoding=\"async\" class=\"perfilmember alignnone wp-image-750 size-medium\" src=\"https:\/\/www.ub.edu\/mastereg\/wp-content\/uploads\/2025\/01\/Maria-2-300x300.jpg\" alt=\"\" width=\"300\" height=\"300\" srcset=\"https:\/\/www.ub.edu\/mastereg\/wp-content\/uploads\/2025\/01\/Maria-2-300x300.jpg 300w, https:\/\/www.ub.edu\/mastereg\/wp-content\/uploads\/2025\/01\/Maria-2-1024x1024.jpg 1024w, https:\/\/www.ub.edu\/mastereg\/wp-content\/uploads\/2025\/01\/Maria-2-150x150.jpg 150w, https:\/\/www.ub.edu\/mastereg\/wp-content\/uploads\/2025\/01\/Maria-2-768x768.jpg 768w, https:\/\/www.ub.edu\/mastereg\/wp-content\/uploads\/2025\/01\/Maria-2.jpg 1353w\" sizes=\"auto, (max-width: 300px) 100vw, 300px\" \/>\n<\/div>\n<div class=\"col-md-5\">\n<h4>Maria Marino<\/h4>\n<ul>\n<li>Econom\u00eda de la Regulaci\u00f3n<\/li>\n<\/ul>\n<\/div>\n<div class=\"col-md-4\">email: <a href=\"mailto:maria.marino@ub.edu\">maria.marino@ub.edu<\/a><\/div>\n<div class=\"col-md-1\"><a href=\"https:\/\/sites.google.com\/site\/mariasmarino\/home\"><i class=\"fas fa-chevron-right\"><\/i><\/a><\/div>\n<\/div>\n<\/div>\n<div class=\"researcherslist\">\n<div class=\"row member\">\n<div class=\"col-md-2\"><img loading=\"lazy\" decoding=\"async\" class=\"perfilmember alignnone wp-image-751 size-medium\" src=\"https:\/\/www.ub.edu\/mastereg\/wp-content\/uploads\/2025\/01\/joan_calzada-300x300.jpg\" alt=\"\" width=\"300\" height=\"300\" srcset=\"https:\/\/www.ub.edu\/mastereg\/wp-content\/uploads\/2025\/01\/joan_calzada-300x300.jpg 300w, https:\/\/www.ub.edu\/mastereg\/wp-content\/uploads\/2025\/01\/joan_calzada-150x150.jpg 150w, https:\/\/www.ub.edu\/mastereg\/wp-content\/uploads\/2025\/01\/joan_calzada.jpg 640w\" sizes=\"auto, (max-width: 300px) 100vw, 300px\" \/><\/div>\n<div class=\"col-md-5\">\n<h4>Joan Calzada<\/h4>\n<ul>\n<li>Econom\u00eda y Regulaci\u00f3n de las Telecomunicaciones y Medios Digitales<\/li>\n<\/ul>\n<\/div>\n<div class=\"col-md-4\">email: <a href=\"mailto:calzada@ub.edu\">calzada@ub.edu<\/a><\/div>\n<div class=\"col-md-1\"><a href=\"https:\/\/www.ub.edu\/school-economics\/researchers\/calzada-joan\/\"><i class=\"fas fa-chevron-right\"><\/i><\/a><\/div>\n<\/div>\n<\/div>\n<div class=\"researcherslist\">\n<div class=\"row member\">\n<div class=\"col-md-2\"><img decoding=\"async\" class=\"perfilmember\" src=\"https:\/\/www.ub.edu\/mastereg\/wp-content\/uploads\/2022\/09\/Jordi-Rosell-Segura.jpg\" alt=\"\" \/><\/div>\n<div class=\"col-md-5\">\n<h4>Jordi Rosell<\/h4>\n<ul>\n<li>Direcci\u00f3n de Trabajos Finales de M\u00e1ster<\/li>\n<\/ul>\n<\/div>\n<div class=\"col-md-1\"><a href=\"https:\/\/sites.google.com\/site\/jrosellsegura\/\"><i class=\"fas fa-chevron-right\"><\/i><\/a><\/div>\n<\/div>\n<\/div>\n<div class=\"researcherslist\">\n<div class=\"row member\">\n<div class=\"col-md-2\"><img decoding=\"async\" class=\"perfilmember\" src=\"https:\/\/www.ub.edu\/mastereg\/wp-content\/uploads\/2022\/09\/default-profile.jpg\" alt=\"\" \/><\/div>\n<div class=\"col-md-5\">\n<h4>Rafael Rubio<\/h4>\n<ul>\n<li>Econom\u00eda y Regulaci\u00f3n de las Telecomunicaciones<\/li>\n<li>Trabajo Final de M\u00e1ster<\/li>\n<\/ul>\n<\/div>\n<\/div>\n<\/div>\n<div class=\"researcherslist\">\n<div class=\"row member\">\n<div class=\"col-md-2\"><img decoding=\"async\" class=\"perfilmember\" src=\"https:\/\/www.ub.edu\/mastereg\/wp-content\/uploads\/2022\/09\/default-profile.jpg\" alt=\"\" \/><\/div>\n<div class=\"col-md-5\">\n<h4>Juan Luis Jim\u00e9nez<\/h4>\n<ul>\n<li>Direcci\u00f3n de Trabajos Finales de M\u00e1ster<\/li>\n<\/ul>\n<\/div>\n<div class=\"col-md-1\"><a href=\"https:\/\/personales.ulpgc.es\/jljimenez.daea\/index.php\"><i class=\"fas fa-chevron-right\"><\/i><\/a><\/div>\n<\/div>\n<\/div>\n<div class=\"researcherslist\">\n<div class=\"row member\">\n<div class=\"col-md-2\"><img decoding=\"async\" class=\"perfilmember\" src=\"https:\/\/www.ub.edu\/mastereg\/wp-content\/uploads\/2022\/09\/default-profile.jpg\" alt=\"\" \/><\/div>\n<div class=\"col-md-5\">\n<h4>Laia Dom\u00e8nech<\/h4>\n<ul>\n<li>Direcci\u00f3n de Trabajos Finales de M\u00e1ster<\/li>\n<\/ul>\n<\/div>\n<div class=\"col-md-1\"><a href=\"https:\/\/www.researchgate.net\/profile\/Laia-Domenech-2\"><i class=\"fas fa-chevron-right\"><\/i><\/a><\/div>\n<\/div>\n<\/div>\n<div class=\"researcherslist\">\n<div class=\"row member\">\n<div class=\"col-md-2\"><img decoding=\"async\" class=\"perfilmember\" src=\"https:\/\/www.ub.edu\/mastereg\/wp-content\/uploads\/2022\/09\/default-profile.jpg\" alt=\"\" \/><\/div>\n<div class=\"col-md-5\">\n<h4>Alex Sanz<\/h4>\n<ul>\n<li>Direcci\u00f3n de Trabajos Finales de M\u00e1ster<\/li>\n<\/ul>\n<\/div>\n<div class=\"col-md-4\">email: <a href=\"mailto:asanzf@ub.edu\">asanzf@ub.edu<\/a><\/div>\n<div class=\"col-md-1\"><a href=\"https:\/\/www.researchgate.net\/profile\/Alex-Sanz\"><i class=\"fas fa-chevron-right\"><\/i><\/a><\/div>\n<\/div>\n<\/div>\n<\/div>\n<\/div>\n<\/div>\n","protected":false},"excerpt":{"rendered":"<p>Daniel Albalate Evaluaci\u00f3n de Pol\u00edticas y Proyectos Econom\u00eda y Regulaci\u00f3n de las Infraestructuras y los Transportes email: albalate@ub.edu Germ\u00e0 Bel Privatitzaci\u00f3n, Contractaci\u00f3n Externa de Servicios y PPPs email: gbel@ub.edu Joan-Ramon Borrell Pol\u00edtica de Competencia T\u00e9cnicas Cuantitativas para la Regulaci\u00f3n y la Competencia email: jborrell@ub.edu Xavier Fageda Evaluaci\u00f3n de Pol\u00edticas y&#8230;<\/p>\n","protected":false},"author":1,"featured_media":0,"parent":0,"menu_order":0,"comment_status":"closed","ping_status":"open","template":"","meta":{"footnotes":""},"class_list":["post-2","page","type-page","status-publish","hentry"],"_links":{"self":[{"href":"https:\/\/www.ub.edu\/mastereg\/wp-json\/wp\/v2\/pages\/2","targetHints":{"allow":["GET"]}}],"collection":[{"href":"https:\/\/www.ub.edu\/mastereg\/wp-json\/wp\/v2\/pages"}],"about":[{"href":"https:\/\/www.ub.edu\/mastereg\/wp-json\/wp\/v2\/types\/page"}],"author":[{"embeddable":true,"href":"https:\/\/www.ub.edu\/mastereg\/wp-json\/wp\/v2\/users\/1"}],"replies":[{"embeddable":true,"href":"https:\/\/www.ub.edu\/mastereg\/wp-json\/wp\/v2\/comments?post=2"}],"version-history":[{"count":55,"href":"https:\/\/www.ub.edu\/mastereg\/wp-json\/wp\/v2\/pages\/2\/revisions"}],"predecessor-version":[{"id":761,"href":"https:\/\/www.ub.edu\/mastereg\/wp-json\/wp\/v2\/pages\/2\/revisions\/761"}],"wp:attachment":[{"href":"https:\/\/www.ub.edu\/mastereg\/wp-json\/wp\/v2\/media?parent=2"}],"curies":[{"name":"wp","href":"https:\/\/api.w.org\/{rel}","templated":true}]}}