{"id":596,"date":"2024-08-22T12:22:38","date_gmt":"2024-08-22T10:22:38","guid":{"rendered":"http:\/\/www.ub.edu\/mastergeednovaweb\/?page_id=596"},"modified":"2024-08-22T12:22:44","modified_gmt":"2024-08-22T10:22:44","slug":"master-en-direccio-esport","status":"publish","type":"page","link":"https:\/\/www.ub.edu\/mastergeed\/","title":{"rendered":"Inici"},"content":{"rendered":"<div class=\"gdlr-item gdlr-content-item\">\n<p>Primer de tot i el m\u00e9s important d&#8217;aquest Master en Direcci\u00f3 Esportiva de la universitat de Barcelona \u00e9s l\u2019objectiu d\u2019aquest programa. Pretend iniciar als responsables de la gesti\u00f3 en les diverses \u00e0rees econ\u00f2miques de les entitats dedicades a l\u2019esport.<\/p>\n<p>Pretenem afermar els coneixements d\u2019aquells professionals que ja hi treballen. &nbsp;Per aquesta ra\u00f3 volem facilitar l\u2019an\u00e0lisi dels problemes. Es pretend facilitar la presa de decisions. De manera similar es vol facilitar&nbsp;les actuacions futures en els \u00e0mbits de responsabilitat i finalment de direcci\u00f3.<\/p>\n<\/div>\n<p>Finalment i d&#8217;una manera interessant i sistem\u00e0tica s\u2019impartiran les diverses sessions per professors experts en les tem\u00e0tiques. &nbsp;De manera similar participar\u00e0n convidats rellevants del sector que completen el quadre Docent del Curs.<\/p>\n","protected":false},"excerpt":{"rendered":"<p>Primer de tot i el m\u00e9s important d&#8217;aquest Master en Direcci\u00f3 Esportiva de la universitat de Barcelona \u00e9s l\u2019objectiu d\u2019aquest &hellip; <\/p>\n","protected":false},"author":1,"featured_media":0,"parent":0,"menu_order":0,"comment_status":"closed","ping_status":"closed","template":"templates\/template-home.php","meta":{"_monsterinsights_skip_tracking":false,"_monsterinsights_sitenote_active":false,"_monsterinsights_sitenote_note":"","_monsterinsights_sitenote_category":0,"_uf_show_specific_survey":0,"_uf_disable_surveys":false,"footnotes":""},"class_list":["post-596","page","type-page","status-publish","hentry","latest_post"],"aioseo_notices":[],"jetpack_sharing_enabled":true,"jetpack_shortlink":"https:\/\/wp.me\/P9MnWz-9C","jetpack-related-posts":[{"id":603,"url":"https:\/\/www.ub.edu\/mastergeed\/politica-de-privadesa\/","url_meta":{"origin":596,"position":0},"title":"Pol\u00edtica de privadesa","author":"xtriado","date":"27th gener 2026","format":false,"excerpt":"La nostra pol\u00edtica de privadesa descriu com recollim, guardem o utilitzem la informaci\u00f3 que els usuaris proporcionen a trav\u00e9s dels diferents serveis o p\u00e0gines disponibles en aquest lloc. \u00c9s important que entengui quina informaci\u00f3 recollim. Tamb\u00e9 com la utilitzem, ja que l\u2019acc\u00e9s a aquest lloc implica l\u2019acceptaci\u00f3 de la nostra\u2026","rel":"","context":"Entrada similar","block_context":{"text":"Entrada similar","link":""},"img":{"alt_text":"","src":"https:\/\/i0.wp.com\/www.ub.edu\/mastergeed\/wp-content\/uploads\/2018\/08\/mark-solarski-183869-unsplash.jpg?resize=350%2C200&ssl=1","width":350,"height":200,"srcset":"https:\/\/i0.wp.com\/www.ub.edu\/mastergeed\/wp-content\/uploads\/2018\/08\/mark-solarski-183869-unsplash.jpg?resize=350%2C200&ssl=1 1x, https:\/\/i0.wp.com\/www.ub.edu\/mastergeed\/wp-content\/uploads\/2018\/08\/mark-solarski-183869-unsplash.jpg?resize=525%2C300&ssl=1 1.5x, https:\/\/i0.wp.com\/www.ub.edu\/mastergeed\/wp-content\/uploads\/2018\/08\/mark-solarski-183869-unsplash.jpg?resize=700%2C400&ssl=1 2x, https:\/\/i0.wp.com\/www.ub.edu\/mastergeed\/wp-content\/uploads\/2018\/08\/mark-solarski-183869-unsplash.jpg?resize=1050%2C600&ssl=1 3x"},"classes":[]},{"id":600,"url":"https:\/\/www.ub.edu\/mastergeed\/la-nostra-universitat\/","url_meta":{"origin":596,"position":1},"title":"La nostra Universitat","author":"xtriado","date":"22nd gener 2026","format":false,"excerpt":"La Universitat de Barcelona \u00e9s la principal universitat p\u00fablica de Catalunya, la que t\u00e9 un nombre major d'estudiants i l'oferta formativa m\u00e9s \u00e0mplia i completa. A m\u00e9s, \u00e9s el principal centre de recerca universit\u00e0ria de l'Estat i un dels m\u00e9s importants d'Europa, tant pel nombre de programes de recerca com\u2026","rel":"","context":"Entrada similar","block_context":{"text":"Entrada similar","link":""},"img":{"alt_text":"","src":"https:\/\/i0.wp.com\/www.ub.edu\/mastergeed\/wp-content\/uploads\/2017\/03\/Claustre.jpg?fit=1181%2C781&ssl=1&resize=350%2C200","width":350,"height":200,"srcset":"https:\/\/i0.wp.com\/www.ub.edu\/mastergeed\/wp-content\/uploads\/2017\/03\/Claustre.jpg?fit=1181%2C781&ssl=1&resize=350%2C200 1x, https:\/\/i0.wp.com\/www.ub.edu\/mastergeed\/wp-content\/uploads\/2017\/03\/Claustre.jpg?fit=1181%2C781&ssl=1&resize=525%2C300 1.5x, https:\/\/i0.wp.com\/www.ub.edu\/mastergeed\/wp-content\/uploads\/2017\/03\/Claustre.jpg?fit=1181%2C781&ssl=1&resize=700%2C400 2x, https:\/\/i0.wp.com\/www.ub.edu\/mastergeed\/wp-content\/uploads\/2017\/03\/Claustre.jpg?fit=1181%2C781&ssl=1&resize=1050%2C600 3x"},"classes":[]},{"id":1059,"url":"https:\/\/www.ub.edu\/mastergeed\/premis-i-reconeixements\/","url_meta":{"origin":596,"position":2},"title":"Premis i testimoniatges d&#8217;alumnes","author":"xtriado","date":"22nd gener 2026","format":false,"excerpt":"Premis i reconeixements En nom de totes les professores i professors del m\u00e0ster en gesti\u00f3 econ\u00f2mica d'entitats esportives moltes gr\u00e0cies pel reconeixement a l'impuls a la formaci\u00f3 permanent al M\u00e0ster.El maig de 2023 ens van concedir el premi \"Impuls a la formaci\u00f3 permanent\". \u00c9s un premi per a tot l'equip!\u2026","rel":"","context":"Entrada similar","block_context":{"text":"Entrada similar","link":""},"img":{"alt_text":"","src":"https:\/\/i0.wp.com\/www.ub.edu\/mastergeed\/wp-content\/uploads\/2023\/05\/IMG_0836-e1684596112780-201x300.jpeg?resize=350%2C200&ssl=1","width":350,"height":200},"classes":[]},{"id":609,"url":"https:\/\/www.ub.edu\/mastergeed\/formulari-de-contacte-amb-el-master\/","url_meta":{"origin":596,"position":3},"title":"Formulari de contacte amb el M\u00e0ster","author":"xtriado","date":"13th febrer 2026","format":false,"excerpt":"Si ens escrius\u00a0ens posarem en contacte amb tu, perqu\u00e8 ens agrada con\u00e8ixer professionals amb ganes de millorar. El primer pas \u00e9s senzill. Emplena aquest formulari. Com a resultat tindr\u00e0s informaci\u00f3 sobre el programa perqu\u00e8 decideixis amb m\u00e9s coneixement. En conseq\u00fc\u00e8ncia podr\u00e0s decidir millor, i m\u00e9s lliurement. Finalment, si t'animes a\u2026","rel":"","context":"Entrada similar","block_context":{"text":"Entrada similar","link":""},"img":{"alt_text":"","src":"","width":0,"height":0},"classes":[]},{"id":3362,"url":"https:\/\/www.ub.edu\/mastergeed\/ofertes-laborals-per-antics-alumnes\/","url_meta":{"origin":596,"position":4},"title":"Ofertes Laborals (per antics alumnes)","author":"xtriado","date":"22nd gener 2026","format":false,"excerpt":"Si vols rebre, o enviar-nos, ofertes laborals pels nostres alumnes (actuals i de les promocions anteriors) que volen afrontar nous reptes laborals, pots omplir el formulari sense cap comprom\u00eds. Aquest servei sols est\u00e0 disponible pels alumnes de qualsevol promoci\u00f3. Estem encantats d'ajudar-vos a trobar nous reptes laborals i d'ajudar a\u2026","rel":"","context":"Entrada similar","block_context":{"text":"Entrada similar","link":""},"img":{"alt_text":"","src":"https:\/\/i0.wp.com\/www.ub.edu\/mastergeed\/wp-content\/uploads\/2022\/08\/christina-wocintechchat-com-eF7HN40WbAQ-unsplash.jpg?fit=1080%2C720&ssl=1&resize=350%2C200","width":350,"height":200,"srcset":"https:\/\/i0.wp.com\/www.ub.edu\/mastergeed\/wp-content\/uploads\/2022\/08\/christina-wocintechchat-com-eF7HN40WbAQ-unsplash.jpg?fit=1080%2C720&ssl=1&resize=350%2C200 1x, https:\/\/i0.wp.com\/www.ub.edu\/mastergeed\/wp-content\/uploads\/2022\/08\/christina-wocintechchat-com-eF7HN40WbAQ-unsplash.jpg?fit=1080%2C720&ssl=1&resize=525%2C300 1.5x, https:\/\/i0.wp.com\/www.ub.edu\/mastergeed\/wp-content\/uploads\/2022\/08\/christina-wocintechchat-com-eF7HN40WbAQ-unsplash.jpg?fit=1080%2C720&ssl=1&resize=700%2C400 2x, https:\/\/i0.wp.com\/www.ub.edu\/mastergeed\/wp-content\/uploads\/2022\/08\/christina-wocintechchat-com-eF7HN40WbAQ-unsplash.jpg?fit=1080%2C720&ssl=1&resize=1050%2C600 3x"},"classes":[]},{"id":1852,"url":"https:\/\/www.ub.edu\/mastergeed\/podcasts-del-master\/","url_meta":{"origin":596,"position":5},"title":"Podcasts del m\u00e0ster","author":"xtriado","date":"22nd agost 2024","format":false,"excerpt":"Aquesta p\u00e0gina recull els podcasts del m\u00e0ster, iniciativa que vam comen\u00e7ar el curs 2019-20. Un element de valor per a la formaci\u00f3 continua Cada mes podr\u00e0s escoltar una reflexi\u00f3 sobre temes d'actualitat en gesti\u00f3 esportiva i management. Hi participaran tant membres del claustre docent com convidats i personalitats del sector.\u2026","rel":"","context":"Entrada similar","block_context":{"text":"Entrada similar","link":""},"img":{"alt_text":"podcast","src":"https:\/\/i0.wp.com\/www.ub.edu\/mastergeed\/wp-content\/uploads\/2019\/09\/podcast-4209770_1920.jpg?fit=1080%2C792&ssl=1&resize=350%2C200","width":350,"height":200,"srcset":"https:\/\/i0.wp.com\/www.ub.edu\/mastergeed\/wp-content\/uploads\/2019\/09\/podcast-4209770_1920.jpg?fit=1080%2C792&ssl=1&resize=350%2C200 1x, https:\/\/i0.wp.com\/www.ub.edu\/mastergeed\/wp-content\/uploads\/2019\/09\/podcast-4209770_1920.jpg?fit=1080%2C792&ssl=1&resize=525%2C300 1.5x, https:\/\/i0.wp.com\/www.ub.edu\/mastergeed\/wp-content\/uploads\/2019\/09\/podcast-4209770_1920.jpg?fit=1080%2C792&ssl=1&resize=700%2C400 2x, https:\/\/i0.wp.com\/www.ub.edu\/mastergeed\/wp-content\/uploads\/2019\/09\/podcast-4209770_1920.jpg?fit=1080%2C792&ssl=1&resize=1050%2C600 3x"},"classes":[]}],"jetpack_likes_enabled":true,"_links":{"self":[{"href":"https:\/\/www.ub.edu\/mastergeed\/wp-json\/wp\/v2\/pages\/596","targetHints":{"allow":["GET"]}}],"collection":[{"href":"https:\/\/www.ub.edu\/mastergeed\/wp-json\/wp\/v2\/pages"}],"about":[{"href":"https:\/\/www.ub.edu\/mastergeed\/wp-json\/wp\/v2\/types\/page"}],"author":[{"embeddable":true,"href":"https:\/\/www.ub.edu\/mastergeed\/wp-json\/wp\/v2\/users\/1"}],"replies":[{"embeddable":true,"href":"https:\/\/www.ub.edu\/mastergeed\/wp-json\/wp\/v2\/comments?post=596"}],"version-history":[{"count":14,"href":"https:\/\/www.ub.edu\/mastergeed\/wp-json\/wp\/v2\/pages\/596\/revisions"}],"predecessor-version":[{"id":1751,"href":"https:\/\/www.ub.edu\/mastergeed\/wp-json\/wp\/v2\/pages\/596\/revisions\/1751"}],"wp:attachment":[{"href":"https:\/\/www.ub.edu\/mastergeed\/wp-json\/wp\/v2\/media?parent=596"}],"curies":[{"name":"wp","href":"https:\/\/api.w.org\/{rel}","templated":true}]}}