{"id":199,"date":"2024-02-08T13:44:47","date_gmt":"2024-02-08T12:44:47","guid":{"rendered":"https:\/\/www.ub.edu\/masterhal\/?page_id=199"},"modified":"2026-02-27T14:37:19","modified_gmt":"2026-02-27T13:37:19","slug":"cursos","status":"publish","type":"page","link":"https:\/\/www.ub.edu\/masterhal\/continguts\/cursos\/","title":{"rendered":"Cursos"},"content":{"rendered":"<p>[et_pb_section fb_built=&#8221;1&#8243; _builder_version=&#8221;4.24.0&#8243; _module_preset=&#8221;default&#8221; custom_margin=&#8221;0px|0px|0px|0px|true|true&#8221; custom_padding=&#8221;0px|0px|0px|0px|true|true&#8221; global_colors_info=&#8221;{}&#8221; theme_builder_area=&#8221;post_content&#8221;][et_pb_row _builder_version=&#8221;4.24.0&#8243; _module_preset=&#8221;default&#8221; width=&#8221;100%&#8221; custom_margin=&#8221;||||true|false&#8221; custom_padding=&#8221;0px||||false|false&#8221; global_colors_info=&#8221;{}&#8221; theme_builder_area=&#8221;post_content&#8221;][et_pb_column type=&#8221;4_4&#8243; _builder_version=&#8221;4.24.0&#8243; _module_preset=&#8221;default&#8221; global_colors_info=&#8221;{}&#8221; theme_builder_area=&#8221;post_content&#8221;][et_pb_text disabled_on=&#8221;off|off|off&#8221; _builder_version=&#8221;4.24.2&#8243; _module_preset=&#8221;default&#8221; header_3_font=&#8221;|300|||||||&#8221; header_3_text_color=&#8221;#D7773C&#8221; global_colors_info=&#8221;{}&#8221; theme_builder_area=&#8221;post_content&#8221;]<\/p>\n<h3>Diploma d\u2019Especialitzaci\u00f3: HISENDA AUTONOMICA I LOCAL: FINAN\u00c7AMENT, PRESSUPOST I COMPTABILITAT (30 cr\u00e8dits)<\/h3>\n<p><strong>M\u00f2duls<\/strong>:<\/p>\n<p>1. Federalisme fiscal<br \/>2. Finan\u00e7ament auton\u00f2mic<br \/>3. Finan\u00e7ament local<br \/>4. Gesti\u00f3 pressupost\u00e0ria<br \/>5. Comptabilitat p\u00fablica<\/p>\n<p><strong>Per\u00edode lectiu<\/strong>: octubre 2026 \u2013 juliol 2027.<br \/><strong>Horari lectiu<\/strong>: dilluns i dimecres de 17h a 20h (i un divendres addicional al mes, de 17 a 20h).<br \/><strong>Matr\u00edcula<\/strong>: 3.200\u20ac<\/p>\n<h3>Diploma d\u2019Expert: HISENDA LOCAL: GESTI\u00d3 ECON\u00d2MICA AVAN\u00c7ADA (26 cr\u00e8dits)<\/h3>\n<p><strong>M\u00f2duls<\/strong>:<\/p>\n<p>6. Temes jur\u00eddics: r\u00e8gim local, contractaci\u00f3 i recursos humans<br \/>7. Ingressos locals i gesti\u00f3 tribut\u00e0ria i de tresoreria<br \/>8. Control i auditoria<br \/>9. Formes d\u2019organitzaci\u00f3 administrativa i gesti\u00f3 del patrimoni<br \/>10. Habilitats directives i \u00e8tica p\u00fablica<\/p>\n<p><strong>Per\u00edode lectiu<\/strong>: setembre 2026 \u2013 maig 2028<br \/><strong>Horari lectiu<\/strong>: dimecres i divendres de 17 a 20h (i un dilluns addicional al mes, de 17h a 20h).<br \/><strong>Matr\u00edcula<\/strong>: 3.200\u20ac<\/p>\n<h3>Treball de final de M\u00e0ster (4 cr\u00e8dits)<\/h3>\n<p><strong>Per\u00edode de matr\u00edcula<\/strong> entre abril i maig de 2028.<br \/><strong>Matr\u00edcula<\/strong>: 800\u20ac<br \/><strong>Col\u00b7laboradors<\/strong>: Generalitat de Catalunya, Diputaci\u00f3 de Barcelona i Ajuntament de Barcelona.<\/p>\n<p>[\/et_pb_text][\/et_pb_column][\/et_pb_row][\/et_pb_section]<\/p>\n","protected":false},"excerpt":{"rendered":"<p>Diploma d\u2019Especialitzaci\u00f3: HISENDA AUTONOMICA I LOCAL: FINAN\u00c7AMENT, PRESSUPOST I COMPTABILITAT (30 cr\u00e8dits) M\u00f2duls: 1. Federalisme fiscal2. Finan\u00e7ament auton\u00f2mic3. Finan\u00e7ament local4. Gesti\u00f3 pressupost\u00e0ria5. Comptabilitat p\u00fablica Per\u00edode lectiu: octubre 2026 \u2013 juliol 2027.Horari lectiu: dilluns i dimecres de 17h a 20h (i un divendres addicional al mes, de 17 a 20h).Matr\u00edcula: 3.200\u20ac Diploma d\u2019Expert: HISENDA LOCAL: GESTI\u00d3 [&hellip;]<\/p>\n","protected":false},"author":1,"featured_media":0,"parent":195,"menu_order":1,"comment_status":"closed","ping_status":"closed","template":"","meta":{"_et_pb_use_builder":"on","_et_pb_old_content":"","_et_gb_content_width":"","footnotes":""},"class_list":["post-199","page","type-page","status-publish","hentry"],"_links":{"self":[{"href":"https:\/\/www.ub.edu\/masterhal\/wp-json\/wp\/v2\/pages\/199","targetHints":{"allow":["GET"]}}],"collection":[{"href":"https:\/\/www.ub.edu\/masterhal\/wp-json\/wp\/v2\/pages"}],"about":[{"href":"https:\/\/www.ub.edu\/masterhal\/wp-json\/wp\/v2\/types\/page"}],"author":[{"embeddable":true,"href":"https:\/\/www.ub.edu\/masterhal\/wp-json\/wp\/v2\/users\/1"}],"replies":[{"embeddable":true,"href":"https:\/\/www.ub.edu\/masterhal\/wp-json\/wp\/v2\/comments?post=199"}],"version-history":[{"count":4,"href":"https:\/\/www.ub.edu\/masterhal\/wp-json\/wp\/v2\/pages\/199\/revisions"}],"predecessor-version":[{"id":1302,"href":"https:\/\/www.ub.edu\/masterhal\/wp-json\/wp\/v2\/pages\/199\/revisions\/1302"}],"up":[{"embeddable":true,"href":"https:\/\/www.ub.edu\/masterhal\/wp-json\/wp\/v2\/pages\/195"}],"wp:attachment":[{"href":"https:\/\/www.ub.edu\/masterhal\/wp-json\/wp\/v2\/media?parent=199"}],"curies":[{"name":"wp","href":"https:\/\/api.w.org\/{rel}","templated":true}]}}