{"id":346,"date":"2024-02-14T16:51:10","date_gmt":"2024-02-14T15:51:10","guid":{"rendered":"https:\/\/www.ub.edu\/masterhal\/?page_id=346"},"modified":"2026-03-03T10:24:05","modified_gmt":"2026-03-03T09:24:05","slug":"inscripcio","status":"publish","type":"page","link":"https:\/\/www.ub.edu\/masterhal\/inscripcio\/","title":{"rendered":"Inscripci\u00f3"},"content":{"rendered":"<p>[et_pb_section fb_built=&#8221;1&#8243; _builder_version=&#8221;4.24.0&#8243; _module_preset=&#8221;default&#8221; global_colors_info=&#8221;{}&#8221;][et_pb_row column_structure=&#8221;3_5,2_5&#8243; _builder_version=&#8221;4.24.0&#8243; _module_preset=&#8221;default&#8221; custom_margin=&#8221;||50px||false|false&#8221; global_colors_info=&#8221;{}&#8221;][et_pb_column type=&#8221;3_5&#8243; _builder_version=&#8221;4.24.0&#8243; _module_preset=&#8221;default&#8221; global_colors_info=&#8221;{}&#8221;][et_pb_heading title=&#8221;Secretaria&#8221; _builder_version=&#8221;4.24.0&#8243; _module_preset=&#8221;default&#8221; title_level=&#8221;h2&#8243; global_colors_info=&#8221;{}&#8221;][\/et_pb_heading][et_pb_text _builder_version=&#8221;4.24.2&#8243; _module_preset=&#8221;default&#8221; header_3_font=&#8221;|300|||||||&#8221; header_3_text_color=&#8221;#D7773C&#8221; global_colors_info=&#8221;{}&#8221;]<\/p>\n<p>Es pot contactar per tel\u00e8fon al 93 403 58 92<\/p>\n<p>La Secretaria est\u00e0 a c\u00e0rrec de la Sra. Nati Ceballos, i es troba ubicada a:<\/p>\n<p>[\/et_pb_text][et_pb_text _builder_version=&#8221;4.24.2&#8243; _module_preset=&#8221;default&#8221; header_3_font=&#8221;|300|||||||&#8221; header_3_text_color=&#8221;#D7773C&#8221; hover_enabled=&#8221;0&#8243; global_colors_info=&#8221;{}&#8221; sticky_enabled=&#8221;0&#8243;]<\/p>\n<p><strong>Departament d\u2019Economia<\/strong>, Secci\u00f3 d\u2019Economia P\u00fablica<br \/>Facultat d\u2019Economia i Empresa, torre 6, planta 2\u00aa.<br \/>Despatx 6228<br \/>Universitat de Barcelona<br \/>Av. Diagonal, 690, 08034 Barcelona.<br \/>Contacte: <a href=\"mailto:masterhal@ub.edu\">masterhal@ub.edu<\/a><\/p>\n<p>[\/et_pb_text][et_pb_heading title=&#8221;Titulaci\u00f3&#8221; _builder_version=&#8221;4.24.0&#8243; _module_preset=&#8221;default&#8221; title_level=&#8221;h2&#8243; global_colors_info=&#8221;{}&#8221;][\/et_pb_heading][et_pb_text _builder_version=&#8221;4.24.0&#8243; _module_preset=&#8221;default&#8221; header_3_font=&#8221;|300|||||||&#8221; header_3_text_color=&#8221;#D7773C&#8221; global_colors_info=&#8221;{}&#8221;]<\/p>\n<h3>T\u00edtol requerit per preinscriure\u2019s i matricular-se<\/h3>\n<p>Llicenciat o graduat en Economia o Empresa, o en Dret, Pol\u00edtiques o Gesti\u00f3 P\u00fablica, i altres llicenciatures o la diplomatura en Ci\u00e8ncies Empresarials sempre i quan es puguin demostrar uns coneixements o experi\u00e8ncia en departaments econ\u00f2mics de l\u2019administraci\u00f3 p\u00fablica.<\/p>\n<h3>T\u00edtols que concedeix la Universitat de Barcelona:<\/h3>\n<ul>\n<li><em>Diploma d\u2019Especialitzaci\u00f3<\/em> en Hisenda Auton\u00f2mica i Local: finan\u00e7ament, pressupost i comptabilitat<br \/><em><\/em><\/li>\n<li><em>Diploma d\u2019Expert<\/em> en Hisenda Local: gesti\u00f3 econ\u00f2mica avan\u00e7ada<br \/><em><\/em><\/li>\n<li><em>M\u00e0ster<\/em> de Formaci\u00f3 Permanent en Hisenda Auton\u00f2mica i Local: Economia i Gesti\u00f3<\/li>\n<\/ul>\n<p>Els dos diplomes i el m\u00e0ster estan regulats per la normativa de cursos de m\u00e0sters i postgraus propis de la Universitat de Barcelona.<\/p>\n<p>[\/et_pb_text][\/et_pb_column][et_pb_column type=&#8221;2_5&#8243; _builder_version=&#8221;4.24.0&#8243; _module_preset=&#8221;default&#8221; background_color=&#8221;rgba(0,113,205,0.14)&#8221; custom_padding=&#8221;30px|30px|30px|30px|true|true&#8221; box_shadow_style=&#8221;preset3&#8243; box_shadow_blur=&#8221;10px&#8221; box_shadow_color=&#8221;rgba(0,0,0,0.12)&#8221; global_colors_info=&#8221;{}&#8221;][et_pb_icon font_icon=&#8221;&#xf05a;||fa||900&#8243; icon_color=&#8221;#0071CD&#8221; icon_width=&#8221;30px&#8221; _builder_version=&#8221;4.24.0&#8243; _module_preset=&#8221;default&#8221; custom_css_main_element=&#8221;display: block;||float: left;||margin-right: 15px;&#8221; global_colors_info=&#8221;{}&#8221;][\/et_pb_icon][et_pb_heading title=&#8221;Sessions informatives&#8221; _builder_version=&#8221;4.24.0&#8243; _module_preset=&#8221;default&#8221; title_level=&#8221;h2&#8243; global_colors_info=&#8221;{}&#8221;][\/et_pb_heading][et_pb_text ul_type=&#8221;square&#8221; _builder_version=&#8221;4.24.2&#8243; _module_preset=&#8221;default&#8221; header_3_font=&#8221;|300|||||||&#8221; header_3_text_color=&#8221;#D7773C&#8221; custom_margin=&#8221;|||45px|false|false&#8221; global_colors_info=&#8221;{}&#8221;]<\/p>\n<p><strong>Sessions informatives per Zoom a les 17h:<\/strong><\/p>\n<p>[\/et_pb_text][et_pb_text ul_type=&#8221;square&#8221; _builder_version=&#8221;4.24.2&#8243; _module_preset=&#8221;default&#8221; header_3_font=&#8221;|300|||||||&#8221; header_3_text_color=&#8221;#D7773C&#8221; custom_margin=&#8221;|||45px|false|false&#8221; hover_enabled=&#8221;0&#8243; global_colors_info=&#8221;{}&#8221; sticky_enabled=&#8221;0&#8243;]<\/p>\n<p>El dimecres <a href=\"https:\/\/ub-edu.zoom.us\/j\/99618527505\" target=\"_blank\" rel=\"noopener\">22 d&#8217;abril<\/a><\/p>\n<p>El dimecres 13 i 29 de maig:<\/p>\n<ul>\n<li style=\"list-style-type: none;\">\n<ul>\n<li><a href=\"https:\/\/ub-edu.zoom.us\/j\/99618527505\" target=\"_blank\" rel=\"noopener\">13\/05\/2026<\/a><\/li>\n<li><a href=\"https:\/\/ub-edu.zoom.us\/j\/99618527505\" target=\"_blank\" rel=\"noopener\">29\/05\/2026<\/a><\/li>\n<\/ul>\n<\/li>\n<\/ul>\n<p>El dimecres 10 i el dilluns 22 de juny:<\/p>\n<ul>\n<li style=\"list-style-type: none;\">\n<ul>\n<li><a href=\"https:\/\/ub-edu.zoom.us\/j\/99618527505\" target=\"_blank\" rel=\"noopener\">10\/06\/2026<\/a><\/li>\n<li><a href=\"https:\/\/ub-edu.zoom.us\/j\/99618527505\" target=\"_blank\" rel=\"noopener\">22\/06\/2026<\/a><\/li>\n<\/ul>\n<\/li>\n<\/ul>\n<p>El dimarts 14 i el dimecres 29 de juliol:<\/p>\n<ul>\n<li style=\"list-style-type: none;\">\n<ul>\n<li><a href=\"https:\/\/ub-edu.zoom.us\/j\/99618527505\" target=\"_blank\" rel=\"noopener\">14\/07\/2026<\/a><\/li>\n<li><a href=\"https:\/\/ub-edu.zoom.us\/j\/99618527505\" target=\"_blank\" rel=\"noopener\">29\/07\/2026<\/a><\/li>\n<\/ul>\n<\/li>\n<\/ul>\n<p>Els dimecres 2 i 16 de setembre:<\/p>\n<ul>\n<li style=\"list-style-type: none;\">\n<ul>\n<li><a href=\"https:\/\/ub-edu.zoom.us\/j\/99618527505\" target=\"_blank\" rel=\"noopener\">02\/09\/2026<\/a><\/li>\n<li><a href=\"https:\/\/ub-edu.zoom.us\/j\/99618527505\" target=\"_blank\" rel=\"noopener\">16\/09\/2026<\/a><\/li>\n<\/ul>\n<\/li>\n<\/ul>\n<p><strong>Secretaria<\/strong>: contacteu, preferentment, per correu electr\u00f2nic o al tel\u00e8fon 93 403 58 92.<\/p>\n<p>[\/et_pb_text][\/et_pb_column][\/et_pb_row][et_pb_row column_structure=&#8221;1_2,1_2&#8243; _builder_version=&#8221;4.24.0&#8243; _module_preset=&#8221;default&#8221; custom_margin=&#8221;||50px||false|false&#8221; global_colors_info=&#8221;{}&#8221;][et_pb_column type=&#8221;1_2&#8243; _builder_version=&#8221;4.24.0&#8243; _module_preset=&#8221;default&#8221; global_colors_info=&#8221;{}&#8221;][et_pb_heading title=&#8221;Inscripci\u00f3&#8221; _builder_version=&#8221;4.24.0&#8243; _module_preset=&#8221;default&#8221; title_level=&#8221;h2&#8243; global_colors_info=&#8221;{}&#8221;][\/et_pb_heading][et_pb_text _builder_version=&#8221;4.24.2&#8243; _module_preset=&#8221;default&#8221; header_3_font=&#8221;|300|||||||&#8221; header_3_text_color=&#8221;#D7773C&#8221; global_colors_info=&#8221;{}&#8221;]<\/p>\n<h3>Dates de preinscripci\u00f3:<\/h3>\n<p><strong>Diploma d\u2019Especialitzaci\u00f3 (edici\u00f3 40a)<\/strong>: del 2 de mar\u00e7 al 30 de setembre de 2026.<br \/><strong>Diploma d&#8217;Expert (edici\u00f3 39a)<\/strong>: del 2 de mar\u00e7 al 30 de setembre de 2027.<\/p>\n<h3>Procediment de preinscripci\u00f3:<\/h3>\n<p>La preinscripci\u00f3 s\u2019ha d\u2019enviar per correu electr\u00f2nic a la secretaria del M\u00e0sterhal (<a href=\"mailto:masterhal@ub.edu\">masterhal@ub.edu<\/a>).<\/p>\n<p>[\/et_pb_text][et_pb_text admin_label=&#8221;Texto&#8221; _builder_version=&#8221;4.24.2&#8243; _module_preset=&#8221;default&#8221; header_3_font=&#8221;|300|||||||&#8221; header_3_text_color=&#8221;#D7773C&#8221; global_colors_info=&#8221;{}&#8221;]<\/p>\n<p>Per obtenir el Formulari de preinscripci\u00f3 al Diploma d&#8217;Expert, adreceu-vos a la secretaria del Masterhal <a href=\"mailto:masterhal@ub.edu\">masterhal@ub.edu<\/a><\/p>\n<p>[\/et_pb_text][et_pb_button button_url=&#8221;@ET-DC@eyJkeW5hbWljIjp0cnVlLCJjb250ZW50IjoicG9zdF9saW5rX3VybF9hdHRhY2htZW50Iiwic2V0dGluZ3MiOnsicG9zdF9pZCI6IjEyNTkifX0=@&#8221; url_new_window=&#8221;on&#8221; button_text=&#8221;Full preinscripci\u00f3 2026-2028&#8243; _builder_version=&#8221;4.24.2&#8243; _dynamic_attributes=&#8221;button_url&#8221; _module_preset=&#8221;default&#8221; custom_button=&#8221;on&#8221; button_text_size=&#8221;14px&#8221; button_text_color=&#8221;#D7773C&#8221; button_border_width=&#8221;1px&#8221; button_border_radius=&#8221;6px&#8221; button_icon=&#8221;&#xf044;||fa||900&#8243; custom_padding=&#8221;10px||10px||true|false&#8221; global_module=&#8221;744&#8243; saved_tabs=&#8221;all&#8221; global_colors_info=&#8221;{}&#8221; button_bg_enable_color__hover=&#8221;on&#8221;][\/et_pb_button][\/et_pb_column][et_pb_column type=&#8221;1_2&#8243; _builder_version=&#8221;4.24.0&#8243; _module_preset=&#8221;default&#8221; global_colors_info=&#8221;{}&#8221;][et_pb_heading title=&#8221;Matr\u00edcula&#8221; _builder_version=&#8221;4.24.0&#8243; _module_preset=&#8221;default&#8221; title_level=&#8221;h2&#8243; global_colors_info=&#8221;{}&#8221;][\/et_pb_heading][et_pb_text _builder_version=&#8221;4.24.2&#8243; _module_preset=&#8221;default&#8221; header_3_font=&#8221;|300|||||||&#8221; header_3_text_color=&#8221;#D7773C&#8221; hover_enabled=&#8221;0&#8243; global_colors_info=&#8221;{}&#8221; sticky_enabled=&#8221;0&#8243;]<\/p>\n<h3>Preus de matr\u00edcula:<\/h3>\n<p><strong>Diploma d\u2019Especialitzaci\u00f3<\/strong> (octubre 2026): 3.200 \u20ac<br \/><strong>Diploma d\u2019Expert<\/strong> (setembre 2026): 3.200 \u20ac<br \/><strong>TFM<\/strong>: 800 \u20ac<br \/>Cal afegir 70\u20ac com a taxa de la UB per cada diploma i pel TFM.<\/p>\n<h3>Per\u00edode de matr\u00edcula:<\/h3>\n<p><strong>Diploma d\u2019Especialitzaci\u00f3<\/strong>: de maig a setembre de 2026.<br \/><strong>Diploma d\u2019Expert<\/strong>: de maig a setembre de 2027.<br \/><em>Es pot acordar un pagament en dos terminis (alumnes becats o amb cr\u00e8dits convalidats) o tres terminis.<\/em><\/p>\n<p>[\/et_pb_text][et_pb_button button_url=&#8221;@ET-DC@eyJkeW5hbWljIjp0cnVlLCJjb250ZW50IjoicG9zdF9saW5rX3VybF9hdHRhY2htZW50Iiwic2V0dGluZ3MiOnsicG9zdF9pZCI6IjEyMzQifX0=@&#8221; url_new_window=&#8221;on&#8221; button_text=&#8221;Formulari de matr\u00edcula&#8221; _builder_version=&#8221;4.24.2&#8243; _dynamic_attributes=&#8221;button_url&#8221; _module_preset=&#8221;default&#8221; custom_button=&#8221;on&#8221; button_text_size=&#8221;15px&#8221; button_text_color=&#8221;#d7773c&#8221; button_border_width=&#8221;1px&#8221; button_icon=&#8221;&#xf1c1;||fa||400&#8243; global_colors_info=&#8221;{}&#8221;][\/et_pb_button][\/et_pb_column][\/et_pb_row][\/et_pb_section]<\/p>\n","protected":false},"excerpt":{"rendered":"<p>Es pot contactar per tel\u00e8fon al 93 403 58 92 La Secretaria est\u00e0 a c\u00e0rrec de la Sra. Nati Ceballos, i es troba ubicada a:Departament d\u2019Economia, Secci\u00f3 d\u2019Economia P\u00fablicaFacultat d\u2019Economia i Empresa, torre 6, planta 2\u00aa.Despatx 6228Universitat de BarcelonaAv. Diagonal, 690, 08034 Barcelona.Contacte: masterhal@ub.eduT\u00edtol requerit per preinscriure\u2019s i matricular-se Llicenciat o graduat en Economia o [&hellip;]<\/p>\n","protected":false},"author":1,"featured_media":0,"parent":0,"menu_order":0,"comment_status":"closed","ping_status":"closed","template":"","meta":{"_et_pb_use_builder":"on","_et_pb_old_content":"","_et_gb_content_width":"","footnotes":""},"class_list":["post-346","page","type-page","status-publish","hentry"],"_links":{"self":[{"href":"https:\/\/www.ub.edu\/masterhal\/wp-json\/wp\/v2\/pages\/346","targetHints":{"allow":["GET"]}}],"collection":[{"href":"https:\/\/www.ub.edu\/masterhal\/wp-json\/wp\/v2\/pages"}],"about":[{"href":"https:\/\/www.ub.edu\/masterhal\/wp-json\/wp\/v2\/types\/page"}],"author":[{"embeddable":true,"href":"https:\/\/www.ub.edu\/masterhal\/wp-json\/wp\/v2\/users\/1"}],"replies":[{"embeddable":true,"href":"https:\/\/www.ub.edu\/masterhal\/wp-json\/wp\/v2\/comments?post=346"}],"version-history":[{"count":30,"href":"https:\/\/www.ub.edu\/masterhal\/wp-json\/wp\/v2\/pages\/346\/revisions"}],"predecessor-version":[{"id":1315,"href":"https:\/\/www.ub.edu\/masterhal\/wp-json\/wp\/v2\/pages\/346\/revisions\/1315"}],"wp:attachment":[{"href":"https:\/\/www.ub.edu\/masterhal\/wp-json\/wp\/v2\/media?parent=346"}],"curies":[{"name":"wp","href":"https:\/\/api.w.org\/{rel}","templated":true}]}}

Inscripció

<p>[et_pb_section fb_built=&#8221;1&#8243; _builder_version=&#8221;4.24.0&#8243; _module_preset=&#8221;default&#8221; global_colors_info=&#8221;{}&#8221;][et_pb_row column_structure=&#8221;3_5,2_5&#8243; _builder_version=&#8221;4.24.0&#8243; _module_preset=&#8221;default&#8221; custom_margin=&#8221;||50px||false|false&#8221; global_colors_info=&#8221;{}&#8221;][et_pb_column type=&#8221;3_5&#8243; _builder_version=&#8221;4.24.0&#8243; _module_preset=&#8221;default&#8221; global_colors_info=&#8221;{}&#8221;][et_pb_heading title=&#8221;Secretaria&#8221; _builder_version=&#8221;4.24.0&#8243; _module_preset=&#8221;default&#8221; title_level=&#8221;h2&#8243; global_colors_info=&#8221;{}&#8221;][/et_pb_heading][et_pb_text _builder_version=&#8221;4.24.2&#8243; _module_preset=&#8221;default&#8221; header_3_font=&#8221;|300|||||||&#8221; header_3_text_color=&#8221;#D7773C&#8221; global_colors_info=&#8221;{}&#8221;]</p>
<p>Es pot contactar per telèfon al 93 403 58 92</p>
<p>La Secretaria està a càrrec de la Sra. Nati Ceballos, i es troba ubicada a:</p>
<p>[/et_pb_text][et_pb_text _builder_version=&#8221;4.24.2&#8243; _module_preset=&#8221;default&#8221; header_3_font=&#8221;|300|||||||&#8221; header_3_text_color=&#8221;#D7773C&#8221; hover_enabled=&#8221;0&#8243; global_colors_info=&#8221;{}&#8221; sticky_enabled=&#8221;0&#8243;]</p>
<p><strong>Departament d’Economia</strong>, Secció d’Economia Pública<br />Facultat d’Economia i Empresa, torre 6, planta 2ª.<br />Despatx 6228<br />Universitat de Barcelona<br />Av. Diagonal, 690, 08034 Barcelona.<br />Contacte: <a href="mailto:masterhal@ub.edu">masterhal@ub.edu</a></p>
<p>[/et_pb_text][et_pb_heading title=&#8221;Titulació&#8221; _builder_version=&#8221;4.24.0&#8243; _module_preset=&#8221;default&#8221; title_level=&#8221;h2&#8243; global_colors_info=&#8221;{}&#8221;][/et_pb_heading][et_pb_text _builder_version=&#8221;4.24.0&#8243; _module_preset=&#8221;default&#8221; header_3_font=&#8221;|300|||||||&#8221; header_3_text_color=&#8221;#D7773C&#8221; global_colors_info=&#8221;{}&#8221;]</p>
<h3>Títol requerit per preinscriure’s i matricular-se</h3>
<p>Llicenciat o graduat en Economia o Empresa, o en Dret, Polítiques o Gestió Pública, i altres llicenciatures o la diplomatura en Ciències Empresarials sempre i quan es puguin demostrar uns coneixements o experiència en departaments econòmics de l’administració pública.</p>
<h3>Títols que concedeix la Universitat de Barcelona:</h3>
<ul>
<li><em>Diploma d’Especialització</em> en Hisenda Autonòmica i Local: finançament, pressupost i comptabilitat<br /><em></em></li>
<li><em>Diploma d’Expert</em> en Hisenda Local: gestió econòmica avançada<br /><em></em></li>
<li><em>Màster</em> de Formació Permanent en Hisenda Autonòmica i Local: Economia i Gestió</li>
</ul>
<p>Els dos diplomes i el màster estan regulats per la normativa de cursos de màsters i postgraus propis de la Universitat de Barcelona.</p>
<p>[/et_pb_text][/et_pb_column][et_pb_column type=&#8221;2_5&#8243; _builder_version=&#8221;4.24.0&#8243; _module_preset=&#8221;default&#8221; background_color=&#8221;rgba(0,113,205,0.14)&#8221; custom_padding=&#8221;30px|30px|30px|30px|true|true&#8221; box_shadow_style=&#8221;preset3&#8243; box_shadow_blur=&#8221;10px&#8221; box_shadow_color=&#8221;rgba(0,0,0,0.12)&#8221; global_colors_info=&#8221;{}&#8221;][et_pb_icon font_icon=&#8221;&#xf05a;||fa||900&#8243; icon_color=&#8221;#0071CD&#8221; icon_width=&#8221;30px&#8221; _builder_version=&#8221;4.24.0&#8243; _module_preset=&#8221;default&#8221; custom_css_main_element=&#8221;display: block;||float: left;||margin-right: 15px;&#8221; global_colors_info=&#8221;{}&#8221;][/et_pb_icon][et_pb_heading title=&#8221;Sessions informatives&#8221; _builder_version=&#8221;4.24.0&#8243; _module_preset=&#8221;default&#8221; title_level=&#8221;h2&#8243; global_colors_info=&#8221;{}&#8221;][/et_pb_heading][et_pb_text ul_type=&#8221;square&#8221; _builder_version=&#8221;4.24.2&#8243; _module_preset=&#8221;default&#8221; header_3_font=&#8221;|300|||||||&#8221; header_3_text_color=&#8221;#D7773C&#8221; custom_margin=&#8221;|||45px|false|false&#8221; global_colors_info=&#8221;{}&#8221;]</p>
<p><strong>Sessions informatives per Zoom a les 17h:</strong></p>
<p>[/et_pb_text][et_pb_text ul_type=&#8221;square&#8221; _builder_version=&#8221;4.24.2&#8243; _module_preset=&#8221;default&#8221; header_3_font=&#8221;|300|||||||&#8221; header_3_text_color=&#8221;#D7773C&#8221; custom_margin=&#8221;|||45px|false|false&#8221; hover_enabled=&#8221;0&#8243; global_colors_info=&#8221;{}&#8221; sticky_enabled=&#8221;0&#8243;]</p>
<p>El dimecres <a href="https://ub-edu.zoom.us/j/99618527505" target="_blank" rel="noopener">22 d&#8217;abril</a></p>
<p>El dimecres 13 i 29 de maig:</p>
<ul>
<li style="list-style-type: none;">
<ul>
<li><a href="https://ub-edu.zoom.us/j/99618527505" target="_blank" rel="noopener">13/05/2026</a></li>
<li><a href="https://ub-edu.zoom.us/j/99618527505" target="_blank" rel="noopener">29/05/2026</a></li>
</ul>
</li>
</ul>
<p>El dimecres 10 i el dilluns 22 de juny:</p>
<ul>
<li style="list-style-type: none;">
<ul>
<li><a href="https://ub-edu.zoom.us/j/99618527505" target="_blank" rel="noopener">10/06/2026</a></li>
<li><a href="https://ub-edu.zoom.us/j/99618527505" target="_blank" rel="noopener">22/06/2026</a></li>
</ul>
</li>
</ul>
<p>El dimarts 14 i el dimecres 29 de juliol:</p>
<ul>
<li style="list-style-type: none;">
<ul>
<li><a href="https://ub-edu.zoom.us/j/99618527505" target="_blank" rel="noopener">14/07/2026</a></li>
<li><a href="https://ub-edu.zoom.us/j/99618527505" target="_blank" rel="noopener">29/07/2026</a></li>
</ul>
</li>
</ul>
<p>Els dimecres 2 i 16 de setembre:</p>
<ul>
<li style="list-style-type: none;">
<ul>
<li><a href="https://ub-edu.zoom.us/j/99618527505" target="_blank" rel="noopener">02/09/2026</a></li>
<li><a href="https://ub-edu.zoom.us/j/99618527505" target="_blank" rel="noopener">16/09/2026</a></li>
</ul>
</li>
</ul>
<p><strong>Secretaria</strong>: contacteu, preferentment, per correu electrònic o al telèfon 93 403 58 92.</p>
<p>[/et_pb_text][/et_pb_column][/et_pb_row][et_pb_row column_structure=&#8221;1_2,1_2&#8243; _builder_version=&#8221;4.24.0&#8243; _module_preset=&#8221;default&#8221; custom_margin=&#8221;||50px||false|false&#8221; global_colors_info=&#8221;{}&#8221;][et_pb_column type=&#8221;1_2&#8243; _builder_version=&#8221;4.24.0&#8243; _module_preset=&#8221;default&#8221; global_colors_info=&#8221;{}&#8221;][et_pb_heading title=&#8221;Inscripció&#8221; _builder_version=&#8221;4.24.0&#8243; _module_preset=&#8221;default&#8221; title_level=&#8221;h2&#8243; global_colors_info=&#8221;{}&#8221;][/et_pb_heading][et_pb_text _builder_version=&#8221;4.24.2&#8243; _module_preset=&#8221;default&#8221; header_3_font=&#8221;|300|||||||&#8221; header_3_text_color=&#8221;#D7773C&#8221; global_colors_info=&#8221;{}&#8221;]</p>
<h3>Dates de preinscripció:</h3>
<p><strong>Diploma d’Especialització (edició 40a)</strong>: del 2 de març al 30 de setembre de 2026.<br /><strong>Diploma d&#8217;Expert (edició 39a)</strong>: del 2 de març al 30 de setembre de 2027.</p>
<h3>Procediment de preinscripció:</h3>
<p>La preinscripció s’ha d’enviar per correu electrònic a la secretaria del Màsterhal (<a href="mailto:masterhal@ub.edu">masterhal@ub.edu</a>).</p>
<p>[/et_pb_text][et_pb_text admin_label=&#8221;Texto&#8221; _builder_version=&#8221;4.24.2&#8243; _module_preset=&#8221;default&#8221; header_3_font=&#8221;|300|||||||&#8221; header_3_text_color=&#8221;#D7773C&#8221; global_colors_info=&#8221;{}&#8221;]</p>
<p>Per obtenir el Formulari de preinscripció al Diploma d&#8217;Expert, adreceu-vos a la secretaria del Masterhal <a href="mailto:masterhal@ub.edu">masterhal@ub.edu</a></p>
<p>[/et_pb_text][et_pb_button button_url=&#8221;@ET-DC@eyJkeW5hbWljIjp0cnVlLCJjb250ZW50IjoicG9zdF9saW5rX3VybF9hdHRhY2htZW50Iiwic2V0dGluZ3MiOnsicG9zdF9pZCI6IjEyNTkifX0=@&#8221; url_new_window=&#8221;on&#8221; button_text=&#8221;Full preinscripció 2026-2028&#8243; _builder_version=&#8221;4.24.2&#8243; _dynamic_attributes=&#8221;button_url&#8221; _module_preset=&#8221;default&#8221; custom_button=&#8221;on&#8221; button_text_size=&#8221;14px&#8221; button_text_color=&#8221;#D7773C&#8221; button_border_width=&#8221;1px&#8221; button_border_radius=&#8221;6px&#8221; button_icon=&#8221;&#xf044;||fa||900&#8243; custom_padding=&#8221;10px||10px||true|false&#8221; global_module=&#8221;744&#8243; saved_tabs=&#8221;all&#8221; global_colors_info=&#8221;{}&#8221; button_bg_enable_color__hover=&#8221;on&#8221;][/et_pb_button][/et_pb_column][et_pb_column type=&#8221;1_2&#8243; _builder_version=&#8221;4.24.0&#8243; _module_preset=&#8221;default&#8221; global_colors_info=&#8221;{}&#8221;][et_pb_heading title=&#8221;Matrícula&#8221; _builder_version=&#8221;4.24.0&#8243; _module_preset=&#8221;default&#8221; title_level=&#8221;h2&#8243; global_colors_info=&#8221;{}&#8221;][/et_pb_heading][et_pb_text _builder_version=&#8221;4.24.2&#8243; _module_preset=&#8221;default&#8221; header_3_font=&#8221;|300|||||||&#8221; header_3_text_color=&#8221;#D7773C&#8221; hover_enabled=&#8221;0&#8243; global_colors_info=&#8221;{}&#8221; sticky_enabled=&#8221;0&#8243;]</p>
<h3>Preus de matrícula:</h3>
<p><strong>Diploma d’Especialització</strong> (octubre 2026): 3.200 €<br /><strong>Diploma d’Expert</strong> (setembre 2026): 3.200 €<br /><strong>TFM</strong>: 800 €<br />Cal afegir 70€ com a taxa de la UB per cada diploma i pel TFM.</p>
<h3>Període de matrícula:</h3>
<p><strong>Diploma d’Especialització</strong>: de maig a setembre de 2026.<br /><strong>Diploma d’Expert</strong>: de maig a setembre de 2027.<br /><em>Es pot acordar un pagament en dos terminis (alumnes becats o amb crèdits convalidats) o tres terminis.</em></p>
<p>[/et_pb_text][et_pb_button button_url=&#8221;@ET-DC@eyJkeW5hbWljIjp0cnVlLCJjb250ZW50IjoicG9zdF9saW5rX3VybF9hdHRhY2htZW50Iiwic2V0dGluZ3MiOnsicG9zdF9pZCI6IjEyMzQifX0=@&#8221; url_new_window=&#8221;on&#8221; button_text=&#8221;Formulari de matrícula&#8221; _builder_version=&#8221;4.24.2&#8243; _dynamic_attributes=&#8221;button_url&#8221; _module_preset=&#8221;default&#8221; custom_button=&#8221;on&#8221; button_text_size=&#8221;15px&#8221; button_text_color=&#8221;#d7773c&#8221; button_border_width=&#8221;1px&#8221; button_icon=&#8221;&#xf1c1;||fa||400&#8243; global_colors_info=&#8221;{}&#8221;][/et_pb_button][/et_pb_column][/et_pb_row][/et_pb_section]</p>

<p>Es pot contactar per telèfon al 93 403 58 92 La Secretaria està a càrrec de la Sra. Nati Ceballos, i es troba ubicada a:Departament d’Economia, Secció d’Economia PúblicaFacultat d’Economia i Empresa, torre 6, planta 2ª.Despatx 6228Universitat de BarcelonaAv. Diagonal, 690, 08034 Barcelona.Contacte: masterhal@ub.eduTítol requerit per preinscriure’s i matricular-se Llicenciat o graduat en Economia o [&hellip;]</p>
