{"id":2864,"date":"2021-02-02T12:20:40","date_gmt":"2021-02-02T10:20:40","guid":{"rendered":"https:\/\/www.ub.edu\/multilingua2\/?page_id=2864"},"modified":"2025-10-23T14:18:57","modified_gmt":"2025-10-23T12:18:57","slug":"recursos-de-aleman","status":"publish","type":"page","link":"https:\/\/www.ub.edu\/multilingua\/recursos-de-aleman\/","title":{"rendered":"Recursos de alem\u00e1n"},"content":{"rendered":"<p><a href=\"http:\/\/www.gramatica-alemana.es\/aprender-aleman\/\"><b>Aprender alem\u00e1n<\/b><\/a><b> (<\/b><b><i>Castellano<\/i><\/b><b>)<\/b><\/p>\n<p><a href=\"http:\/\/www.alemansencillo.com\/\"><b>Alem\u00e1n sencillo<\/b><\/a><b> (<\/b><b><i>Castellano<\/i><\/b><b>)<\/b><\/p>\n<p><a href=\"http:\/\/www.aprendealeman.com\/\"><b>Aprende alem\u00e1n &#8211; Videos<\/b><\/a><b> (<\/b><b><i>Castellano<\/i><\/b><b>)<\/b><\/p>\n<p><a href=\"https:\/\/www.karibdis.com\/aleman\/\"><b>Karibdis, libros de idiomas<\/b><\/a><b> (<\/b><b><i>Castellano<\/i><\/b><b>)<\/b><\/p>\n<p><a href=\"https:\/\/www.goethe.de\/en\/spr\/ueb.html\"><b>Goethe Institut<\/b><\/a><b><i> (Ingl\u00e9s)<\/i><\/b><\/p>\n<p><a href=\"http:\/\/www.mylanguages.org\/learn_german.php\"><b>Learn German<\/b><\/a><b> (<\/b><b><i>Ingl\u00e9s<\/i><\/b><b>)<\/b><\/p>\n<p><a href=\"https:\/\/www.livelingua.com\/german\/courses\"><b>Live Lingua<\/b><\/a> <b><i>(Ingl\u00e9s)<\/i><\/b><\/p>\n<p><a href=\"http:\/\/www.german-grammar.de\/grammar\/content\/english_german_table_of_content.htm\"><b>Deutschkurs<\/b><\/a><b> (<\/b><b><i>Ingl\u00e9s<\/i><\/b><b>)<\/b><\/p>\n<p><a href=\"http:\/\/www.clickdeutsch.de\/cms\/website.html\"><b>ClickDeutsch<\/b><\/a><b> (<\/b><b><i>Alem\u00e1n<\/i><\/b><b>)<\/b><\/p>\n<p><a href=\"https:\/\/deutsch.lingolia.com\/de\/\"><b>Deutsch lernen und \u00fcben mit Lingolia<\/b><\/a><b> (<\/b><b><i>Alem\u00e1n<\/i><\/b><b>)<\/b><\/p>\n<p><a href=\"http:\/\/www.deutsch-als-fremdsprache.de\/syntax\/index.html\"><b>Deutsch als Fremdsprache<\/b><\/a><b> (<\/b><b><i>Alem\u00e1n<\/i><\/b><b>)<\/b><\/p>\n<p><a href=\"http:\/\/www.mein-deutschbuch.de\/lernen.php?menu_id=1\"><b>Mein Deutschbuch<\/b><\/a><b> (<\/b><b><i>Alem\u00e1n<\/i><\/b><b>)<\/b><\/p>\n<p><a href=\"https:\/\/ririro.com\/de\/\"><b>Ririro &#8211; Contes i hist\u00f2ries<\/b><\/a><b> (<\/b><b><i>Alem\u00e1n<\/i><\/b><b>)<\/b><\/p>\n","protected":false},"excerpt":{"rendered":"<p>Aprender alem\u00e1n (Castellano) Alem\u00e1n sencillo (Castellano) Aprende alem\u00e1n &#8211; Videos (Castellano) Karibdis, libros de idiomas (Castellano) Goethe Institut (Ingl\u00e9s) Learn German (Ingl\u00e9s) Live Lingua (Ingl\u00e9s) Deutschkurs (Ingl\u00e9s) ClickDeutsch (Alem\u00e1n) Deutsch lernen und \u00fcben mit Lingolia (Alem\u00e1n) Deutsch als Fremdsprache (Alem\u00e1n) Mein Deutschbuch (Alem\u00e1n) Ririro &#8211; Contes i hist\u00f2ries (Alem\u00e1n)<\/p>\n","protected":false},"author":4,"featured_media":0,"parent":0,"menu_order":0,"comment_status":"closed","ping_status":"closed","template":"","meta":{"footnotes":""},"class_list":["post-2864","page","type-page","status-publish","hentry"],"_links":{"self":[{"href":"https:\/\/www.ub.edu\/multilingua\/wp-json\/wp\/v2\/pages\/2864","targetHints":{"allow":["GET"]}}],"collection":[{"href":"https:\/\/www.ub.edu\/multilingua\/wp-json\/wp\/v2\/pages"}],"about":[{"href":"https:\/\/www.ub.edu\/multilingua\/wp-json\/wp\/v2\/types\/page"}],"author":[{"embeddable":true,"href":"https:\/\/www.ub.edu\/multilingua\/wp-json\/wp\/v2\/users\/4"}],"replies":[{"embeddable":true,"href":"https:\/\/www.ub.edu\/multilingua\/wp-json\/wp\/v2\/comments?post=2864"}],"version-history":[{"count":8,"href":"https:\/\/www.ub.edu\/multilingua\/wp-json\/wp\/v2\/pages\/2864\/revisions"}],"predecessor-version":[{"id":4127,"href":"https:\/\/www.ub.edu\/multilingua\/wp-json\/wp\/v2\/pages\/2864\/revisions\/4127"}],"wp:attachment":[{"href":"https:\/\/www.ub.edu\/multilingua\/wp-json\/wp\/v2\/media?parent=2864"}],"curies":[{"name":"wp","href":"https:\/\/api.w.org\/{rel}","templated":true}]}}