{"id":2868,"date":"2021-02-02T12:21:46","date_gmt":"2021-02-02T10:21:46","guid":{"rendered":"https:\/\/www.ub.edu\/multilingua2\/?page_id=2868"},"modified":"2025-10-28T13:53:57","modified_gmt":"2025-10-28T11:53:57","slug":"recursos-de-ingles","status":"publish","type":"page","link":"https:\/\/www.ub.edu\/multilingua\/recursos-de-ingles\/","title":{"rendered":"Recursos de ingl\u00e9s"},"content":{"rendered":"<p><a href=\"http:\/\/www.inglestotal.com\/\"><b><strong>Materiales de ingl\u00e9s multimedia <\/strong><\/b><\/a><em>(Catal\u00e1n)<\/em><\/p>\n<p><a href=\"http:\/\/www.inglestotal.com\/\"><b>Clases y cursos de ingl\u00e9s gratis<\/b><\/a><span style=\"font-weight: 400;\"> (<\/span><i><span style=\"font-weight: 400;\">Castellano<\/span><\/i><span style=\"font-weight: 400;\">)<\/span><\/p>\n<p><a href=\"http:\/\/www.saberingles.com.ar\/index.html\"><b>Saber Ingl\u00e9s<\/b><\/a><span style=\"font-weight: 400;\"> (<\/span><i><span style=\"font-weight: 400;\">Castellano<\/span><\/i><span style=\"font-weight: 400;\">)<\/span><\/p>\n<p><a href=\"https:\/\/learnenglish.britishcouncil.org\/grammar\"><b>English Grammar<\/b><\/a><span style=\"font-weight: 400;\"> (<\/span><i><span style=\"font-weight: 400;\">Ingl\u00e9s brit\u00e1nico<\/span><\/i><span style=\"font-weight: 400;\">)<\/span><\/p>\n<p><a href=\"https:\/\/www.cambridgeenglish.org\/learning-english\/activities-for-learners\/\"><b>Learning English Cambridge<\/b><\/a><span style=\"font-weight: 400;\"> (<\/span><i><span style=\"font-weight: 400;\">Ingl\u00e9s brit\u00e1nico<\/span><\/i><span style=\"font-weight: 400;\">)<\/span><\/p>\n<p><a href=\"http:\/\/www.learnamericanenglishonline.com\/\"><b>Learn American English Online<\/b><\/a><span style=\"font-weight: 400;\"> (<\/span><i><span style=\"font-weight: 400;\">Ingl\u00e9s americano<\/span><\/i><span style=\"font-weight: 400;\">)<\/span><\/p>\n<p><a href=\"http:\/\/funeasyenglish.com\/\"><b>Fun Easy English<\/b><\/a><span style=\"font-weight: 400;\"> (<\/span><i><span style=\"font-weight: 400;\">Ingl\u00e9s americano<\/span><\/i><span style=\"font-weight: 400;\">)<\/span><\/p>\n<p><a href=\"http:\/\/www.agendaweb.org\/\"><b>AgendaWeb: Hundreds of free English exercises<\/b><\/a><span style=\"font-weight: 400;\"> (<\/span><i><span style=\"font-weight: 400;\">Ingl\u00e9s<\/span><\/i><span style=\"font-weight: 400;\">)<\/span><\/p>\n<p><a href=\"http:\/\/www.learn-english-online.org\/\"><b>Learn English Online<\/b><\/a> <a href=\"https:\/\/englishleap.wordpress.com\/\"><b>English Leap<\/b><\/a><span style=\"font-weight: 400;\">\u00a0 (<\/span><i><span style=\"font-weight: 400;\">Ingl\u00e9s<\/span><\/i><span style=\"font-weight: 400;\">)<\/span><\/p>\n<p><a href=\"https:\/\/www.ego4u.com\/en\/cram-up\/grammar\"><b>English Grammar Online<\/b><\/a><span style=\"font-weight: 400;\"> (<\/span><i><span style=\"font-weight: 400;\">Ingl\u00e9s<\/span><\/i><span style=\"font-weight: 400;\">)<\/span><\/p>\n<p><a href=\"http:\/\/www.englisch-hilfen.de\/en\/inhalt_grammar.htm\"><b>Learning English: reference and explanations<\/b><\/a><span style=\"font-weight: 400;\"> (<\/span><i><span style=\"font-weight: 400;\">Ingl\u00e9s<\/span><\/i><span style=\"font-weight: 400;\">)<\/span><\/p>\n<p><a href=\"https:\/\/ririro.com\/\"><b>Ririro &#8211; Contes i hist\u00f2ries<\/b><\/a><span style=\"font-weight: 400;\"> (<\/span><i><span style=\"font-weight: 400;\">Ingl\u00e9s<\/span><\/i><span style=\"font-weight: 400;\">)<\/span><\/p>\n","protected":false},"excerpt":{"rendered":"<p>Materiales de ingl\u00e9s multimedia (Catal\u00e1n) Clases y cursos de ingl\u00e9s gratis (Castellano) Saber Ingl\u00e9s (Castellano) English Grammar (Ingl\u00e9s brit\u00e1nico) Learning English Cambridge (Ingl\u00e9s brit\u00e1nico) Learn American English Online (Ingl\u00e9s americano) Fun Easy English (Ingl\u00e9s americano) AgendaWeb: Hundreds of free English exercises (Ingl\u00e9s) Learn English Online English Leap\u00a0 (Ingl\u00e9s) English Grammar Online (Ingl\u00e9s) Learning English: reference [&hellip;]<\/p>\n","protected":false},"author":4,"featured_media":0,"parent":0,"menu_order":0,"comment_status":"closed","ping_status":"closed","template":"","meta":{"footnotes":""},"class_list":["post-2868","page","type-page","status-publish","hentry"],"_links":{"self":[{"href":"https:\/\/www.ub.edu\/multilingua\/wp-json\/wp\/v2\/pages\/2868","targetHints":{"allow":["GET"]}}],"collection":[{"href":"https:\/\/www.ub.edu\/multilingua\/wp-json\/wp\/v2\/pages"}],"about":[{"href":"https:\/\/www.ub.edu\/multilingua\/wp-json\/wp\/v2\/types\/page"}],"author":[{"embeddable":true,"href":"https:\/\/www.ub.edu\/multilingua\/wp-json\/wp\/v2\/users\/4"}],"replies":[{"embeddable":true,"href":"https:\/\/www.ub.edu\/multilingua\/wp-json\/wp\/v2\/comments?post=2868"}],"version-history":[{"count":9,"href":"https:\/\/www.ub.edu\/multilingua\/wp-json\/wp\/v2\/pages\/2868\/revisions"}],"predecessor-version":[{"id":4157,"href":"https:\/\/www.ub.edu\/multilingua\/wp-json\/wp\/v2\/pages\/2868\/revisions\/4157"}],"wp:attachment":[{"href":"https:\/\/www.ub.edu\/multilingua\/wp-json\/wp\/v2\/media?parent=2868"}],"curies":[{"name":"wp","href":"https:\/\/api.w.org\/{rel}","templated":true}]}}