{"id":2876,"date":"2021-02-15T14:37:10","date_gmt":"2021-02-15T12:37:10","guid":{"rendered":"https:\/\/www.ub.edu\/multilingua2\/?page_id=2876"},"modified":"2025-10-23T14:28:31","modified_gmt":"2025-10-23T12:28:31","slug":"recursos-de-coreano","status":"publish","type":"page","link":"https:\/\/www.ub.edu\/multilingua\/recursos-de-coreano\/","title":{"rendered":"Recursos de coreano"},"content":{"rendered":"<p><a href=\"http:\/\/www.loecsen.com\/travel\/0-es-67-14-29-curso-gratis-coreano.html\"><b>Vocabulario y expresiones pr\u00e1cticas en coreano para viajar<\/b><\/a><span style=\"font-weight: 400;\"> (<\/span><i><span style=\"font-weight: 400;\">Castellano<\/span><\/i><span style=\"font-weight: 400;\">)<\/span><\/p>\n<p><a href=\"https:\/\/www.howtostudykorean.com\/\"><b>How to Study Korean<\/b><\/a> <i><span style=\"font-weight: 400;\">(Ingl\u00e9s)<\/span><\/i><\/p>\n<p><a href=\"http:\/\/www.talktomeinkorean.com\/\"><b>Talk To Me In Korean<\/b><\/a> <i><span style=\"font-weight: 400;\">(Ingl\u00e9s)<\/span><\/i><\/p>\n<p><a href=\"http:\/\/korean.sogang.ac.kr\/\"><b>Sogang Korean Program<\/b><\/a> <i><span style=\"font-weight: 400;\">(Ingl\u00e9s)<\/span><\/i><\/p>\n<p><a href=\"http:\/\/www.learnkorean.com\/\"><b>Korean Lessons and more<\/b><\/a> <i><span style=\"font-weight: 400;\">(Ingl\u00e9s)<\/span><\/i><\/p>\n","protected":false},"excerpt":{"rendered":"<p>Vocabulario y expresiones pr\u00e1cticas en coreano para viajar (Castellano) How to Study Korean (Ingl\u00e9s) Talk To Me In Korean (Ingl\u00e9s) Sogang Korean Program (Ingl\u00e9s) Korean Lessons and more (Ingl\u00e9s)<\/p>\n","protected":false},"author":4,"featured_media":0,"parent":0,"menu_order":0,"comment_status":"closed","ping_status":"closed","template":"","meta":{"footnotes":""},"class_list":["post-2876","page","type-page","status-publish","hentry"],"_links":{"self":[{"href":"https:\/\/www.ub.edu\/multilingua\/wp-json\/wp\/v2\/pages\/2876","targetHints":{"allow":["GET"]}}],"collection":[{"href":"https:\/\/www.ub.edu\/multilingua\/wp-json\/wp\/v2\/pages"}],"about":[{"href":"https:\/\/www.ub.edu\/multilingua\/wp-json\/wp\/v2\/types\/page"}],"author":[{"embeddable":true,"href":"https:\/\/www.ub.edu\/multilingua\/wp-json\/wp\/v2\/users\/4"}],"replies":[{"embeddable":true,"href":"https:\/\/www.ub.edu\/multilingua\/wp-json\/wp\/v2\/comments?post=2876"}],"version-history":[{"count":3,"href":"https:\/\/www.ub.edu\/multilingua\/wp-json\/wp\/v2\/pages\/2876\/revisions"}],"predecessor-version":[{"id":4130,"href":"https:\/\/www.ub.edu\/multilingua\/wp-json\/wp\/v2\/pages\/2876\/revisions\/4130"}],"wp:attachment":[{"href":"https:\/\/www.ub.edu\/multilingua\/wp-json\/wp\/v2\/media?parent=2876"}],"curies":[{"name":"wp","href":"https:\/\/api.w.org\/{rel}","templated":true}]}}