{"id":2964,"date":"2021-02-15T14:56:05","date_gmt":"2021-02-15T12:56:05","guid":{"rendered":"https:\/\/www.ub.edu\/multilingua2\/?page_id=2964"},"modified":"2025-10-28T14:16:35","modified_gmt":"2025-10-28T12:16:35","slug":"recursos-de-turco","status":"publish","type":"page","link":"https:\/\/www.ub.edu\/multilingua\/recursos-de-turco\/","title":{"rendered":"Recursos de turco"},"content":{"rendered":"<p><a href=\"https:\/\/www.lingohut.com\/ca\/l98\/apr%C3%A8n-turc\"><strong>Lli\u00e7ons gratu\u00eftes de turc<\/strong><\/a> (<em>Catal\u00e1n, castellano, ingl\u00e9s y otras lenguas<\/em>)<\/p>\n<p><a href=\"https:\/\/www.50languages.com\/phrasebook\/ca\/tr\/\"><strong>50 languages<\/strong><\/a> (<em>Catal\u00e1n, castellano, ingl\u00e9s y otras lenguas<\/em>)<\/p>\n<p><a href=\"http:\/\/www.karibdis.com\/turco\"><strong>Karibdis, llibros de idiomas<\/strong><\/a> (<em>Castellano<\/em>)<\/p>\n<p><a href=\"https:\/\/turco.wordpress.com\/\"><strong>Clase de turco<\/strong><\/a>\u00a0(<em>Castellano<\/em>)<\/p>\n<p><a href=\"http:\/\/cursodeturco.blogspot.com.es\/\"><strong>Curso de turco online para hispanohablantes<\/strong><\/a>\u00a0(<em>Castellano<\/em>)<\/p>\n<p><a href=\"http:\/\/www.turkishclass.com\/\"><strong>Turkish Language Class<\/strong><\/a>\u00a0(<em>Ingl\u00e9s<\/em>)<\/p>\n<p><a href=\"http:\/\/turkishbasics.com\/\"><strong>Turkish basics<\/strong><\/a>\u00a0(<em>Ingl\u00e9s<\/em>)<\/p>\n<p><a href=\"https:\/\/ririro.com\/tr\/\"><strong>Ririro, cuentos e historias<\/strong><\/a> (<em>Turco<\/em>)<\/p>\n","protected":false},"excerpt":{"rendered":"<p>Lli\u00e7ons gratu\u00eftes de turc (Catal\u00e1n, castellano, ingl\u00e9s y otras lenguas) 50 languages (Catal\u00e1n, castellano, ingl\u00e9s y otras lenguas) Karibdis, llibros de idiomas (Castellano) Clase de turco\u00a0(Castellano) Curso de turco online para hispanohablantes\u00a0(Castellano) Turkish Language Class\u00a0(Ingl\u00e9s) Turkish basics\u00a0(Ingl\u00e9s) Ririro, cuentos e historias (Turco)<\/p>\n","protected":false},"author":4,"featured_media":0,"parent":0,"menu_order":0,"comment_status":"closed","ping_status":"closed","template":"","meta":{"footnotes":""},"class_list":["post-2964","page","type-page","status-publish","hentry"],"_links":{"self":[{"href":"https:\/\/www.ub.edu\/multilingua\/wp-json\/wp\/v2\/pages\/2964","targetHints":{"allow":["GET"]}}],"collection":[{"href":"https:\/\/www.ub.edu\/multilingua\/wp-json\/wp\/v2\/pages"}],"about":[{"href":"https:\/\/www.ub.edu\/multilingua\/wp-json\/wp\/v2\/types\/page"}],"author":[{"embeddable":true,"href":"https:\/\/www.ub.edu\/multilingua\/wp-json\/wp\/v2\/users\/4"}],"replies":[{"embeddable":true,"href":"https:\/\/www.ub.edu\/multilingua\/wp-json\/wp\/v2\/comments?post=2964"}],"version-history":[{"count":6,"href":"https:\/\/www.ub.edu\/multilingua\/wp-json\/wp\/v2\/pages\/2964\/revisions"}],"predecessor-version":[{"id":4163,"href":"https:\/\/www.ub.edu\/multilingua\/wp-json\/wp\/v2\/pages\/2964\/revisions\/4163"}],"wp:attachment":[{"href":"https:\/\/www.ub.edu\/multilingua\/wp-json\/wp\/v2\/media?parent=2964"}],"curies":[{"name":"wp","href":"https:\/\/api.w.org\/{rel}","templated":true}]}}