{"id":23,"date":"2022-04-27T07:31:50","date_gmt":"2022-04-27T07:31:50","guid":{"rendered":"https:\/\/www.ub.edu\/oap\/?page_id=23"},"modified":"2025-07-10T08:31:41","modified_gmt":"2025-07-10T08:31:41","slug":"formacio","status":"publish","type":"page","link":"https:\/\/www.ub.edu\/oap\/formacio\/","title":{"rendered":"Formaci\u00f3"},"content":{"rendered":"<h2>M\u00e1ster d&#8217;Economia, Regulaci\u00f3 i Compet\u00e8ncia als Serveis P\u00fablics<\/h2>\n<p>El M\u00e0ster Universitari en Economia, Regulaci\u00f3 i Compet\u00e8ncia als Serveis P\u00fablics \u00e9s un t\u00edtol oficial de postgrau de la Universitat de Barcelona, d\u2019un any de durada, que especialitza a Enginyers, Llicenciats i Graduats en Economia, Dret, Administraci\u00f3, etc., en l\u2019\u00e0rea professional de l\u2019Economia de les pol\u00edtiques i els serveis p\u00fablics.<br \/>\n<a class=\"btn btn-theme-primary-outline btninfo\" href=\"https:\/\/www.ub.edu\/portal\/web\/economia-empresa\/masters-universitaris\/-\/ensenyament\/detallEnsenyament\/5276416\">M\u00e9s informaci\u00f3 <i class=\"fas fa-external-link\"><\/i><\/a><\/p>\n<p>&nbsp;<\/p>\n<h2>M\u00e0ster en Pol\u00edtiques P\u00fabliques<\/h2>\n<p>El M\u00e0ster en Pol\u00edtiques P\u00fabliques \u00e9s una titulaci\u00f3 interuniversit\u00e0ria (Universitat de Barcelona, Institut Barcelona d\u2019Estudis Internacionals i Universitat Pompeu Fabra) d&#8217;un any de durada destinada a formar futurs professionals en l&#8217;\u00e0mbit de l&#8217;elaboraci\u00f3 de pol\u00edtiques p\u00fabliques. El\u00a0m\u00e0ster combina una formaci\u00f3 rigorosa tant en economia com en ci\u00e8ncies pol\u00edtiques, i pret\u00e9n proporcionar als estudiants un conjunt complet d&#8217;habilitats pr\u00e0ctiques, quantitatives, qualitatives i anal\u00edtiques.<br \/>\n<a class=\"btn btn-theme-primary-outline btninfo\" href=\"https:\/\/www.ub.edu\/portal\/web\/economia-empresa\/masters-universitaris\/-\/ensenyament\/detallEnsenyament\/13456210\">M\u00e9s informaci\u00f3<\/a><\/p>\n<p>&nbsp;<\/p>\n<h2>Curs en t\u00e8cniques d&#8217;avaluaci\u00f3 de pol\u00edtiques p\u00fabliques (Certificat Microcredencial)<\/h2>\n<p>El curs en t\u00e8cniques d&#8217;avaluaci\u00f3 de pol\u00edtiques p\u00fabliques organitzat per l&#8217;OAP i l&#8217;IL3 de la Universitat de Barcelona \u00e9s un curs de formaci\u00f3 cont\u00ednua en format de certificat microcredencial que forma en t\u00e8cniques d&#8217;avaluaci\u00f3 de pol\u00edtiques p\u00fabliques durant 8 setmanes en format sempresencial. El curs t\u00e9 un reconeixement de 6 ECTS i est\u00e0 reconegut perqu\u00e8 permet obtenir un t\u00edtol em\u00e8s per la Universitat de Barcelona i tamb\u00e9 rebgistrat a l&#8217;Europass. El curs compta amb la col\u00b7laboraci\u00f3 de la Generalitat de Catalunya (mitjan\u00e7ant el Departament d&#8217;Economia i Finances i el Departament de Territori, Habitatge i Transici\u00f3 ecol\u00f2gica.) i de la Federaci\u00f3 de Municipis de Catalunya. El pograma compta amb finan\u00e7ament dels NEXT GENERATION, el que permet a residents de nacionalitat espanyola obtenir una bonificaci\u00f3 del 70% de l&#8217;import en el curs.<\/p>\n<p><a class=\"btn btn-theme-primary-outline btninfo\" href=\"https:\/\/www.il3.ub.edu\/ca\/microcredencials-tecniques-avaluacio-politiques-publiques\">M\u00e9s informaci\u00f3<\/a><\/p>\n<p>&nbsp;<\/p>\n<h2>Altres cursos<\/h2>\n<p>L&#8217;observatori d&#8217;an\u00e0lisi i avalauci\u00f3 de pol\u00edtiques organitza tamb\u00e9 de forma tant regular com espor\u00e0dica altres cursos de formaci\u00f3. Alguns de formaci\u00f3 interna per a membres i col\u00b7laboradors de l&#8217;OAP, i altres per entitats que aix\u00ed ho sol\u00b7licitin.<\/p>\n<p><a class=\"btn btn-theme-primary-outline btninfo\" href=\"https:\/\/www.ub.edu\/oap\/formacio\/altres-cursos-de-formacio-2025\/\">Cursos 2025<\/a><\/p>\n","protected":false},"excerpt":{"rendered":"<p>M\u00e1ster d&#8217;Economia, Regulaci\u00f3 i Compet\u00e8ncia als Serveis P\u00fablics El M\u00e0ster Universitari en Economia, Regulaci\u00f3 i Compet\u00e8ncia als Serveis P\u00fablics \u00e9s un t\u00edtol oficial de postgrau de la Universitat de Barcelona, d\u2019un any de durada, que especialitza a Enginyers, Llicenciats i Graduats en Economia, Dret, Administraci\u00f3, etc., en l\u2019\u00e0rea professional de&#8230;<\/p>\n","protected":false},"author":1,"featured_media":0,"parent":0,"menu_order":0,"comment_status":"closed","ping_status":"closed","template":"","meta":{"footnotes":""},"class_list":["post-23","page","type-page","status-publish","hentry"],"_links":{"self":[{"href":"https:\/\/www.ub.edu\/oap\/wp-json\/wp\/v2\/pages\/23","targetHints":{"allow":["GET"]}}],"collection":[{"href":"https:\/\/www.ub.edu\/oap\/wp-json\/wp\/v2\/pages"}],"about":[{"href":"https:\/\/www.ub.edu\/oap\/wp-json\/wp\/v2\/types\/page"}],"author":[{"embeddable":true,"href":"https:\/\/www.ub.edu\/oap\/wp-json\/wp\/v2\/users\/1"}],"replies":[{"embeddable":true,"href":"https:\/\/www.ub.edu\/oap\/wp-json\/wp\/v2\/comments?post=23"}],"version-history":[{"count":18,"href":"https:\/\/www.ub.edu\/oap\/wp-json\/wp\/v2\/pages\/23\/revisions"}],"predecessor-version":[{"id":714,"href":"https:\/\/www.ub.edu\/oap\/wp-json\/wp\/v2\/pages\/23\/revisions\/714"}],"wp:attachment":[{"href":"https:\/\/www.ub.edu\/oap\/wp-json\/wp\/v2\/media?parent=23"}],"curies":[{"name":"wp","href":"https:\/\/api.w.org\/{rel}","templated":true}]}}