{"id":24,"date":"2022-04-27T07:31:50","date_gmt":"2022-04-27T07:31:50","guid":{"rendered":"https:\/\/www.ub.edu\/oap\/?page_id=24"},"modified":"2024-11-22T00:30:43","modified_gmt":"2024-11-22T00:30:43","slug":"contacte","status":"publish","type":"page","link":"https:\/\/www.ub.edu\/oap\/contacte\/","title":{"rendered":"Contacte"},"content":{"rendered":"<h2>Observatori d\u2019an\u00e0lisi i avaluaci\u00f3 de pol\u00edtiques p\u00fabliques<\/h2>\n<p><strong>Universitat de Barcelona<\/strong><br \/>\nFacultat d\u2019Economia i Empresa<br \/>\nObservatori d&#8217;an\u00e0lisi i avaluaci\u00f3 de pol\u00edtiques p\u00fabliques. Torre 6, planta 3.<br \/>\nJohn-Maynard Keynes 1-11.<br \/>\n08034 Barcelona<br \/>\nTel\u00e8fon: (+34) 93 402 19 43<\/p>\n<p><iframe loading=\"lazy\" style=\"border: 0px; pointer-events: none;\" src=\"https:\/\/www.google.com\/maps\/embed?pb=!1m18!1m12!1m3!1d1496.7121502905547!2d2.1162115999999873!3d41.386590999999996!2m3!1f0!2f0!3f0!3m2!1i1024!2i768!4f13.1!3m3!1m2!1s0x12a4985a02fa0989%3A0x792efab30f147b70!2scarrer+de+John+Maynard+Keynes%2C+11%2C+08034+Barcelona!5e0!3m2!1sca!2ses!4v1439398994075\" width=\"100%\" height=\"450\" frameborder=\"0\" allowfullscreen=\"allowfullscreen\"><\/iframe><\/p>\n<hr \/>\n<p>Tamb\u00e9 pots contactar amb nosaltres mitjan\u00e7ant el seg\u00fcent formulari de contacte:<\/p>\n<h6><div role=\"form\" class=\"wpcf7\" id=\"wpcf7-f126-o1\" lang=\"ca\" dir=\"ltr\">\n<div class=\"screen-reader-response\"><p role=\"status\" aria-live=\"polite\" aria-atomic=\"true\"><\/p> <ul><\/ul><\/div>\n<form action=\"\/oap\/wp-json\/wp\/v2\/pages\/24#wpcf7-f126-o1\" method=\"post\" class=\"wpcf7-form init\" novalidate=\"novalidate\" data-status=\"init\">\n<div style=\"display: none;\">\n<input type=\"hidden\" name=\"_wpcf7\" value=\"126\" \/>\n<input type=\"hidden\" name=\"_wpcf7_version\" value=\"5.5.6.1\" \/>\n<input type=\"hidden\" name=\"_wpcf7_locale\" value=\"ca\" \/>\n<input type=\"hidden\" name=\"_wpcf7_unit_tag\" value=\"wpcf7-f126-o1\" \/>\n<input type=\"hidden\" name=\"_wpcf7_container_post\" value=\"0\" \/>\n<input type=\"hidden\" name=\"_wpcf7_posted_data_hash\" value=\"\" \/>\n<\/div>\n<div class=\"contactpagedv\"<br \/>\n<span class=\"wpcf7-form-control-wrap your-name\"><input type=\"text\" name=\"your-name\" value=\"\" size=\"40\" class=\"wpcf7-form-control wpcf7-text wpcf7-validates-as-required\" aria-required=\"true\" aria-invalid=\"false\" placeholder=\"Nom i cognoms\" \/><\/span><\/p>\n<p><span class=\"wpcf7-form-control-wrap your-jobtitle\"><input type=\"text\" name=\"your-jobtitle\" value=\"\" size=\"40\" class=\"wpcf7-form-control wpcf7-text wpcf7-validates-as-required\" aria-required=\"true\" aria-invalid=\"false\" placeholder=\"C\u00e0rrec\" \/><\/span><\/p>\n<p><span class=\"wpcf7-form-control-wrap your-email\"><input type=\"text\" name=\"your-email\" value=\"\" size=\"40\" class=\"wpcf7-form-control wpcf7-text wpcf7-validates-as-required\" aria-required=\"true\" aria-invalid=\"false\" placeholder=\"Correu electr\u00f2nic\" \/><\/span> <\/p>\n<p><span class=\"wpcf7-form-control-wrap your-subject\"><input type=\"text\" name=\"your-subject\" value=\"\" size=\"40\" class=\"wpcf7-form-control wpcf7-text wpcf7-validates-as-required\" aria-required=\"true\" aria-invalid=\"false\" placeholder=\"Assumpte\" \/><\/span><\/p>\n<p><span class=\"wpcf7-form-control-wrap your-message\"><textarea name=\"your-message\" cols=\"40\" rows=\"10\" class=\"wpcf7-form-control wpcf7-textarea wpcf7-validates-as-required\" aria-required=\"true\" aria-invalid=\"false\" placeholder=\"Missatge\"><\/textarea><\/span>\n<\/p><\/div>\n<div class=\"boto\"><input type=\"submit\" value=\"Enviar\" class=\"wpcf7-form-control has-spinner wpcf7-submit\" \/><\/div>\n<div class=\"wpcf7-response-output\" aria-hidden=\"true\"><\/div><\/form><\/div><\/h6>\n","protected":false},"excerpt":{"rendered":"<p>Observatori d\u2019an\u00e0lisi i avaluaci\u00f3 de pol\u00edtiques p\u00fabliques Universitat de Barcelona Facultat d\u2019Economia i Empresa Observatori d&#8217;an\u00e0lisi i avaluaci\u00f3 de pol\u00edtiques p\u00fabliques. Torre 6, planta 3. John-Maynard Keynes 1-11. 08034 Barcelona Tel\u00e8fon: (+34) 93 402 19 43 Tamb\u00e9 pots contactar amb nosaltres mitjan\u00e7ant el seg\u00fcent formulari de contacte:<\/p>\n","protected":false},"author":1,"featured_media":0,"parent":0,"menu_order":0,"comment_status":"closed","ping_status":"closed","template":"","meta":{"footnotes":""},"class_list":["post-24","page","type-page","status-publish","hentry"],"_links":{"self":[{"href":"https:\/\/www.ub.edu\/oap\/wp-json\/wp\/v2\/pages\/24","targetHints":{"allow":["GET"]}}],"collection":[{"href":"https:\/\/www.ub.edu\/oap\/wp-json\/wp\/v2\/pages"}],"about":[{"href":"https:\/\/www.ub.edu\/oap\/wp-json\/wp\/v2\/types\/page"}],"author":[{"embeddable":true,"href":"https:\/\/www.ub.edu\/oap\/wp-json\/wp\/v2\/users\/1"}],"replies":[{"embeddable":true,"href":"https:\/\/www.ub.edu\/oap\/wp-json\/wp\/v2\/comments?post=24"}],"version-history":[{"count":13,"href":"https:\/\/www.ub.edu\/oap\/wp-json\/wp\/v2\/pages\/24\/revisions"}],"predecessor-version":[{"id":546,"href":"https:\/\/www.ub.edu\/oap\/wp-json\/wp\/v2\/pages\/24\/revisions\/546"}],"wp:attachment":[{"href":"https:\/\/www.ub.edu\/oap\/wp-json\/wp\/v2\/media?parent=24"}],"curies":[{"name":"wp","href":"https:\/\/api.w.org\/{rel}","templated":true}]}}