{"id":1218,"date":"2016-03-16T11:49:14","date_gmt":"2016-03-16T11:49:14","guid":{"rendered":"http:\/\/webfe05.fe.cpd.local\/ossma\/?page_id=1218"},"modified":"2025-05-15T08:52:32","modified_gmt":"2025-05-15T08:52:32","slug":"normativa","status":"publish","type":"page","link":"https:\/\/www.ub.edu\/ossma\/atencio-social\/normativa","title":{"rendered":"Normativa"},"content":{"rendered":"\n<div class=\"wp-block-advgb-summary alignnone\"><div class=\"advgb-toc-header collapsed\">Apartats<\/div><ul class=\"advgb-toc alignnone\" style=\"display:none\"><li class=\"toc-level-1\"><a href=\"#discapacitat\">Lleis i normatives discapacitat<\/a><\/li><li class=\"toc-level-2\"><a href=\"#universitat-de-barcelona-af909b31-2b91-441e-8cb4-6d10b7565172\">Universitat de Barcelona<\/a><\/li><li class=\"toc-level-2\"><a href=\"#legislacio-catalana-bd91e96e-93fb-4671-b95b-460e9e5f22f1\">Legislaci\u00f3 catalana<\/a><\/li><li class=\"toc-level-3\"><a href=\"#lleis-i-decrets-llei-771d7256-2cf8-4776-92f0-0690950f0daf\">Lleis i Decrets Llei<\/a><\/li><li class=\"toc-level-3\"><a href=\"#ordres-i-resolucions-00244044-eb44-41ba-9995-768d57a67712\">Ordres i resolucions<\/a><\/li><li class=\"toc-level-2\"><a href=\"#legislacio-estatal-d9c48e6d-eaa0-4aec-aa79-89c07249e09b\">Legislaci\u00f3 estatal<\/a><\/li><li class=\"toc-level-2\"><a href=\"#altres-fa8617d0-9bfa-4f2f-b339-bc071cbcd466\">Altres<\/a><\/li><li class=\"toc-level-1\"><a href=\"#lleis-i-normatives-drogues-2920b11c-942d-4aa6-b268-75b5dfc26665\">Lleis i normatives drogues<\/a><\/li><li class=\"toc-level-2\"><a href=\"#legislacio-db73c242-7a09-4e04-abd7-ed0b4b035bdd\">Legislaci\u00f3<\/a><\/li><li class=\"toc-level-2\"><a href=\"#altres-fb015d61-306c-43ec-92e0-5775c283a0a5\">Altres<\/a><\/li><\/ul><\/div>\n\n\n\n<h2 class=\"wp-block-heading\" id=\"discapacitat\"><a id=\"discapacitat\" name=\"discapacitat\"><\/a>Lleis i normatives discapacitat<\/h2>\n\n\n\n<h3 class=\"wp-block-heading\" id=\"universitat-de-barcelona-af909b31-2b91-441e-8cb4-6d10b7565172\">Universitat de Barcelona<\/h3>\n\n\n\n<p><a href=\"https:\/\/seu.ub.edu\/documentPublic\/download\/341766\">Decret 246\/2003, de 8 d&#8217;octubre,<\/a> Estatut de la Universitat de Barcelona<br>DOGC n\u00fam. 3993, 22 d\u2019octubre de 2003<\/p>\n\n\n\n<h3 class=\"wp-block-heading\" id=\"legislacio-catalana-bd91e96e-93fb-4671-b95b-460e9e5f22f1\">Legislaci\u00f3 catalana<\/h3>\n\n\n\n<h4 class=\"wp-block-heading\" id=\"lleis-i-decrets-llei-771d7256-2cf8-4776-92f0-0690950f0daf\">Lleis i Decrets Llei<\/h4>\n\n\n\n<ul class=\"wp-block-list\">\n<li><a href=\"https:\/\/portaljuridic.gencat.cat\/ca\/document-del-pjur\/?documentId=890227&amp;validity=1829843\">Llei 19\/2020, del 30 de desembre, <\/a>d&#8217;igualtat de tracte i no-discriminaci\u00f3<br>DOGC 31 de desembre de 2020, n\u00fam. 8307<\/li>\n\n\n\n<li><a rel=\"noopener\" href=\"http:\/\/www20.gencat.cat\/portal\/site\/portaljuridic\/menuitem.d15a4e5dfb99396dc366ec10b0c0e1a0\/?action=fitxa&amp;documentId=673958\" target=\"_blank\">Llei 13\/2014, del 30 d&#8217;octubre<\/a>, d&#8217;accessibilitat<br>DOGC 4 de novembre de 2014, n\u00fam. 6742<\/li>\n\n\n\n<li><a rel=\"noopener\" href=\"http:\/\/www20.gencat.cat\/portal\/site\/portaljuridic\/menuitem.d15a4e5dfb99396dc366ec10b0c0e1a0\/?action=fitxa&amp;documentId=541337\" target=\"_blank\">Llei 17\/2010, del 3 de juny<\/a>, de la llengua de signes catalana<br>DOGC 10 de juny de 2010, n\u00fam. 5647<\/li>\n\n\n\n<li><a href=\"http:\/\/dogc.gencat.cat\/ca\/pdogc_canals_interns\/pdogc_resultats_fitxa\/?documentId=532498&amp;language=ca_ES&amp;action=fitxa\" target=\"_blank\" rel=\"noopener\">Llei 19\/2009, del 26 de novembre<\/a>, de l&#8217;acc\u00e9s a l&#8217;entorn de les persones acompanyades de gossos d&#8217;assist\u00e8ncia<br>DOGC 3 de desembre de 2009, n\u00fam. 5519<\/li>\n\n\n\n<li><a href=\"https:\/\/portaljuridic.gencat.cat\/ca\/document-del-pjur\/?documentId=567212&amp;validity=1842455&amp;traceability=02&amp;language=ca\" target=\"_blank\" rel=\"noreferrer noopener\">ORDRE ASC\/573\/2010, de 3 de desembre,<\/a> de desplegament parcial de la Llei 19\/2009, de 26 de novembre, de l&#8217;acc\u00e9s a l&#8217;entorn de les persones acompanyades de gossos d&#8217;assist\u00e8ncia.<\/li>\n\n\n\n<li><a rel=\"noopener\" href=\"http:\/\/www20.gencat.cat\/portal\/site\/portaljuridic\/menuitem.d15a4e5dfb99396dc366ec10b0c0e1a0\/?action=fitxa&amp;documentId=415692\" target=\"_blank\">Llei 12\/2007, d&#8217;11 d\u2019octubre<\/a>, de serveis socials de Catalunya<br>DOGC 18 d&#8217;octubre de 2007, n\u00fam. 4990<br>BOE 6 de novembre de 2007, n\u00fam. 266<\/li>\n\n\n\n<li><a rel=\"noopener\" href=\"http:\/\/www20.gencat.cat\/portal\/site\/portaljuridic\/menuitem.d15a4e5dfb99396dc366ec10b0c0e1a0\/?action=fitxa&amp;documentId=422359\" target=\"_blank\">Llei 5\/2006, de 10 de maig<\/a>, del llibre cinqu\u00e8 del Codi civil de Catalunya, relatiu als drets reals<br>DOGC 24 de maig de 2006, n\u00fam. 4640<br>DOGC 15 de juny de 2006, n\u00fam. 4655 (correcci\u00f3 d&#8217;errades)<br>BOE 22 de juny de 2006, n\u00fam. 148<\/li>\n\n\n\n<li><a rel=\"noopener\" href=\"http:\/\/www20.gencat.cat\/portal\/site\/portaljuridic\/menuitem.d15a4e5dfb99396dc366ec10b0c0e1a0\/?action=fitxa&amp;documentId=133852\" target=\"_blank\">Decret 284\/1996, de 23 de juliol<\/a>, de regulaci\u00f3 del sistema catal\u00e0 de serveis socials<br>DOGC 31 de juliol de 1996, n\u00fam. 2237<\/li>\n\n\n\n<li><a rel=\"noopener\" href=\"http:\/\/www20.gencat.cat\/portal\/site\/portaljuridic\/menuitem.d15a4e5dfb99396dc366ec10b0c0e1a0\/?action=fitxa&amp;documentId=229590\" target=\"_blank\">Decret 176\/2000, de 15 de maig<\/a>, de modificaci\u00f3 del Decret 284\/1996, de 23 de juliol, de regulaci\u00f3 del sistema catal\u00e0 de serveis socials<br>DOGC 26 de maig de 2000, n\u00fam. 3418<\/li>\n\n\n\n<li><a rel=\"noopener\" href=\"http:\/\/www20.gencat.cat\/portal\/site\/portaljuridic\/menuitem.d15a4e5dfb99396dc366ec10b0c0e1a0\/?action=fitxa&amp;documentId=111610\" target=\"_blank\">Decret 135\/1995, de 24 de mar\u00e7<\/a>, de desplegament de la Llei 20\/1991, de 25 de novembre, de promoci\u00f3 de l&#8217;accessibilitat i de supressi\u00f3 de barreres arquitect\u00f2niques<br>DOGC 28 d\u2019abril de 1995, n\u00fam. 2043<\/li>\n\n\n\n<li><a rel=\"noopener\" href=\"http:\/\/www20.gencat.cat\/portal\/site\/portaljuridic\/menuitem.d15a4e5dfb99396dc366ec10b0c0e1a0\/?action=fitxa&amp;documentId=280844\" target=\"_blank\">Decret 97\/2002, de 5 de mar\u00e7<\/a>, sobre la targeta d\u2019aparcament per a persones amb disminuci\u00f3 i altres mesures adre\u00e7ades a facilitar el despla\u00e7ament de les persones amb mobilitat redu\u00efda<br>DOGC 25 de mar\u00e7 de 2002, n\u00fam. 3602<\/li>\n<\/ul>\n\n\n\n<h4 class=\"wp-block-heading\" id=\"ordres-i-resolucions-00244044-eb44-41ba-9995-768d57a67712\">Ordres i resolucions<\/h4>\n\n\n\n<ul class=\"wp-block-list\">\n<li>Ordre ASC\/512\/2009, de 18 de novembre, de la targeta acreditativa de la discapacitat<br>DOGC de 3 de desembre de 2009, n\u00fam. 5519<\/li>\n\n\n\n<li><a rel=\"noopener\" href=\"http:\/\/www20.gencat.cat\/portal\/site\/portaljuridic\/menuitem.d15a4e5dfb99396dc366ec10b0c0e1a0\/?action=fitxa&amp;documentId=567212\" target=\"_blank\">Ordre ASC\/573\/2010, de 3 de desembre<\/a>, de desplegament parcial de la Llei 19\/2009, de 26 de desembre, de l&#8217;acc\u00e9s a l&#8217;entorn de les persones acompanyades de gossos d&#8217;assist\u00e8ncia<br>DOGC de 14 de desembre de 2010, n\u00fam. 5779<\/li>\n\n\n\n<li><strong>Recomanaci\u00f3 98\/376\/CE, de 4 de juny de 1998<\/strong>, sobre la creaci\u00f3 d\u2019una targeta d\u2019estacionament per a persones amb discapacitat<br>DO de les CE L 167\/25<\/li>\n<\/ul>\n\n\n\n<h3 class=\"wp-block-heading\" id=\"legislacio-estatal-d9c48e6d-eaa0-4aec-aa79-89c07249e09b\">Legislaci\u00f3 estatal<\/h3>\n\n\n\n<ul class=\"wp-block-list\">\n<li><a href=\"http:\/\/www.boe.es\/boe_catalan\/dias\/2013\/12\/03\/pdfs\/BOE-A-2013-12632-C.pdf\" target=\"_blank\" rel=\"noopener\">Reial decret legislatiu 1\/2013, de 29 de novembre<\/a>, pel qual s\u2019aprova el text ref\u00f3s de la Llei general de drets de les persones amb discapacitat i de la seva inclusi\u00f3 social<br>BOE 3 de desembre de 2013, n\u00fam. 289<\/li>\n\n\n\n<li><strong>Llei 8\/2005, de 6 de juny<\/strong>, per a compatibilitzar les pensions d&#8217;invalidesa en la seva modalitat no contributiva amb la feina remunerada<br>BOE 7 de juny de 2005, n\u00fam. 135<\/li>\n\n\n\n<li><strong>Ordre VIV\/561\/2010, d\u20191 de febrer<\/strong>, per la que es desenvolupa el document t\u00e8cnic de condicions b\u00e0siques d\u2019accessibilitat i no discriminaci\u00f3 per a l\u2019acc\u00e9s i utilitzaci\u00f3 dels espais p\u00fablics urbanitzats<br>BOE 11 de mar\u00e7 de 2010, n\u00fam. 61<\/li>\n\n\n\n<li><strong>Reial Decret 173\/2010, de 19 de febrer<\/strong>, pel qual es modifica el Codi T\u00e8cnic d\u2019Edificaci\u00f3, aprovat pel Reial Decret 314\/2006, de 17 de mar\u00e7, en mat\u00e8ria d\u2019accesibilidad i no discriminaci\u00f3 de las persones amb discapacitat<br>BOE 11 de mar\u00e7 de 2010, n\u00fam. 61<\/li>\n\n\n\n<li><strong>Llei 26\/2011, d\u20191 d\u2019agost<\/strong>, d\u2019adaptaci\u00f3 normativa a la Convenci\u00f3 internacional sobre els drets de les persones amb discapacitat<br>BOE 2 d\u2019agost de 2011, n\u00fam. 184<\/li>\n<\/ul>\n\n\n\n<h3 class=\"wp-block-heading\" id=\"altres-fa8617d0-9bfa-4f2f-b339-bc071cbcd466\">Altres<\/h3>\n\n\n\n<ul class=\"wp-block-list\">\n<li><a href=\"https:\/\/dretssocials.gencat.cat\/ca\/el_departament\/normativa\/per_ambits_tematics\/persones_amb_discapacitat\/normativa_regualcio_valoracio\/index.html\">Normativa reguladora del procediment de valoraci\u00f3 de la discapacitat<\/a><\/li>\n\n\n\n<li><a href=\"https:\/\/dretssocials.gencat.cat\/ca\/el_departament\/normativa\/per_ambits_tematics\/accessibilitat\/\">Normativa relacionada amb accessibilitat<\/a><\/li>\n<\/ul>\n\n\n\n<hr class=\"wp-block-separator has-alpha-channel-opacity\"\/>\n\n\n\n<h2 class=\"wp-block-heading\" id=\"lleis-i-normatives-drogues-2920b11c-942d-4aa6-b268-75b5dfc26665\"><a id=\"drogues\" name=\"drogues\"><\/a>Lleis i normatives drogues<\/h2>\n\n\n\n<h3 class=\"wp-block-heading\" id=\"legislacio-db73c242-7a09-4e04-abd7-ed0b4b035bdd\">Legislaci\u00f3<\/h3>\n\n\n\n<p><a href=\"https:\/\/drogues.gencat.cat\/ca\/professionals\/legislacio\/index.html\">Enlla\u00e7&nbsp;a tota la normativa sobre drogues<\/a><\/p>\n\n\n\n<ul class=\"wp-block-list\">\n<li><a href=\"http:\/\/dogc.gencat.cat\/ca\/pdogc_canals_interns\/pdogc_resultats_fitxa\/?documentId=241334&amp;action=fitxa\" target=\"_blank\" rel=\"noopener\">Llei 20\/1985, de 25 de juliol<\/a>, de prevenci\u00f3 i assist\u00e8ncia en mat\u00e8ria de subst\u00e0ncies que poden generar depend\u00e8ncia<br>DOGC n\u00fam. 572 publicat el 07\/08\/1985<\/li>\n\n\n\n<li><strong>Llei 10\/1991, de 10 de maig<\/strong>, de modificaci\u00f3 de la Llei 20\/1985, de prevenci\u00f3 i assist\u00e8ncia en mat\u00e8ria de subst\u00e0ncies que poden generar depend\u00e8ncia<br>DOGC n\u00fam. 1445 publicat el 22\/05\/1991<\/li>\n\n\n\n<li><a href=\"http:\/\/dogc.gencat.cat\/ca\/pdogc_canals_interns\/pdogc_resultats_fitxa\/?documentId=279554&amp;language=ca_ES&amp;action=fitxa\" target=\"_blank\" rel=\"noopener\">Llei 1\/2002, d\u201911 de mar\u00e7<\/a>, de tercera modificaci\u00f3 de la Llei 20\/1985, de 25 de juliol, de prevenci\u00f3 i assist\u00e8ncia en mat\u00e8ria de subst\u00e0ncies que poden generar depend\u00e8ncia<\/li>\n\n\n\n<li><strong>Decret 235\/1991, de 28 d&#8217;octubre<\/strong>, de desplegament de la Llei 10\/1991, de 10 de maig, pel qual es regulen les advert\u00e8ncies, els missatges dissuasius, els logotips i la senyalitzaci\u00f3 sobre el tabac i les begudes alcoh\u00f2liques<br>DOGC n\u00fam. 1520 publicat el 20\/11\/1991<\/li>\n\n\n\n<li><strong>Decret 160\/1986, de 26 de maig<\/strong>, de constituci\u00f3 de la Comissi\u00f3 de Coordinaci\u00f3 i lluita contra les depend\u00e8ncies de drogues, i el Consell Directiu i l&#8217;\u00d2rgan T\u00e8cnic per al desplegament de la Llei 20\/1985<br>DOGC n\u00fam. 703 publicat el 20\/06\/1986<\/li>\n\n\n\n<li><a href=\"http:\/\/dogc.gencat.cat\/ca\/pdogc_canals_interns\/pdogc_resultats_fitxa\/?documentId=69635&amp;action=fitxa\" target=\"_blank\" rel=\"noopener\">Decret 266\/1991, d&#8217;11 de desembre<\/a>, pel qual es regula la capacitat sancionadora que preveu la Llei 20\/1985, de 25 de juliol, de prevenci\u00f3 i assist\u00e8ncia en mat\u00e8ria de subst\u00e0ncies que poden generar depend\u00e8ncia, parcialment modificada per la Llei 10\/1991, de 10 de maig<br>DOGC n\u00fam. 1532 publicat el 20\/12\/1991<\/li>\n\n\n\n<li><a href=\"http:\/\/dogc.gencat.cat\/ca\/pdogc_canals_interns\/pdogc_resultats_fitxa\/?documentId=66599&amp;action=fitxa\" target=\"_blank\" rel=\"noopener\">Ordre de 20 de febrer de 1991<\/a>,reguladora dels tractaments que contempla el Reial Decret 75\/1990, de 19 de gener<br>DOGCn\u00fam. 1414 publicat el 04\/03\/1991<\/li>\n\n\n\n<li><a href=\"http:\/\/dogc.gencat.cat\/ca\/pdogc_canals_interns\/pdogc_resultats_fitxa\/?documentId=30054&amp;action=fitxa\" target=\"_blank\" rel=\"noopener\">Decret 69\/1987, de 20 de febrer<\/a>, pel qual s&#8217;estableix la relaci\u00f3 de coles i altres productes industrials inhalables amb efectes euforitzants o depressius<br>DOGC n\u00fam. 817 publicat el 18\/03\/1987<\/li>\n\n\n\n<li><a href=\"http:\/\/www.boe.es\/buscar\/doc.php?id=BOE-A-1990-1718\" target=\"_blank\" rel=\"noopener\">Reial Decret 75\/1990, de 19 de gener<\/a>, que regula els tractaments amb opiacis de persones depenents dels mateixos<br>BOE n\u00fam. 20 publicat el 23\/01\/1990<\/li>\n\n\n\n<li><a href=\"http:\/\/www.boe.es\/buscar\/doc.php?id=BOE-A-1990-23080\" target=\"_blank\" rel=\"noopener\">Reial Decret 1131\/1990, de 14 de setembre<\/a>, que modifica l&#8217; art. 3\u00ba.3 del Reial Decret 75\/1990, de 19 de gener de 1990, que regula els tractaments amb opiacis de persones depenents dels mateixos<br>BOE n\u00fam. 224 publicat el 18\/09\/1990<\/li>\n\n\n\n<li><a href=\"http:\/\/www.boe.es\/buscar\/doc.php?id=BOE-A-1996-3693\" target=\"_blank\" rel=\"noopener\">Reial Decret 5\/1996, de 15 de gener<\/a>, que modifica el Reial Decret 75\/1990, de 19 de gener de 1990, que regula els tractaments amb opiacis de persones depenents dels mateixos i d&#8217;ampliaci\u00f3 del seu annex<br>BOE n\u00fam. 44 publicat el 20\/02\/1996<\/li>\n\n\n\n<li><a href=\"http:\/\/dogc.gencat.cat\/ca\/pdogc_canals_interns\/pdogc_resultats_fitxa\/?documentId=192681&amp;action=fitxa\" target=\"_blank\" rel=\"noopener\">Llei 8\/1998, de 10 de juliol<\/a>, de segona modificaci\u00f3 de la Llei 20\/1985, del 25 de juliol, de prevenci\u00f3 i assist\u00e8ncia en mat\u00e8ria de subst\u00e0ncies que poden generar depend\u00e8ncia<br>DOGC n\u00fam. 2686 publicat el 22\/07\/1998<\/li>\n\n\n\n<li><a href=\"http:\/\/dogc.gencat.cat\/ca\/pdogc_canals_interns\/pdogc_resultats_fitxa\/?documentId=286082&amp;language=ca_ES&amp;action=fitxa\" target=\"_blank\" rel=\"noopener\">Decret 200\/2002, de 23 de juliol<\/a>, pel qual es regula la senyalitzaci\u00f3 de les limitacions en la venda de begudes alcoh\u00f2liques<\/li>\n\n\n\n<li><a href=\"http:\/\/dogc.gencat.cat\/ca\/pdogc_canals_interns\/pdogc_resultats_fitxa\/?documentId=352884&amp;language=ca_ES&amp;action=fitxa\" target=\"_blank\" rel=\"noopener\">Decret 32\/2005, de 8 de mar\u00e7<\/a>, pel qual es regula la senyalitzaci\u00f3 de les limitacions en la venda de begudes alcoh\u00f2liques.<\/li>\n<\/ul>\n\n\n\n<h3 class=\"wp-block-heading\" id=\"altres-fb015d61-306c-43ec-92e0-5775c283a0a5\">Altres<\/h3>\n\n\n\n<ul class=\"wp-block-list\">\n<li><a href=\"https:\/\/drogues.gencat.cat\/ca\/detalls\/Article\/4_Marc-normatiu-i-accions-realitzades-en-el-medi-laboral\">Marc normatiu i accions realitzades en el medi laboral<\/a><\/li>\n\n\n\n<li><a href=\"https:\/\/pnsd.sanidad.gob.es\/pnsd\/legislacion\/home.htm\">Legislaci\u00f3 espanyola sobre drogues. Normatives en l\u2019\u00e0mbit estatal, auton\u00f2mic, municipal i normes internacionals<\/a><\/li>\n<\/ul>\n\n\n\n<p><\/p>\n","protected":false},"excerpt":{"rendered":"<div class=\"wp-block-advgb-summary alignnone\">\n<div class=\"advgb-toc-header collapsed\">Apartats<\/div>\n<ul class=\"advgb-toc alignnone\" style=\"display:none\">\n<li class=\"toc-level-1\"><a href=\"#discapacitat\">Lleis i normatives discapacitat<\/a><\/li>\n<li class=\"toc-level-2\"><a href=\"#universitat-de-barcelona-af909b31-2b91-441e-8cb4-6d10b7565172\">Universitat de Barcelona<\/a><\/li>\n<li class=\"toc-level-2\"><a href=\"#legislacio-catalana-bd91e96e-93fb-4671-b95b-460e9e5f22f1\">Legislaci\u00f3 catalana<\/a><\/li>\n<li class=\"toc-level-3\"><a href=\"#lleis-i-decrets-llei-771d7256-2cf8-4776-92f0-0690950f0daf\">Lleis i Decrets Llei<\/a><\/li>\n<li class=\"toc-level-3\"><a href=\"#ordres-i-resolucions-00244044-eb44-41ba-9995-768d57a67712\">Ordres i resolucions<\/a><\/li>\n<li class=\"toc-level-2\"><a href=\"#legislacio-estatal-d9c48e6d-eaa0-4aec-aa79-89c07249e09b\">Legislaci\u00f3 estatal<\/a><\/li>\n<li class=\"toc-level-2\"><a href=\"#altres-fa8617d0-9bfa-4f2f-b339-bc071cbcd466\">Altres<\/a><\/li>\n<li class=\"toc-level-1\"><a href=\"#lleis-i-normatives-drogues-2920b11c-942d-4aa6-b268-75b5dfc26665\">Lleis i normatives drogues<\/a><\/li>\n<li class=\"toc-level-2\"><a href=\"#legislacio-db73c242-7a09-4e04-abd7-ed0b4b035bdd\">Legislaci\u00f3<\/a><\/li>\n<li class=\"toc-level-2\"><a href=\"#altres-fb015d61-306c-43ec-92e0-5775c283a0a5\">Altres<\/a><\/li>\n<\/ul>\n<\/div>\n","protected":false},"author":1,"featured_media":23839,"parent":23838,"menu_order":20,"comment_status":"closed","ping_status":"closed","template":"page-nav.php","meta":{"advgb_blocks_editor_width":"","advgb_blocks_columns_visual_guide":"","footnotes":""},"class_list":["post-1218","page","type-page","status-publish","has-post-thumbnail"],"coauthors":[],"author_meta":{"author_link":"https:\/\/www.ub.edu\/ossma\/author\/ossmau1","display_name":"OSSMA"},"relative_dates":{"created":"Posted 10 anys ago","modified":"Updated 12 mesos ago"},"absolute_dates":{"created":"Posted on 16\/03\/2016","modified":"Updated on 15\/05\/2025"},"absolute_dates_time":{"created":"Posted on 16\/03\/2016 11:49","modified":"Updated on 15\/05\/2025 8:52"},"featured_img_caption":"","featured_img":"https:\/\/www.ub.edu\/ossma\/wp-content\/uploads\/2021\/03\/banner-atencio-social.jpg","series_order":"","_links":{"self":[{"href":"https:\/\/www.ub.edu\/ossma\/wp-json\/wp\/v2\/pages\/1218","targetHints":{"allow":["GET"]}}],"collection":[{"href":"https:\/\/www.ub.edu\/ossma\/wp-json\/wp\/v2\/pages"}],"about":[{"href":"https:\/\/www.ub.edu\/ossma\/wp-json\/wp\/v2\/types\/page"}],"author":[{"embeddable":true,"href":"https:\/\/www.ub.edu\/ossma\/wp-json\/wp\/v2\/users\/1"}],"replies":[{"embeddable":true,"href":"https:\/\/www.ub.edu\/ossma\/wp-json\/wp\/v2\/comments?post=1218"}],"version-history":[{"count":27,"href":"https:\/\/www.ub.edu\/ossma\/wp-json\/wp\/v2\/pages\/1218\/revisions"}],"predecessor-version":[{"id":94175,"href":"https:\/\/www.ub.edu\/ossma\/wp-json\/wp\/v2\/pages\/1218\/revisions\/94175"}],"up":[{"embeddable":true,"href":"https:\/\/www.ub.edu\/ossma\/wp-json\/wp\/v2\/pages\/23838"}],"wp:featuredmedia":[{"embeddable":true,"href":"https:\/\/www.ub.edu\/ossma\/wp-json\/wp\/v2\/media\/23839"}],"wp:attachment":[{"href":"https:\/\/www.ub.edu\/ossma\/wp-json\/wp\/v2\/media?parent=1218"}],"curies":[{"name":"wp","href":"https:\/\/api.w.org\/{rel}","templated":true}]}}