{"id":24260,"date":"2021-03-30T15:57:01","date_gmt":"2021-03-30T15:57:01","guid":{"rendered":"https:\/\/www.ub.edu\/ossma\/?page_id=24260"},"modified":"2023-01-25T06:52:10","modified_gmt":"2023-01-25T06:52:10","slug":"estudis-mobilitat","status":"publish","type":"page","link":"https:\/\/www.ub.edu\/ossma\/medi-ambient\/mobilitat\/estudis-mobilitat","title":{"rendered":"Estudis de mobilitat"},"content":{"rendered":"\n<p>Peri\u00f2dicament, es realitza una Enquesta de mobilitat a la comunitat universit\u00e0ria de la UB per con\u00e8ixer quins s\u00f3n els mitjans de transport que s\u2019utilitzen habitualment per accedir a la universitat, els motius de l\u2019elecci\u00f3, el temps mitj\u00e0 de despla\u00e7ament, el lloc de resid\u00e8ncia, i altra informaci\u00f3 d\u2019inter\u00e8s que permeti realitzar les Diagnosis de Mobilitat dels diferents campus de la UB, per detectar defici\u00e8ncies i fer propostes de millora amb l\u2019objectiu d\u2019aconseguir una mobilitat universit\u00e0ria m\u00e9s sostenible.<\/p>\n\n\n\n<div class=\"wp-block-columns is-layout-flex wp-container-core-columns-is-layout-9d6595d7 wp-block-columns-is-layout-flex\">\n<div class=\"wp-block-column border-top ves-horitzontal is-layout-flow wp-block-column-is-layout-flow\">\n<div class=\"wp-block-columns are-vertically-aligned-center ombra is-layout-flex wp-container-core-columns-is-layout-9d6595d7 wp-block-columns-is-layout-flex\">\n<div class=\"wp-block-column is-vertically-aligned-center is-layout-flow wp-block-column-is-layout-flow\" style=\"flex-basis:20%\">\n<figure class=\"wp-block-image size-full\"><img fetchpriority=\"high\" decoding=\"async\" width=\"750\" height=\"500\" src=\"https:\/\/www.ub.edu\/ossma\/wp-content\/uploads\/2023\/01\/enquesta-mobilitat-2022.png\" alt=\"Diagrama amb els resultats de l'enquesta de mobilitat 2022\" class=\"wp-image-43989\" srcset=\"https:\/\/www.ub.edu\/ossma\/wp-content\/uploads\/2023\/01\/enquesta-mobilitat-2022.png 750w, https:\/\/www.ub.edu\/ossma\/wp-content\/uploads\/2023\/01\/enquesta-mobilitat-2022-300x200.png 300w\" sizes=\"(max-width: 750px) 100vw, 750px\" \/><\/figure>\n<\/div>\n\n\n\n<div class=\"wp-block-column is-vertically-aligned-center is-layout-flow wp-block-column-is-layout-flow\" style=\"flex-basis:60%\">\n<p><strong>Enquesta de mobilitat UB (2022)<\/strong><\/p>\n\n\n\n<p>Tercera enquesta de mobilitat de la UB, realitzada l\u2019any 2022, a tota la comunitat universit\u00e0ria de la UB.<\/p>\n<\/div>\n\n\n\n<div class=\"wp-block-column is-vertically-aligned-center is-layout-flow wp-block-column-is-layout-flow\" style=\"flex-basis:20%\">\n<p><a href=\"https:\/\/www.ub.edu\/ossma\/actualitat-medi-ambient\/resultats-enquesta-mobilitat-ub-2022\">Resum<\/a><br><a href=\"https:\/\/www.ub.edu\/ossma\/wp-content\/uploads\/2023\/01\/resultats-enquesta-mobilitat-2022-ub.pdf\" target=\"_blank\" rel=\"noreferrer noopener\">Document<\/a><\/p>\n<\/div>\n<\/div>\n<\/div>\n<\/div>\n\n\n\n<div class=\"wp-block-columns is-layout-flex wp-container-core-columns-is-layout-9d6595d7 wp-block-columns-is-layout-flex\">\n<div class=\"wp-block-column border-top ves-horitzontal is-layout-flow wp-block-column-is-layout-flow\">\n<div class=\"wp-block-columns are-vertically-aligned-center ombra is-layout-flex wp-container-core-columns-is-layout-9d6595d7 wp-block-columns-is-layout-flex\">\n<div class=\"wp-block-column is-vertically-aligned-center is-layout-flow wp-block-column-is-layout-flow\" style=\"flex-basis:20%\">\n<figure class=\"wp-block-image size-large\"><img decoding=\"async\" width=\"1024\" height=\"576\" src=\"https:\/\/www.ub.edu\/ossma\/wp-content\/uploads\/2020\/06\/zona30-campus-diagonal-1024x576.jpg\" alt=\"Carrers pacificats al Campus Diagonal.\" class=\"wp-image-18688\"\/><\/figure>\n<\/div>\n\n\n\n<div class=\"wp-block-column is-vertically-aligned-center is-layout-flow wp-block-column-is-layout-flow\" style=\"flex-basis:60%\">\n<p><strong>Diagnosi de mobilitat del Campus Diagonal Portal del Coneixement (2018)<\/strong><\/p>\n\n\n\n<p>Tercera diagnosi de mobilitat del Campus Diagonal Portal del Coneixement, que inclou tant l&#8217;an\u00e0lisi de l&#8217;oferta com l&#8217;estudi de la demanda, a partir de l\u2019enquesta de mobilitat de l\u2019any 2018.<\/p>\n<\/div>\n\n\n\n<div class=\"wp-block-column is-vertically-aligned-center is-layout-flow wp-block-column-is-layout-flow\" style=\"flex-basis:20%\">\n<p><a href=\"https:\/\/www.ub.edu\/ossma\/medi-ambient\/resultats-de-lenquesta-de-mobilitat-ub-2018-del-campus-diagonal\/\">Resum<\/a><br><a href=\"https:\/\/www.ub.edu\/ossma\/wp-content\/uploads\/2020\/06\/Enquesta-Mobilitat-2018-Diagonal.pdf\" target=\"_blank\" rel=\"noreferrer noopener\">Document<\/a><\/p>\n<\/div>\n<\/div>\n<\/div>\n<\/div>\n\n\n\n<div class=\"wp-block-columns is-layout-flex wp-container-core-columns-is-layout-9d6595d7 wp-block-columns-is-layout-flex\">\n<div class=\"wp-block-column border-top ves-horitzontal is-layout-flow wp-block-column-is-layout-flow\">\n<div class=\"wp-block-columns are-vertically-aligned-center ombra is-layout-flex wp-container-core-columns-is-layout-9d6595d7 wp-block-columns-is-layout-flex\">\n<div class=\"wp-block-column is-vertically-aligned-center is-layout-flow wp-block-column-is-layout-flow\" style=\"flex-basis:20%\">\n<figure class=\"wp-block-image size-large\"><img decoding=\"async\" width=\"1024\" height=\"576\" src=\"https:\/\/www.ub.edu\/ossma\/wp-content\/uploads\/2019\/04\/inforgrafiasobrelimpacteambientaldelamobilitat-1024x576.jpg\" alt=\"Impacte ambiental mobilitat\" class=\"wp-image-5930\" srcset=\"https:\/\/www.ub.edu\/ossma\/wp-content\/uploads\/2019\/04\/inforgrafiasobrelimpacteambientaldelamobilitat-1024x576.jpg 1024w, https:\/\/www.ub.edu\/ossma\/wp-content\/uploads\/2019\/04\/inforgrafiasobrelimpacteambientaldelamobilitat-300x169.jpg 300w\" sizes=\"(max-width: 1024px) 100vw, 1024px\" \/><\/figure>\n<\/div>\n\n\n\n<div class=\"wp-block-column is-vertically-aligned-center is-layout-flow wp-block-column-is-layout-flow\" style=\"flex-basis:60%\">\n<p><strong>Enquesta de mobilitat UB (2018)<\/strong><\/p>\n\n\n\n<p>Segona enquesta de mobilitat de la UB, realitzada l&#8217;any 2018, a tota la comunitat universit\u00e0ria de la UB.<\/p>\n<\/div>\n\n\n\n<div class=\"wp-block-column is-vertically-aligned-center is-layout-flow wp-block-column-is-layout-flow\" style=\"flex-basis:20%\">\n<p><a href=\"https:\/\/www.ub.edu\/ossma\/medi-ambient\/resultats-enquesta-mobilitat-ub-2018\/\">Resum<\/a><br><a href=\"https:\/\/www.ub.edu\/ossma\/wp-content\/uploads\/2018\/10\/Enquesta-Mobilitat-2018-UB-TOT.pdf\" target=\"_blank\" rel=\"noreferrer noopener\">Document<\/a><\/p>\n<\/div>\n<\/div>\n<\/div>\n<\/div>\n\n\n\n<div class=\"wp-block-columns is-layout-flex wp-container-core-columns-is-layout-9d6595d7 wp-block-columns-is-layout-flex\">\n<div class=\"wp-block-column border-top ves-horitzontal is-layout-flow wp-block-column-is-layout-flow\">\n<div class=\"wp-block-columns are-vertically-aligned-center ombra is-layout-flex wp-container-core-columns-is-layout-9d6595d7 wp-block-columns-is-layout-flex\">\n<div class=\"wp-block-column is-vertically-aligned-center is-layout-flow wp-block-column-is-layout-flow\" style=\"flex-basis:20%\">\n<figure class=\"wp-block-image size-full\"><img loading=\"lazy\" decoding=\"async\" width=\"750\" height=\"500\" src=\"https:\/\/www.ub.edu\/ossma\/wp-content\/uploads\/2022\/03\/destacat-qualitat-viari-diagonal.jpg\" alt=\"Qualitat viari Diagonal\" class=\"wp-image-37493\" srcset=\"https:\/\/www.ub.edu\/ossma\/wp-content\/uploads\/2022\/03\/destacat-qualitat-viari-diagonal.jpg 750w, https:\/\/www.ub.edu\/ossma\/wp-content\/uploads\/2022\/03\/destacat-qualitat-viari-diagonal-300x200.jpg 300w\" sizes=\"(max-width: 750px) 100vw, 750px\" \/><\/figure>\n<\/div>\n\n\n\n<div class=\"wp-block-column is-vertically-aligned-center is-layout-flow wp-block-column-is-layout-flow\" style=\"flex-basis:60%\">\n<p><strong>Qualitat del viari al Campus Diagonal Portal del Coneixement (2016)<\/strong><\/p>\n\n\n\n<p>An\u00e0lisi de l\u2019estat dels vials que donen acce\u0301s al Campus de la Diagonal \u2013 Portal del Coneixement a partir del ca\u0300lcul d\u2019un indicador de qualitat global del viari.<\/p>\n<\/div>\n\n\n\n<div class=\"wp-block-column is-vertically-aligned-center is-layout-flow wp-block-column-is-layout-flow\" style=\"flex-basis:20%\">\n<p><a href=\"https:\/\/www.ub.edu\/ossma\/medi-ambient\/millora-la-qualitat-dels-vials-al-campus-diagonal\/\">Resum<\/a><br><a href=\"https:\/\/www.ub.edu\/ossma\/wp-content\/uploads\/2016\/10\/qualitat-vial-diag16-tot.pdf\" target=\"_blank\" rel=\"noreferrer noopener\">Document<\/a><\/p>\n<\/div>\n<\/div>\n<\/div>\n<\/div>\n\n\n\n<div class=\"wp-block-columns is-layout-flex wp-container-core-columns-is-layout-9d6595d7 wp-block-columns-is-layout-flex\">\n<div class=\"wp-block-column border-top ves-horitzontal is-layout-flow wp-block-column-is-layout-flow\">\n<div class=\"wp-block-columns are-vertically-aligned-center ombra is-layout-flex wp-container-core-columns-is-layout-9d6595d7 wp-block-columns-is-layout-flex\">\n<div class=\"wp-block-column is-vertically-aligned-center is-layout-flow wp-block-column-is-layout-flow\" style=\"flex-basis:20%\">\n<figure class=\"wp-block-image size-full\"><img loading=\"lazy\" decoding=\"async\" width=\"750\" height=\"500\" src=\"https:\/\/www.ub.edu\/ossma\/wp-content\/uploads\/2022\/03\/destacat-parking-interior-mundet.jpg\" alt=\"Parking interior Mundet\" class=\"wp-image-37497\" srcset=\"https:\/\/www.ub.edu\/ossma\/wp-content\/uploads\/2022\/03\/destacat-parking-interior-mundet.jpg 750w, https:\/\/www.ub.edu\/ossma\/wp-content\/uploads\/2022\/03\/destacat-parking-interior-mundet-300x200.jpg 300w\" sizes=\"(max-width: 750px) 100vw, 750px\" \/><\/figure>\n<\/div>\n\n\n\n<div class=\"wp-block-column is-vertically-aligned-center is-layout-flow wp-block-column-is-layout-flow\" style=\"flex-basis:60%\">\n<p><strong>Diagnosi de mobilitat del Campus de Mundet (2013-2015)<\/strong><\/p>\n\n\n\n<p>Segona diagnosi de mobilitat del Campus de Mundet, que inclou tant l&#8217;an\u00e0lisi de l&#8217;oferta com l&#8217;estudi de la demanda a partir de l\u2019enquesta de mobilitat de l\u2019any 2013.<\/p>\n<\/div>\n\n\n\n<div class=\"wp-block-column is-vertically-aligned-center is-layout-flow wp-block-column-is-layout-flow\" style=\"flex-basis:20%\">\n<p><a href=\"https:\/\/www.ub.edu\/ossma\/medi-ambient\/resultats-de-la-diagnosi-de-mobilitat-als-centres-de-la-ub-del-campus-de-mundet\/\">Resum<\/a><br><a href=\"https:\/\/www.ub.edu\/ossma\/wp-content\/uploads\/2016\/03\/pm-mundet-diagnosi-2013-15.pdf\" target=\"_blank\" rel=\"noreferrer noopener\">Document<\/a><\/p>\n<\/div>\n<\/div>\n<\/div>\n<\/div>\n\n\n\n<div class=\"wp-block-columns is-layout-flex wp-container-core-columns-is-layout-9d6595d7 wp-block-columns-is-layout-flex\">\n<div class=\"wp-block-column border-top ves-horitzontal is-layout-flow wp-block-column-is-layout-flow\">\n<div class=\"wp-block-columns are-vertically-aligned-center ombra is-layout-flex wp-container-core-columns-is-layout-9d6595d7 wp-block-columns-is-layout-flex\">\n<div class=\"wp-block-column is-vertically-aligned-center is-layout-flow wp-block-column-is-layout-flow\" style=\"flex-basis:20%\">\n<figure class=\"wp-block-image size-full\"><img loading=\"lazy\" decoding=\"async\" width=\"750\" height=\"500\" src=\"https:\/\/www.ub.edu\/ossma\/wp-content\/uploads\/2022\/03\/destacat-metro-bellvitge.jpg\" alt=\"Metro Bellvitge\" class=\"wp-image-37501\" srcset=\"https:\/\/www.ub.edu\/ossma\/wp-content\/uploads\/2022\/03\/destacat-metro-bellvitge.jpg 750w, https:\/\/www.ub.edu\/ossma\/wp-content\/uploads\/2022\/03\/destacat-metro-bellvitge-300x200.jpg 300w\" sizes=\"(max-width: 750px) 100vw, 750px\" \/><\/figure>\n<\/div>\n\n\n\n<div class=\"wp-block-column is-vertically-aligned-center is-layout-flow wp-block-column-is-layout-flow\" style=\"flex-basis:60%\">\n<p><strong>Diagnosi de mobilitat del Campus de Bellvitge (2013-2015)<\/strong><\/p>\n\n\n\n<p><br>Primera diagnosi de mobilitat del Campus de Ci\u00e8ncies de la Salut de Bellvitge, que inclou tant l&#8217;an\u00e0lisi de l&#8217;oferta com l&#8217;estudi de la demanda a partir de l\u2019enquesta de mobilitat de l\u2019any 2013.<\/p>\n<\/div>\n\n\n\n<div class=\"wp-block-column is-vertically-aligned-center is-layout-flow wp-block-column-is-layout-flow\" style=\"flex-basis:20%\">\n<p><a href=\"https:\/\/www.ub.edu\/ossma\/medi-ambient\/resultats-diagnosi-mobilitat-campus-bellvitge\/\">Resum<\/a><br><a href=\"https:\/\/www.ub.edu\/ossma\/wp-content\/uploads\/2016\/03\/pm-bellvitge-diagnosi.pdf\" target=\"_blank\" rel=\"noreferrer noopener\">Document<\/a><\/p>\n<\/div>\n<\/div>\n<\/div>\n<\/div>\n\n\n\n<div class=\"wp-block-columns is-layout-flex wp-container-core-columns-is-layout-9d6595d7 wp-block-columns-is-layout-flex\">\n<div class=\"wp-block-column border-top ves-horitzontal is-layout-flow wp-block-column-is-layout-flow\">\n<div class=\"wp-block-columns are-vertically-aligned-center ombra is-layout-flex wp-container-core-columns-is-layout-9d6595d7 wp-block-columns-is-layout-flex\">\n<div class=\"wp-block-column is-vertically-aligned-center is-layout-flow wp-block-column-is-layout-flow\" style=\"flex-basis:20%\">\n<figure class=\"wp-block-image size-full\"><img loading=\"lazy\" decoding=\"async\" width=\"750\" height=\"500\" src=\"https:\/\/www.ub.edu\/ossma\/wp-content\/uploads\/2022\/03\/destacat-metro-universitat.jpg\" alt=\"Metro Universitat\" class=\"wp-image-37504\" srcset=\"https:\/\/www.ub.edu\/ossma\/wp-content\/uploads\/2022\/03\/destacat-metro-universitat.jpg 750w, https:\/\/www.ub.edu\/ossma\/wp-content\/uploads\/2022\/03\/destacat-metro-universitat-300x200.jpg 300w\" sizes=\"(max-width: 750px) 100vw, 750px\" \/><\/figure>\n<\/div>\n\n\n\n<div class=\"wp-block-column is-vertically-aligned-center is-layout-flow wp-block-column-is-layout-flow\" style=\"flex-basis:60%\">\n<p><strong>Diagnosi de mobilitat del Campus Centre (2013-2015)<\/strong><\/p>\n\n\n\n<p>Primera diagnosi de mobilitat del Campus Centre, que inclou tant l&#8217;an\u00e0lisi de l&#8217;oferta com l&#8217;estudi de la demanda a partir de l\u2019enquesta de mobilitat de l\u2019any 2013.<\/p>\n<\/div>\n\n\n\n<div class=\"wp-block-column is-vertically-aligned-center is-layout-flow wp-block-column-is-layout-flow\" style=\"flex-basis:20%\">\n<p><a href=\"https:\/\/www.ub.edu\/ossma\/medi-ambient\/resultats-de-la-diagnosi-de-mobilitat-als-centres-de-la-ub-del-campus-centre\/\">Resum<\/a><br><a href=\"https:\/\/www.ub.edu\/ossma\/wp-content\/uploads\/2016\/03\/diagnosi2014_centre_tot.pdf\" target=\"_blank\" rel=\"noreferrer noopener\">Document<\/a><\/p>\n<\/div>\n<\/div>\n<\/div>\n<\/div>\n\n\n\n<div class=\"wp-block-columns is-layout-flex wp-container-core-columns-is-layout-9d6595d7 wp-block-columns-is-layout-flex\">\n<div class=\"wp-block-column border-top ves-horitzontal is-layout-flow wp-block-column-is-layout-flow\">\n<div class=\"wp-block-columns are-vertically-aligned-center ombra is-layout-flex wp-container-core-columns-is-layout-9d6595d7 wp-block-columns-is-layout-flex\">\n<div class=\"wp-block-column is-vertically-aligned-center is-layout-flow wp-block-column-is-layout-flow\" style=\"flex-basis:20%\">\n<figure class=\"wp-block-image size-full\"><img loading=\"lazy\" decoding=\"async\" width=\"750\" height=\"500\" src=\"https:\/\/www.ub.edu\/ossma\/wp-content\/uploads\/2022\/03\/destacat-aparcament-bicicletes-relacions-laborals.jpg\" alt=\"Aparcament bicicletes relacions laborals\" class=\"wp-image-37507\" srcset=\"https:\/\/www.ub.edu\/ossma\/wp-content\/uploads\/2022\/03\/destacat-aparcament-bicicletes-relacions-laborals.jpg 750w, https:\/\/www.ub.edu\/ossma\/wp-content\/uploads\/2022\/03\/destacat-aparcament-bicicletes-relacions-laborals-300x200.jpg 300w\" sizes=\"(max-width: 750px) 100vw, 750px\" \/><\/figure>\n<\/div>\n\n\n\n<div class=\"wp-block-column is-vertically-aligned-center is-layout-flow wp-block-column-is-layout-flow\" style=\"flex-basis:60%\">\n<p><strong>Diagnosi de mobilitat del Campus Diagonal Portal del Coneixement (2013-2014)<\/strong><\/p>\n\n\n\n<p>Segona diagnosi de mobilitat del Campus Diagonal Portal del Coneixement, que inclou tant l&#8217;an\u00e0lisi de l&#8217;oferta com l&#8217;estudi de la demanda a partir de l\u2019enquesta de mobilitat de l\u2019any 2013.<\/p>\n<\/div>\n\n\n\n<div class=\"wp-block-column is-vertically-aligned-center is-layout-flow wp-block-column-is-layout-flow\" style=\"flex-basis:20%\">\n<p><a href=\"https:\/\/www.ub.edu\/ossma\/medi-ambient\/resultats-diagnosi-mobilitat-centres-ub-campus-diagonal\/\">Resum<\/a><br><a href=\"https:\/\/www.ub.edu\/ossma\/wp-content\/uploads\/2016\/03\/pm-diagonal-2014.pdf\" target=\"_blank\" rel=\"noreferrer noopener\">Document<\/a><\/p>\n<\/div>\n<\/div>\n<\/div>\n<\/div>\n\n\n\n<div class=\"wp-block-columns is-layout-flex wp-container-core-columns-is-layout-9d6595d7 wp-block-columns-is-layout-flex\">\n<div class=\"wp-block-column border-top ves-horitzontal is-layout-flow wp-block-column-is-layout-flow\">\n<div class=\"wp-block-columns are-vertically-aligned-center ombra is-layout-flex wp-container-core-columns-is-layout-9d6595d7 wp-block-columns-is-layout-flex\">\n<div class=\"wp-block-column is-vertically-aligned-center is-layout-flow wp-block-column-is-layout-flow\" style=\"flex-basis:20%\">\n<figure class=\"wp-block-image size-full\"><img loading=\"lazy\" decoding=\"async\" width=\"750\" height=\"500\" src=\"https:\/\/www.ub.edu\/ossma\/wp-content\/uploads\/2022\/03\/destacat-campus-mundet.jpg\" alt=\"Campus Mundet\" class=\"wp-image-37510\" srcset=\"https:\/\/www.ub.edu\/ossma\/wp-content\/uploads\/2022\/03\/destacat-campus-mundet.jpg 750w, https:\/\/www.ub.edu\/ossma\/wp-content\/uploads\/2022\/03\/destacat-campus-mundet-300x200.jpg 300w\" sizes=\"(max-width: 750px) 100vw, 750px\" \/><\/figure>\n<\/div>\n\n\n\n<div class=\"wp-block-column is-vertically-aligned-center is-layout-flow wp-block-column-is-layout-flow\" style=\"flex-basis:60%\">\n<p><strong>Diagnosi de mobilitat del Campus de Mundet (2011)<\/strong><\/p>\n\n\n\n<p>Primera diagnosi de mobilitat del Campus Mundet de la UB.<\/p>\n<\/div>\n\n\n\n<div class=\"wp-block-column is-vertically-aligned-center is-layout-flow wp-block-column-is-layout-flow\" style=\"flex-basis:20%\">\n<p><a href=\"https:\/\/www.ub.edu\/ossma\/wp-content\/uploads\/2016\/03\/pm_mundet_diagnosi.pdf\" target=\"_blank\" rel=\"noreferrer noopener\">Document<\/a><\/p>\n<\/div>\n<\/div>\n<\/div>\n<\/div>\n\n\n\n<div class=\"wp-block-columns is-layout-flex wp-container-core-columns-is-layout-9d6595d7 wp-block-columns-is-layout-flex\">\n<div class=\"wp-block-column border-top ves-horitzontal is-layout-flow wp-block-column-is-layout-flow\">\n<div class=\"wp-block-columns are-vertically-aligned-center ombra is-layout-flex wp-container-core-columns-is-layout-9d6595d7 wp-block-columns-is-layout-flex\">\n<div class=\"wp-block-column is-vertically-aligned-center is-layout-flow wp-block-column-is-layout-flow\" style=\"flex-basis:20%\">\n<figure class=\"wp-block-image size-full\"><img loading=\"lazy\" decoding=\"async\" width=\"750\" height=\"500\" src=\"https:\/\/www.ub.edu\/ossma\/wp-content\/uploads\/2022\/03\/destacat-campus-diagonal.jpg\" alt=\"Campus Diagonal\" class=\"wp-image-37514\" srcset=\"https:\/\/www.ub.edu\/ossma\/wp-content\/uploads\/2022\/03\/destacat-campus-diagonal.jpg 750w, https:\/\/www.ub.edu\/ossma\/wp-content\/uploads\/2022\/03\/destacat-campus-diagonal-300x200.jpg 300w\" sizes=\"(max-width: 750px) 100vw, 750px\" \/><\/figure>\n<\/div>\n\n\n\n<div class=\"wp-block-column is-vertically-aligned-center is-layout-flow wp-block-column-is-layout-flow\" style=\"flex-basis:60%\">\n<p><strong>Diagnosi de mobilitat del Campus Diagonal Portal del Coneixement (2010)<\/strong><\/p>\n\n\n\n<p>Primera diagnosi de mobilitat realitzada a la UB. L&#8217;estudi es basa en un projecte final de carrera de la llicenciatura de Cie\u0300ncies Ambientals, dirigit i supervisat per la Unitat de Medi Ambient de l\u2019OSSMA.<\/p>\n<\/div>\n\n\n\n<div class=\"wp-block-column is-vertically-aligned-center is-layout-flow wp-block-column-is-layout-flow\" style=\"flex-basis:20%\">\n<p><a href=\"https:\/\/www.ub.edu\/ossma\/wp-content\/uploads\/2016\/03\/pm_diagonal_diagnosi.pdf\" target=\"_blank\" rel=\"noreferrer noopener\">Document<\/a><\/p>\n<\/div>\n<\/div>\n<\/div>\n<\/div>\n\n\n\n<div class=\"wp-block-columns is-layout-flex wp-container-core-columns-is-layout-9d6595d7 wp-block-columns-is-layout-flex\">\n<div class=\"wp-block-column border-top ves-horitzontal is-layout-flow wp-block-column-is-layout-flow\">\n<div class=\"wp-block-columns are-vertically-aligned-center ombra is-layout-flex wp-container-core-columns-is-layout-9d6595d7 wp-block-columns-is-layout-flex\">\n<div class=\"wp-block-column is-vertically-aligned-center is-layout-flow wp-block-column-is-layout-flow\" style=\"flex-basis:20%\">\n<figure class=\"wp-block-image size-full\"><img loading=\"lazy\" decoding=\"async\" width=\"750\" height=\"500\" src=\"https:\/\/www.ub.edu\/ossma\/wp-content\/uploads\/2022\/03\/destacat-geografia-historia-filosofia.jpg\" alt=\"Facultats de Geografia i Hist\u00f2ria i Filosofia\" class=\"wp-image-37517\" srcset=\"https:\/\/www.ub.edu\/ossma\/wp-content\/uploads\/2022\/03\/destacat-geografia-historia-filosofia.jpg 750w, https:\/\/www.ub.edu\/ossma\/wp-content\/uploads\/2022\/03\/destacat-geografia-historia-filosofia-300x200.jpg 300w\" sizes=\"(max-width: 750px) 100vw, 750px\" \/><\/figure>\n<\/div>\n\n\n\n<div class=\"wp-block-column is-vertically-aligned-center is-layout-flow wp-block-column-is-layout-flow\" style=\"flex-basis:60%\">\n<p><strong>Estudi de mobilitat: Facultats de Filosofia i de Geografia i Hist\u00f2ria de la UB: impacte del trasllat del campus de Diagonal a Ciutat Vella (2006)<\/strong><\/p>\n\n\n\n<p>Estudi que analitza l&#8217;impacte del trasllat de les facultats de Filosofia i de Geografia i Histo\u0300ria del Campus Diagonal a Ciutat Vella. Com a resultat d&#8217;aquest estudi es va dur a terme una campanya de sensibilitzaci\u00f3 sobre mobilitat sostenible, tant abans com despr\u00e9s del trasllat, que va incloure la realitzaci\u00f3 de la primera cursa dels transports a la UB, en col\u00b7laboraci\u00f3 amb la PTP.<\/p>\n<\/div>\n\n\n\n<div class=\"wp-block-column is-vertically-aligned-center is-layout-flow wp-block-column-is-layout-flow\" style=\"flex-basis:20%\">\n<p><a href=\"https:\/\/www.ub.edu\/ossma\/wp-content\/uploads\/2016\/03\/estudi_mobilitat.pdf\" target=\"_blank\" rel=\"noreferrer noopener\">Document<\/a><\/p>\n<\/div>\n<\/div>\n<\/div>\n<\/div>\n","protected":false},"excerpt":{"rendered":"<p>Peri\u00f2dicament, es realitza una Enquesta de mobilitat a la comunitat universit\u00e0ria de la UB per con\u00e8ixer quins s\u00f3n els mitjans de transport que s\u2019utilitzen habitualment per accedir a la universitat, els motius de l\u2019elecci\u00f3, el temps mitj\u00e0 de despla\u00e7ament, el lloc de resid\u00e8ncia, i altra informaci\u00f3 d\u2019inter\u00e8s que permeti realitzar les Diagnosis de Mobilitat dels diferents campus de la UB, per detectar defici\u00e8ncies i fer propostes de millora amb l\u2019objectiu d\u2019aconseguir una mobilitat universit\u00e0ria m\u00e9s sostenible.<\/p>\n","protected":false},"author":1,"featured_media":24244,"parent":710,"menu_order":0,"comment_status":"closed","ping_status":"closed","template":"","meta":{"advgb_blocks_editor_width":"","advgb_blocks_columns_visual_guide":"","footnotes":""},"class_list":["post-24260","page","type-page","status-publish","has-post-thumbnail"],"coauthors":[],"author_meta":{"author_link":"https:\/\/www.ub.edu\/ossma\/author\/ossmau1","display_name":"OSSMA"},"relative_dates":{"created":"Posted 5 anys ago","modified":"Updated 3 anys ago"},"absolute_dates":{"created":"Posted on 30\/03\/2021","modified":"Updated on 25\/01\/2023"},"absolute_dates_time":{"created":"Posted on 30\/03\/2021 15:57","modified":"Updated on 25\/01\/2023 6:52"},"featured_img_caption":"","featured_img":"https:\/\/www.ub.edu\/ossma\/wp-content\/uploads\/2021\/03\/banner-mobilitat.jpg","series_order":"","_links":{"self":[{"href":"https:\/\/www.ub.edu\/ossma\/wp-json\/wp\/v2\/pages\/24260","targetHints":{"allow":["GET"]}}],"collection":[{"href":"https:\/\/www.ub.edu\/ossma\/wp-json\/wp\/v2\/pages"}],"about":[{"href":"https:\/\/www.ub.edu\/ossma\/wp-json\/wp\/v2\/types\/page"}],"author":[{"embeddable":true,"href":"https:\/\/www.ub.edu\/ossma\/wp-json\/wp\/v2\/users\/1"}],"replies":[{"embeddable":true,"href":"https:\/\/www.ub.edu\/ossma\/wp-json\/wp\/v2\/comments?post=24260"}],"version-history":[{"count":8,"href":"https:\/\/www.ub.edu\/ossma\/wp-json\/wp\/v2\/pages\/24260\/revisions"}],"predecessor-version":[{"id":43992,"href":"https:\/\/www.ub.edu\/ossma\/wp-json\/wp\/v2\/pages\/24260\/revisions\/43992"}],"up":[{"embeddable":true,"href":"https:\/\/www.ub.edu\/ossma\/wp-json\/wp\/v2\/pages\/710"}],"wp:featuredmedia":[{"embeddable":true,"href":"https:\/\/www.ub.edu\/ossma\/wp-json\/wp\/v2\/media\/24244"}],"wp:attachment":[{"href":"https:\/\/www.ub.edu\/ossma\/wp-json\/wp\/v2\/media?parent=24260"}],"curies":[{"name":"wp","href":"https:\/\/api.w.org\/{rel}","templated":true}]}}