{"id":24768,"date":"2021-04-01T08:35:07","date_gmt":"2021-04-01T08:35:07","guid":{"rendered":"https:\/\/www.ub.edu\/ossma\/?page_id=24768"},"modified":"2026-08-07T04:41:38","modified_gmt":"2026-08-07T04:41:38","slug":"projectes-plans-accio","status":"publish","type":"page","link":"https:\/\/www.ub.edu\/ossma\/medi-ambient\/projectes-plans-accio","title":{"rendered":"Plans d&#8217;acci\u00f3"},"content":{"rendered":"\n<p class=\"wp-block-paragraph\">L\u2019actual pla d\u2019acci\u00f3 en sostenibilitat \u00e9s l\u2019<a href=\"https:\/\/www.ub.edu\/ods\/ca\/documents-enllacos-dinteres\" target=\"_blank\" rel=\"noreferrer noopener\">Agenda 2030 de la UB<\/a>, coordinada pel Vicerectorat de Sostenibilitat i Acci\u00f3 Clim\u00e0tica.<\/p>\n\n\n\n<div data-wp-context=\"{ &quot;autoclose&quot;: false, &quot;accordionItems&quot;: [] }\" data-wp-interactive=\"core\/accordion\" role=\"group\" class=\"wp-block-accordion is-layout-flow wp-block-accordion-is-layout-flow\">\n<div data-wp-class--is-open=\"state.isOpen\" data-wp-context=\"{ &quot;id&quot;: &quot;accordion-item-1&quot;, &quot;openByDefault&quot;: false }\" data-wp-init=\"callbacks.initAccordionItems\" data-wp-on-window--hashchange=\"callbacks.hashChange\" class=\"wp-block-accordion-item is-layout-flow wp-block-accordion-item-is-layout-flow\">\n<h3 class=\"wp-block-accordion-heading\"><button aria-expanded=\"false\" aria-controls=\"accordion-item-1-panel\" data-wp-bind--aria-expanded=\"state.isOpen\" data-wp-on--click=\"actions.toggle\" id=\"accordion-item-1\" type=\"button\" class=\"wp-block-accordion-heading__toggle\"><span class=\"wp-block-accordion-heading__toggle-title\">Pla de sostenibilitat de la Universitat de Barcelona (2021-2018)<\/span><span class=\"wp-block-accordion-heading__toggle-icon\" aria-hidden=\"true\">+<\/span><\/button><\/h3>\n\n\n\n<div aria-labelledby=\"accordion-item-1\" data-wp-bind--hidden=\"state.isHidden\" data-wp-on--beforematch=\"actions.handleBeforeMatch\" id=\"accordion-item-1-panel\" role=\"region\" class=\"wp-block-accordion-panel is-layout-flow wp-block-accordion-panel-is-layout-flow\">\n<p class=\"wp-block-paragraph\">Aquest pla d\u2019acci\u00f3 va ser dissenyat i aprovat per la Comissi\u00f3 Delegada de Claustre per a Sostenibilitat, i va estar en vigor entre els anys 2012 i 2018. Va incloure 10 l\u00ednies estrat\u00e8giques i 128 accions de millora centrades principalment en l\u2019eix ambiental de la sostenibilitat.<\/p>\n\n\n\n<ul class=\"wp-block-list\">\n<li><a href=\"https:\/\/www.ub.edu\/ossma\/wp-content\/uploads\/2021\/03\/pla-sostenibilitat-que-es-20111220.pdf\" target=\"_blank\" rel=\"noreferrer noopener\">Pla de sostenibilitat<\/a><\/li>\n\n\n\n<li><a rel=\"noreferrer noopener\" href=\"https:\/\/www.ub.edu\/ossma\/wp-content\/uploads\/2019\/06\/Memoria-PdS2018w.pdf\" target=\"_blank\">Mem\u00f2ria de seguiment 2018<\/a><\/li>\n\n\n\n<li><a rel=\"noreferrer noopener\" href=\"https:\/\/www.ub.edu\/ossma\/wp-content\/uploads\/2017\/12\/Memoria-PdS2017w.pdf\" target=\"_blank\">Mem\u00f2ria de seguiment 2017<\/a><\/li>\n\n\n\n<li><a rel=\"noreferrer noopener\" href=\"https:\/\/www.ub.edu\/ossma\/wp-content\/uploads\/2016\/03\/Memoria-PdS2016.pdf\" target=\"_blank\">Mem\u00f2ria de seguiment 2016<\/a><\/li>\n\n\n\n<li><a rel=\"noreferrer noopener\" href=\"http:\/\/ub.edu\/ossma\/wp-content\/uploads\/2016\/03\/memoria-pds-2015.pdf\" target=\"_blank\">Mem\u00f2ria de seguiment 2015<\/a><\/li>\n\n\n\n<li><a href=\"https:\/\/www.ub.edu\/ossma\/wp-content\/uploads\/2021\/05\/memoria-pla-sostenibilitat-2014.pdf\" target=\"_blank\" rel=\"noreferrer noopener\">Mem\u00f2ria de seguiment 2014<\/a><\/li>\n\n\n\n<li><a rel=\"noreferrer noopener\" href=\"http:\/\/ub.edu\/ossma\/wp-content\/uploads\/2016\/03\/memoria-pla-sostenibilitat-2013.pdf\" target=\"_blank\">Mem\u00f2ria de seguiment 2013<\/a><\/li>\n\n\n\n<li><a rel=\"noreferrer noopener\" href=\"http:\/\/ub.edu\/ossma\/wp-content\/uploads\/2016\/03\/pla-sostenibilitat-ub.pdf\" target=\"_blank\">Pla aprovat pel Claustre de la UB<\/a><\/li>\n<\/ul>\n<\/div>\n<\/div>\n<\/div>\n\n\n\n<div data-wp-context=\"{ &quot;autoclose&quot;: false, &quot;accordionItems&quot;: [] }\" data-wp-interactive=\"core\/accordion\" role=\"group\" class=\"wp-block-accordion is-layout-flow wp-block-accordion-is-layout-flow\">\n<div data-wp-class--is-open=\"state.isOpen\" data-wp-context=\"{ &quot;id&quot;: &quot;accordion-item-2&quot;, &quot;openByDefault&quot;: false }\" data-wp-init=\"callbacks.initAccordionItems\" data-wp-on-window--hashchange=\"callbacks.hashChange\" class=\"wp-block-accordion-item is-layout-flow wp-block-accordion-item-is-layout-flow\">\n<h3 class=\"wp-block-accordion-heading\"><button aria-expanded=\"false\" aria-controls=\"accordion-item-2-panel\" data-wp-bind--aria-expanded=\"state.isOpen\" data-wp-on--click=\"actions.toggle\" id=\"accordion-item-2\" type=\"button\" class=\"wp-block-accordion-heading__toggle\"><span class=\"wp-block-accordion-heading__toggle-title\">Pla ambiental 2003-2004. Divisi\u00f3 de Ci\u00e8ncies de la salut<\/span><span class=\"wp-block-accordion-heading__toggle-icon\" aria-hidden=\"true\">+<\/span><\/button><\/h3>\n\n\n\n<div aria-labelledby=\"accordion-item-2\" data-wp-bind--hidden=\"state.isHidden\" data-wp-on--beforematch=\"actions.handleBeforeMatch\" id=\"accordion-item-2-panel\" role=\"region\" class=\"wp-block-accordion-panel is-layout-flow wp-block-accordion-panel-is-layout-flow\">\n<p class=\"wp-block-paragraph\">Primer pla estrat\u00e8gic de millora ambiental de la UB, que es va implantar entre els anys 2003 i 2005 als centres de la Divisi\u00f3 de Ci\u00e8ncies de la Salut: Facultat de Farm\u00e0cia, Facultat de Medicina-Cl\u00ednic, Campus de Bellvitge i Facultat de Psicologia. <\/p>\n\n\n\n<p class=\"wp-block-paragraph\"><a href=\"https:\/\/www.ub.edu\/ossma\/wp-content\/uploads\/2016\/03\/pla_ambiental.pdf\" target=\"_blank\" rel=\"noreferrer noopener\">Accedix al document<\/a>.<\/p>\n<\/div>\n<\/div>\n<\/div>\n","protected":false},"excerpt":{"rendered":"<p>L\u2019actual pla d\u2019acci\u00f3 en sostenibilitat \u00e9s l\u2019Agenda 2030 de la UB, coordinada pel Vicerectorat de Sostenibilitat i Acci\u00f3 Clim\u00e0tica.<\/p>\n","protected":false},"author":1,"featured_media":0,"parent":23785,"menu_order":0,"comment_status":"closed","ping_status":"closed","template":"","meta":{"advgb_blocks_editor_width":"","advgb_blocks_columns_visual_guide":"","footnotes":""},"class_list":["post-24768","page","type-page","status-publish"],"coauthors":[],"author_meta":{"author_link":"https:\/\/www.ub.edu\/ossma\/author\/ossmau1","display_name":"OSSMA"},"relative_dates":{"created":"Posted 5 anys ago","modified":"Updated 4 setmanes ago"},"absolute_dates":{"created":"Posted on 01\/04\/2021","modified":"Updated on 07\/08\/2026"},"absolute_dates_time":{"created":"Posted on 01\/04\/2021 8:35","modified":"Updated on 07\/08\/2026 4:41"},"featured_img_caption":"","featured_img":false,"series_order":"","_links":{"self":[{"href":"https:\/\/www.ub.edu\/ossma\/wp-json\/wp\/v2\/pages\/24768","targetHints":{"allow":["GET"]}}],"collection":[{"href":"https:\/\/www.ub.edu\/ossma\/wp-json\/wp\/v2\/pages"}],"about":[{"href":"https:\/\/www.ub.edu\/ossma\/wp-json\/wp\/v2\/types\/page"}],"author":[{"embeddable":true,"href":"https:\/\/www.ub.edu\/ossma\/wp-json\/wp\/v2\/users\/1"}],"replies":[{"embeddable":true,"href":"https:\/\/www.ub.edu\/ossma\/wp-json\/wp\/v2\/comments?post=24768"}],"version-history":[{"count":9,"href":"https:\/\/www.ub.edu\/ossma\/wp-json\/wp\/v2\/pages\/24768\/revisions"}],"predecessor-version":[{"id":100742,"href":"https:\/\/www.ub.edu\/ossma\/wp-json\/wp\/v2\/pages\/24768\/revisions\/100742"}],"up":[{"embeddable":true,"href":"https:\/\/www.ub.edu\/ossma\/wp-json\/wp\/v2\/pages\/23785"}],"wp:attachment":[{"href":"https:\/\/www.ub.edu\/ossma\/wp-json\/wp\/v2\/media?parent=24768"}],"curies":[{"name":"wp","href":"https:\/\/api.w.org\/{rel}","templated":true}]}}

Plans d&#8217;acció

<p class="wp-block-paragraph">L’actual pla d’acció en sostenibilitat és l’<a href="https://www.ub.edu/ods/ca/documents-enllacos-dinteres" target="_blank" rel="noreferrer noopener">Agenda 2030 de la UB</a>, coordinada pel Vicerectorat de Sostenibilitat i Acció Climàtica.</p>



<div data-wp-context="{ &quot;autoclose&quot;: false, &quot;accordionItems&quot;: [] }" data-wp-interactive="core/accordion" role="group" class="wp-block-accordion is-layout-flow wp-block-accordion-is-layout-flow">
<div data-wp-class--is-open="state.isOpen" data-wp-context="{ &quot;id&quot;: &quot;accordion-item-1&quot;, &quot;openByDefault&quot;: false }" data-wp-init="callbacks.initAccordionItems" data-wp-on-window--hashchange="callbacks.hashChange" class="wp-block-accordion-item is-layout-flow wp-block-accordion-item-is-layout-flow">
<h3 class="wp-block-accordion-heading"><button aria-expanded="false" aria-controls="accordion-item-1-panel" data-wp-bind--aria-expanded="state.isOpen" data-wp-on--click="actions.toggle" id="accordion-item-1" type="button" class="wp-block-accordion-heading__toggle"><span class="wp-block-accordion-heading__toggle-title">Pla de sostenibilitat de la Universitat de Barcelona (2021-2018)</span><span class="wp-block-accordion-heading__toggle-icon" aria-hidden="true">+</span></button></h3>



<div aria-labelledby="accordion-item-1" data-wp-bind--hidden="state.isHidden" data-wp-on--beforematch="actions.handleBeforeMatch" id="accordion-item-1-panel" role="region" class="wp-block-accordion-panel is-layout-flow wp-block-accordion-panel-is-layout-flow">
<p class="wp-block-paragraph">Aquest pla d’acció va ser dissenyat i aprovat per la Comissió Delegada de Claustre per a Sostenibilitat, i va estar en vigor entre els anys 2012 i 2018. Va incloure 10 línies estratègiques i 128 accions de millora centrades principalment en l’eix ambiental de la sostenibilitat.</p>



<ul class="wp-block-list">
<li><a href="https://www.ub.edu/ossma/wp-content/uploads/2021/03/pla-sostenibilitat-que-es-20111220.pdf" target="_blank" rel="noreferrer noopener">Pla de sostenibilitat</a></li>



<li><a rel="noreferrer noopener" href="https://www.ub.edu/ossma/wp-content/uploads/2019/06/Memoria-PdS2018w.pdf" target="_blank">Memòria de seguiment 2018</a></li>



<li><a rel="noreferrer noopener" href="https://www.ub.edu/ossma/wp-content/uploads/2017/12/Memoria-PdS2017w.pdf" target="_blank">Memòria de seguiment 2017</a></li>



<li><a rel="noreferrer noopener" href="https://www.ub.edu/ossma/wp-content/uploads/2016/03/Memoria-PdS2016.pdf" target="_blank">Memòria de seguiment 2016</a></li>



<li><a rel="noreferrer noopener" href="http://ub.edu/ossma/wp-content/uploads/2016/03/memoria-pds-2015.pdf" target="_blank">Memòria de seguiment 2015</a></li>



<li><a href="https://www.ub.edu/ossma/wp-content/uploads/2021/05/memoria-pla-sostenibilitat-2014.pdf" target="_blank" rel="noreferrer noopener">Memòria de seguiment 2014</a></li>



<li><a rel="noreferrer noopener" href="http://ub.edu/ossma/wp-content/uploads/2016/03/memoria-pla-sostenibilitat-2013.pdf" target="_blank">Memòria de seguiment 2013</a></li>



<li><a rel="noreferrer noopener" href="http://ub.edu/ossma/wp-content/uploads/2016/03/pla-sostenibilitat-ub.pdf" target="_blank">Pla aprovat pel Claustre de la UB</a></li>
</ul>
</div>
</div>
</div>



<div data-wp-context="{ &quot;autoclose&quot;: false, &quot;accordionItems&quot;: [] }" data-wp-interactive="core/accordion" role="group" class="wp-block-accordion is-layout-flow wp-block-accordion-is-layout-flow">
<div data-wp-class--is-open="state.isOpen" data-wp-context="{ &quot;id&quot;: &quot;accordion-item-2&quot;, &quot;openByDefault&quot;: false }" data-wp-init="callbacks.initAccordionItems" data-wp-on-window--hashchange="callbacks.hashChange" class="wp-block-accordion-item is-layout-flow wp-block-accordion-item-is-layout-flow">
<h3 class="wp-block-accordion-heading"><button aria-expanded="false" aria-controls="accordion-item-2-panel" data-wp-bind--aria-expanded="state.isOpen" data-wp-on--click="actions.toggle" id="accordion-item-2" type="button" class="wp-block-accordion-heading__toggle"><span class="wp-block-accordion-heading__toggle-title">Pla ambiental 2003-2004. Divisió de Ciències de la salut</span><span class="wp-block-accordion-heading__toggle-icon" aria-hidden="true">+</span></button></h3>



<div aria-labelledby="accordion-item-2" data-wp-bind--hidden="state.isHidden" data-wp-on--beforematch="actions.handleBeforeMatch" id="accordion-item-2-panel" role="region" class="wp-block-accordion-panel is-layout-flow wp-block-accordion-panel-is-layout-flow">
<p class="wp-block-paragraph">Primer pla estratègic de millora ambiental de la UB, que es va implantar entre els anys 2003 i 2005 als centres de la Divisió de Ciències de la Salut: Facultat de Farmàcia, Facultat de Medicina-Clínic, Campus de Bellvitge i Facultat de Psicologia. </p>



<p class="wp-block-paragraph"><a href="https://www.ub.edu/ossma/wp-content/uploads/2016/03/pla_ambiental.pdf" target="_blank" rel="noreferrer noopener">Accedix al document</a>.</p>
</div>
</div>
</div>

<p>L’actual pla d’acció en sostenibilitat és l’Agenda 2030 de la UB, coordinada pel Vicerectorat de Sostenibilitat i Acció Climàtica.</p>
