{"id":40178,"date":"2022-07-19T15:20:38","date_gmt":"2022-07-19T15:20:38","guid":{"rendered":"https:\/\/www.ub.edu\/ossma?page_id=40178"},"modified":"2022-07-19T15:21:32","modified_gmt":"2022-07-19T15:21:32","slug":"llibres","status":"publish","type":"page","link":"https:\/\/www.ub.edu\/ossma\/medi-ambient\/consum-responsable\/que-com-comprar\/llibres","title":{"rendered":"Llibres"},"content":{"rendered":"\n<p>Tota activitat comporta un impacte ambiental, i l\u2019edici\u00f3 de llibres no n\u2019\u00e9s una excepci\u00f3. Per aix\u00f2, en comprar un llibre es poden tenir en compte la incid\u00e8ncia ambiental del disseny, els materials utilitzats a l\u2019hora d\u2019imprimir i enquadernar, o el sistema de distribuci\u00f3.<\/p>\n\n\n\n<p>L\u2019ecoedici\u00f3 incorpora criteris de sostenibilitat en les publicacions al llarg de tot el seu cicle de vida: obtenci\u00f3 de mat\u00e8ries primeres, disseny, impressi\u00f3, distribuci\u00f3, \u00fas, i final de la vida \u00fatil del producte. Per tant, es fomenta l\u2019\u00fas de materials que tinguin el m\u00ednim impacte ambiental i que no dificultin el seu posterior reciclatge, per exemple evitant l\u2019\u00fas de pl\u00e0stics.<\/p>\n\n\n\n<p>Sempre que sigui possible, \u00e9s preferible optar per llibres que incorporin aquests criteris d\u2019ecoedici\u00f3. No hi ha una certificaci\u00f3 ambiental d\u2019\u00e0mbit internacional que ens permeti identificar f\u00e0cilment els llibres que compleixen aquests criteris, per\u00f2 s\u00ed trobem editorials que incorporen en els seus llibres informaci\u00f3 sobre els impactes associats a la publicaci\u00f3 (petjada de carboni, residus generats, consum d\u2019aigua, energia i mat\u00e8ries primeres).<\/p>\n\n\n\n<p>A m\u00e9s de buscar aquest tipus de publicacions, podem aplicar les seg\u00fcents recomanacions generals:<\/p>\n\n\n\n<ul class=\"wp-block-list\"><li>Comprovar que el llibre no est\u00e0 ja disponible al nostre entorn. Sovint nom\u00e9s cal consultar-lo puntualment, i en comptes de la compra \u00e9s millor un pr\u00e9stec i \u00fas temporal.<\/li><li>\u00c9s preferible el llibre que incorpora paper d\u2019origen local, paper reciclat o, com a alternativa, de fibres verges procedents de boscos gestionats de forma sostenible (FSC, PEFC o equivalent). Cal tenir en compte que el paper suma gaireb\u00e9 la meitat de l\u2019impacte ambiental d\u2019un llibre.<\/li><li>Escollir editorials locals, donat que la distribuci\u00f3 suma una sisena part de l\u2019impacte ambiental d\u2019un llibre.<\/li><li>Prioritzar el producte amb un gramatge de paper el m\u00e9s redu\u00eft possible.<\/li><li>Defugir els productes enquadernats amb elements que dificultin el seu posterior reciclatge. Per exemple, evitar els ornaments a les cobertes del llibre amb altres materials.<\/li><li>S\u00f3n preferibles les enquadernacions amb t\u00e8cniques com el plegat o el cosit, i conv\u00e9 evitar l\u2019enquadernaci\u00f3 amb cola.<\/li><\/ul>\n\n\n\n<h2 class=\"wp-block-heading\">M\u00e9s informaci\u00f3<\/h2>\n\n\n\n<ul class=\"wp-block-list\"><li><a href=\"https:\/\/www.ub.edu\/ossma\/actualitat-medi-ambient\/lecoedicio-llibres-que-respecten-el-medi-ambient-eco2-0-15\">L\u2019Ecoedici\u00f3: llibres que respecten el medi ambient (Eco2.0 \u2013 15) \u2013 Oficina de Seguretat, Salut i Medi Ambient<\/a> (ub.edu)<\/li><li><a rel=\"noreferrer noopener\" href=\"https:\/\/www.graphispag.com\/ca\/lecoedicio-impressio-de-proximitat-i-sostenible\/\" target=\"_blank\">L&#8217;ecoedici\u00f3, impressi\u00f3 de proximitat i sostenible<\/a> (Graphispag)<\/li><\/ul>\n\n\n\n<p><\/p>\n","protected":false},"excerpt":{"rendered":"<p>Tota activitat comporta un impacte ambiental, i l\u2019edici\u00f3 de llibres no n\u2019\u00e9s una excepci\u00f3. Per aix\u00f2, en comprar un llibre es poden tenir en compte la incid\u00e8ncia ambiental del disseny, els materials utilitzats a l\u2019hora d\u2019imprimir i enquadernar, o el sistema de distribuci\u00f3.<\/p>\n","protected":false},"author":1,"featured_media":24282,"parent":40014,"menu_order":0,"comment_status":"closed","ping_status":"closed","template":"","meta":{"advgb_blocks_editor_width":"","advgb_blocks_columns_visual_guide":"","footnotes":""},"class_list":["post-40178","page","type-page","status-publish","has-post-thumbnail"],"coauthors":[],"author_meta":{"author_link":"https:\/\/www.ub.edu\/ossma\/author\/ossmau1","display_name":"OSSMA"},"relative_dates":{"created":"Posted 4 anys ago","modified":"Updated 4 anys ago"},"absolute_dates":{"created":"Posted on 19\/07\/2022","modified":"Updated on 19\/07\/2022"},"absolute_dates_time":{"created":"Posted on 19\/07\/2022 15:20","modified":"Updated on 19\/07\/2022 15:21"},"featured_img_caption":"","featured_img":"https:\/\/www.ub.edu\/ossma\/wp-content\/uploads\/2021\/03\/banner-consells-consum.jpg","series_order":"","_links":{"self":[{"href":"https:\/\/www.ub.edu\/ossma\/wp-json\/wp\/v2\/pages\/40178","targetHints":{"allow":["GET"]}}],"collection":[{"href":"https:\/\/www.ub.edu\/ossma\/wp-json\/wp\/v2\/pages"}],"about":[{"href":"https:\/\/www.ub.edu\/ossma\/wp-json\/wp\/v2\/types\/page"}],"author":[{"embeddable":true,"href":"https:\/\/www.ub.edu\/ossma\/wp-json\/wp\/v2\/users\/1"}],"replies":[{"embeddable":true,"href":"https:\/\/www.ub.edu\/ossma\/wp-json\/wp\/v2\/comments?post=40178"}],"version-history":[{"count":2,"href":"https:\/\/www.ub.edu\/ossma\/wp-json\/wp\/v2\/pages\/40178\/revisions"}],"predecessor-version":[{"id":40181,"href":"https:\/\/www.ub.edu\/ossma\/wp-json\/wp\/v2\/pages\/40178\/revisions\/40181"}],"up":[{"embeddable":true,"href":"https:\/\/www.ub.edu\/ossma\/wp-json\/wp\/v2\/pages\/40014"}],"wp:featuredmedia":[{"embeddable":true,"href":"https:\/\/www.ub.edu\/ossma\/wp-json\/wp\/v2\/media\/24282"}],"wp:attachment":[{"href":"https:\/\/www.ub.edu\/ossma\/wp-json\/wp\/v2\/media?parent=40178"}],"curies":[{"name":"wp","href":"https:\/\/api.w.org\/{rel}","templated":true}]}}