{"id":4126,"date":"2018-06-04T09:10:38","date_gmt":"2018-06-04T09:10:38","guid":{"rendered":"https:\/\/www.ub.edu\/ossma\/?page_id=4126"},"modified":"2022-05-31T10:42:51","modified_gmt":"2022-05-31T10:42:51","slug":"dret-informacio-addicional","status":"publish","type":"page","link":"https:\/\/www.ub.edu\/ossma\/dret-informacio-addicional","title":{"rendered":"Dret d\u2019informaci\u00f3 relatiu al tractament de dades personals"},"content":{"rendered":"\n<figure class=\"wp-block-table is-style-stripes\"><table><tbody><tr><td><strong>Responsable del tractament<\/strong><\/td><td>Secretaria General de la Universitat de Barcelona<br>Gran Via de les Corts Catalanes, 585, 08007<br> Barcelona <a href=\"mailto:secretaria.general@ub.edu\">secretaria.general@ub.edu<\/a><\/td><\/tr><tr><td><strong>Finalitat del tractament<\/strong><\/td><td>Gestionar la prevenci\u00f3 de riscos laborals.<\/td><\/tr><tr><td><strong>Base jur\u00eddica<\/strong><\/td><td>Compliment d\u2019una obligaci\u00f3 legal: Llei 31\/1995, de 8 de novembre, de prevenci\u00f3 de riscos laborals.<\/td><\/tr><tr><td><strong>Termini de conservaci\u00f3 de les dades<\/strong><\/td><td>Es conservaran durant el temps necessari per complir la finalitat per la qual van ser recollides i per determinar les possibles responsabilitats que se\u2019n poguessin derivar.<\/td><\/tr><tr><td><strong>Destinataris<\/strong><\/td><td>Els destinataris de les dades s\u00f3n la mateixa universitat i, si n\u2019hi ha, els encarregats de tractament. No es preveu la cessi\u00f3 de dades a tercers, tret que sigui obligaci\u00f3 legal.<\/td><\/tr><tr><td><strong>Drets de les persones<\/strong><\/td><td>Podeu accedir a les vostres dades, sol\u00b7licitar-ne la rectificaci\u00f3, la supressi\u00f3, l\u2019oposici\u00f3, la portabilitat o la limitaci\u00f3, mitjan\u00e7ant un escrit adre\u00e7at a la Secretaria General de la Universitat de Barcelona per correu postal (Gran Via de les Corts Catalanes, 585, 08007 Barcelona), o per correu electr\u00f2nic (<a href=\"mailto:secretaria.general@ub.edu\">secretaria.general@ub.edu<\/a>). Cal que hi adjunteu una fotoc\u00f2pia del DNI o d\u2019un altre document v\u00e0lid que us identifiqui.<\/td><\/tr><tr><td><strong>Delegat de protecci\u00f3 de dades<\/strong><\/td><td>Si considereu que els vostres drets no s\u2019han at\u00e8s adequadament podeu comunicar-ho al delegat de protecci\u00f3 de dades de la Universitat de Barcelona per correu postal (Gran Via de les Corts Catalanes, 585, 08007 Barcelona) o per correu electr\u00f2nic (<a href=\"mailto:protecciodedades@ub.edu\">protecciodedades@ub.edu<\/a>).<\/td><\/tr><tr><td><strong>Autoritat de control<\/strong><\/td><td>Tamb\u00e9 podeu presentar una reclamaci\u00f3 davant de l\u2019Autoritat Catalana de Protecci\u00f3 de Dades.<\/td><\/tr><\/tbody><\/table><\/figure>\n","protected":false},"excerpt":{"rendered":"<figure class=\"wp-block-table is-style-stripes\">\n<table>\n<tbody>\n<tr>\n<td><strong>Responsable del tractament<\/strong><\/td>\n<td>Secretaria General de la Universitat de Barcelona<br \/>Gran Via de les Corts Catalanes, 585, 08007<br \/> Barcelona <a href=\"mailto:secretaria.general@ub.edu\">secretaria.general@ub.edu<\/a><\/td>\n<\/tr>\n<tr>\n<td><strong>Finalitat del tractament<\/strong><\/td>\n<td>Gestionar la prevenci\u00f3 de riscos laborals.<\/td>\n<\/tr>\n<tr>\n<td><strong>Base jur\u00eddica<\/strong><\/td>\n<td>Compliment d\u2019una obligaci\u00f3 legal: Llei 31\/1995, de 8 de novembre, de prevenci\u00f3 de riscos laborals.<\/td>\n<\/tr>\n<tr>\n<td><strong>Termini de conservaci\u00f3 de les dades<\/strong><\/td>\n<td>Es conservaran durant el temps necessari per complir la finalitat per la qual van ser recollides i per determinar les possibles responsabilitats que se\u2019n poguessin derivar.<\/td>\n<\/tr>\n<tr>\n<td><strong>Destinataris<\/strong><\/td>\n<td>Els destinataris de les dades s\u00f3n la mateixa universitat i, si n\u2019hi ha, els encarregats de tractament. No es preveu la cessi\u00f3 de dades a tercers, tret que sigui obligaci\u00f3 legal.<\/td>\n<\/tr>\n<tr>\n<td><strong>Drets de les persones<\/strong><\/td>\n<td>Podeu accedir a les vostres dades, sol\u00b7licitar-ne la rectificaci\u00f3, la supressi\u00f3, l\u2019oposici\u00f3, la portabilitat o la limitaci\u00f3, mitjan\u00e7ant un escrit adre\u00e7at a la Secretaria General de la Universitat de Barcelona per correu postal (Gran Via de les Corts Catalanes, 585, 08007 Barcelona), o per correu electr\u00f2nic (<a href=\"mailto:secretaria.general@ub.edu\">secretaria.general@ub.edu<\/a>). Cal que hi adjunteu una fotoc\u00f2pia del DNI o d\u2019un altre document v\u00e0lid que us identifiqui.<\/td>\n<\/tr>\n<tr>\n<td><strong>Delegat de protecci\u00f3 de dades<\/strong><\/td>\n<td>Si considereu que els vostres drets no s\u2019han at\u00e8s adequadament podeu comunicar-ho al delegat de protecci\u00f3 de dades de la Universitat de Barcelona per correu postal (Gran Via de les Corts Catalanes, 585, 08007 Barcelona) o per correu electr\u00f2nic (<a href=\"mailto:protecciodedades@ub.edu\">protecciodedades@ub.edu<\/a>).<\/td>\n<\/tr>\n<tr>\n<td><strong>Autoritat de control<\/strong><\/td>\n<td>Tamb\u00e9 podeu presentar una reclamaci\u00f3 davant de l\u2019Autoritat Catalana de Protecci\u00f3 de Dades.<\/td>\n<\/tr>\n<\/tbody>\n<\/table>\n<\/figure>\n","protected":false},"author":1,"featured_media":0,"parent":0,"menu_order":0,"comment_status":"closed","ping_status":"closed","template":"","meta":{"advgb_blocks_editor_width":"","advgb_blocks_columns_visual_guide":"","footnotes":""},"class_list":["post-4126","page","type-page","status-publish"],"coauthors":[],"author_meta":{"author_link":"https:\/\/www.ub.edu\/ossma\/author\/ossmau1","display_name":"OSSMA"},"relative_dates":{"created":"Posted 8 anys ago","modified":"Updated 4 anys ago"},"absolute_dates":{"created":"Posted on 04\/06\/2018","modified":"Updated on 31\/05\/2022"},"absolute_dates_time":{"created":"Posted on 04\/06\/2018 9:10","modified":"Updated on 31\/05\/2022 10:42"},"featured_img_caption":"","featured_img":false,"series_order":"","_links":{"self":[{"href":"https:\/\/www.ub.edu\/ossma\/wp-json\/wp\/v2\/pages\/4126","targetHints":{"allow":["GET"]}}],"collection":[{"href":"https:\/\/www.ub.edu\/ossma\/wp-json\/wp\/v2\/pages"}],"about":[{"href":"https:\/\/www.ub.edu\/ossma\/wp-json\/wp\/v2\/types\/page"}],"author":[{"embeddable":true,"href":"https:\/\/www.ub.edu\/ossma\/wp-json\/wp\/v2\/users\/1"}],"replies":[{"embeddable":true,"href":"https:\/\/www.ub.edu\/ossma\/wp-json\/wp\/v2\/comments?post=4126"}],"version-history":[{"count":6,"href":"https:\/\/www.ub.edu\/ossma\/wp-json\/wp\/v2\/pages\/4126\/revisions"}],"predecessor-version":[{"id":38817,"href":"https:\/\/www.ub.edu\/ossma\/wp-json\/wp\/v2\/pages\/4126\/revisions\/38817"}],"wp:attachment":[{"href":"https:\/\/www.ub.edu\/ossma\/wp-json\/wp\/v2\/media?parent=4126"}],"curies":[{"name":"wp","href":"https:\/\/api.w.org\/{rel}","templated":true}]}}