{"id":43939,"date":"2023-01-23T12:51:12","date_gmt":"2023-01-23T12:51:12","guid":{"rendered":"https:\/\/www.ub.edu\/ossma?page_id=43939"},"modified":"2025-04-25T06:17:28","modified_gmt":"2025-04-25T06:17:28","slug":"campanya-estalvi-energetic-en-som-responsables","status":"publish","type":"page","link":"https:\/\/www.ub.edu\/ossma\/medi-ambient\/consum-responsable\/campanya-estalvi-energetic-en-som-responsables","title":{"rendered":"Campanya \u201cEn som responsables\u201d"},"content":{"rendered":"\n<p>Amb l\u2019inici de l\u2019any 2023 s\u2019ha posat en marxa el <a href=\"https:\/\/www.ub.edu\/ossma\/wp-content\/uploads\/2023\/02\/pla-eeub-2023.pdf\" target=\"_blank\" rel=\"noreferrer noopener\">Pla per fomentar l\u2019estalvi energ\u00e8tic a la Universitat de Barcelona<\/a>, que inclou un seguit de mesures efectives i de r\u00e0pida aplicaci\u00f3 per reduir el consum energ\u00e8tic a la instituci\u00f3, sense alterar el funcionament normal de la UB. Les mesures, debatudes per una Comissi\u00f3 de Crisi Energ\u00e8tica formada per un grup de membres de la comunitat UB, han de contribuir a reduir el cost energ\u00e8tic per a la UB de cara al 2023. Entre les l\u00ednies d\u2019acci\u00f3 incloses en el pla, es troba una campanya de comunicaci\u00f3 i sensibilitzaci\u00f3 titulada \u00abEn som responsables\u00bb, que busca la implicaci\u00f3 activa de la comunitat UB en aquest objectiu com\u00fa. En aquesta p\u00e0gina trobareu recollides totes les informacions i recursos de la campanya, que a m\u00e9s de l\u2019estalvi econ\u00f2mic associat a la reducci\u00f3 del consum, vol promoure una reducci\u00f3 de l\u2019impacte ambiental derivat del consum d\u2019energia a la UB.<\/p>\n\n\n<div class=\"wp-block-image\">\n<figure class=\"aligncenter size-large\"><a href=\"https:\/\/www.ub.edu\/ossma\/wp-content\/uploads\/2023\/02\/pla-eeub-2023.pdf\" target=\"_blank\" rel=\"noreferrer noopener\"><img fetchpriority=\"high\" decoding=\"async\" width=\"900\" height=\"248\" src=\"https:\/\/www.ub.edu\/ossma\/wp-content\/uploads\/2023\/02\/1270x350-eeub-web-900x248.jpg\" alt=\"Baner campanya d'estalvi energ\u00e8tic &quot;En som responsables!&quot;\" class=\"wp-image-45388\" srcset=\"https:\/\/www.ub.edu\/ossma\/wp-content\/uploads\/2023\/02\/1270x350-eeub-web-900x248.jpg 900w, https:\/\/www.ub.edu\/ossma\/wp-content\/uploads\/2023\/02\/1270x350-eeub-web-750x207.jpg 750w, https:\/\/www.ub.edu\/ossma\/wp-content\/uploads\/2023\/02\/1270x350-eeub-web.jpg 1270w\" sizes=\"(max-width: 900px) 100vw, 900px\" \/><\/a><\/figure>\n<\/div>\n\n\n<video width=\"100%\" controls=\"true\"  poster=\"https:\/\/cdnsecakmi.kaltura.com\/p\/3221703\/thumbnail\/entry_id\/1_j84v7kmf\/format\/webp\/width\/2048\">\n  <source src=\"https:\/\/cdnapi.kaltura.com\/p\/3221703\/sp\/322170300\/playManifest\/entryId\/1_j84v7kmf\/format\/download\/protocol\/https\/flavorParamIds\/487061\" type=\"video\/mp4\">\n  <\/video>\n\n\n\n<h2 class=\"wp-block-heading\" id=\"recursos-dinteres-72a4afbd-8b2c-4b29-acea-e55c09a94b72\">Recursos d&#8217;inter\u00e8s<\/h2>\n\n\n\n<h3 class=\"wp-block-heading\"><strong>Cartells<\/strong><\/h3>\n\n\n\n<p>Disponibles en PDF. Imprimiu-vos nom\u00e9s aquell model que necessiteu i feu-ne un \u00fas responsable.<\/p>\n\n\n\n<figure class=\"wp-block-image size-large is-resized\"><a href=\"https:\/\/www.ub.edu\/ossma\/wp-content\/uploads\/2023\/03\/eeub-senyals-a4-original-b.pdf\" target=\"_blank\" rel=\"noreferrer noopener\"><img decoding=\"async\" width=\"8377\" height=\"2339\" src=\"https:\/\/www.ub.edu\/ossma\/wp-content\/uploads\/2023\/03\/eeub-senyals-a4-b-tots.png\" alt=\"Cartells per imprimir. Campanya d'estalvi energ\u00e8tic &quot;En som responsables!&quot;\" class=\"wp-image-45848\" style=\"width:1190px;height:332px\" srcset=\"https:\/\/www.ub.edu\/ossma\/wp-content\/uploads\/2023\/03\/eeub-senyals-a4-b-tots.png 8377w, https:\/\/www.ub.edu\/ossma\/wp-content\/uploads\/2023\/03\/eeub-senyals-a4-b-tots-750x209.png 750w, https:\/\/www.ub.edu\/ossma\/wp-content\/uploads\/2023\/03\/eeub-senyals-a4-b-tots-900x251.png 900w, https:\/\/www.ub.edu\/ossma\/wp-content\/uploads\/2023\/03\/eeub-senyals-a4-b-tots-1536x429.png 1536w, https:\/\/www.ub.edu\/ossma\/wp-content\/uploads\/2023\/03\/eeub-senyals-a4-b-tots-2048x572.png 2048w\" sizes=\"(max-width: 8377px) 100vw, 8377px\" \/><\/a><\/figure>\n\n\n<div class=\"wp-block-image\">\n<figure class=\"aligncenter size-large is-resized\"><a href=\"https:\/\/www.ub.edu\/ossma\/wp-content\/uploads\/2023\/03\/cartell-a3v-eeub-original.pdf\" target=\"_blank\" rel=\"noreferrer noopener\"><img decoding=\"async\" width=\"3508\" height=\"4961\" src=\"https:\/\/www.ub.edu\/ossma\/wp-content\/uploads\/2023\/02\/CARTELL-A3V-EEUB-ORIGINAL.png\" alt=\"Cartell vertical campanya d'estalvi energ\u00e8tic En som responsables!\" class=\"wp-image-45661\" style=\"width:476px;height:673px\" srcset=\"https:\/\/www.ub.edu\/ossma\/wp-content\/uploads\/2023\/02\/CARTELL-A3V-EEUB-ORIGINAL.png 3508w, https:\/\/www.ub.edu\/ossma\/wp-content\/uploads\/2023\/02\/CARTELL-A3V-EEUB-ORIGINAL-354x500.png 354w, https:\/\/www.ub.edu\/ossma\/wp-content\/uploads\/2023\/02\/CARTELL-A3V-EEUB-ORIGINAL-283x400.png 283w, https:\/\/www.ub.edu\/ossma\/wp-content\/uploads\/2023\/02\/CARTELL-A3V-EEUB-ORIGINAL-1086x1536.png 1086w, https:\/\/www.ub.edu\/ossma\/wp-content\/uploads\/2023\/02\/CARTELL-A3V-EEUB-ORIGINAL-1448x2048.png 1448w\" sizes=\"(max-width: 3508px) 100vw, 3508px\" \/><\/a><\/figure>\n<\/div>\n\n\n<h2 class=\"wp-block-heading\" id=\"noticies-relacionades-48217052-51d1-4766-98de-6ec13faf3da9\">Evoluci\u00f3 consums<\/h2>\n\n\n\n<div class=\"wp-block-query is-layout-flow wp-block-query-is-layout-flow\"><ul class=\"columns-3 wp-block-post-template is-layout-grid wp-container-core-post-template-is-layout-2fc57c17 wp-block-post-template-is-layout-grid\"><li class=\"wp-block-post post-56247 post type-post status-publish format-standard has-post-thumbnail hentry category-actualitat-medi-ambient tag-aigua tag-comuniconsums tag-consum-responsable tag-consums23 tag-energia tag-ods12 tag-ods6 tag-ods7\">\n\n<div class=\"wp-block-group ombra is-vertical is-layout-flex wp-container-core-group-is-layout-2eb2ff60 wp-block-group-is-layout-flex\" style=\"padding-top:30px;padding-right:30px;padding-bottom:30px;padding-left:30px\"><h3 class=\"wp-block-post-title\"><a href=\"https:\/\/www.ub.edu\/ossma\/actualitat-medi-ambient\/consums-2023-des\" target=\"_self\" >Els consums d&#8217;energia i aigua disminueixen significativament durant l&#8217;any 2023<\/a><\/h3>\n\n<div class=\"wp-block-post-excerpt\"><p class=\"wp-block-post-excerpt__excerpt\">Els consums han evolucionat favorablement, amb un descens que finalment ha arribat al 7,5\u00a0% en l\u2019electricitat, un 24,5\u00a0% en el gas, i un 14,5\u00a0%\u00a0en l\u2019aigua.<\/p><p class=\"wp-block-post-excerpt__more-text\"><a class=\"wp-block-post-excerpt__more-link\" href=\"https:\/\/www.ub.edu\/ossma\/actualitat-medi-ambient\/consums-2023-des\">M\u00e9s informaci\u00f3<\/a><\/p><\/div>\n\n<div class=\"wp-block-post-date\"><time datetime=\"2024-01-22T13:07:29+00:00\">22\/01\/2024<\/time><\/div><\/div>\n\n<\/li><li class=\"wp-block-post post-55205 post type-post status-publish format-standard has-post-thumbnail hentry category-actualitat-medi-ambient tag-aigua tag-comuniconsums tag-consum-responsable tag-consums23 tag-energia tag-ods12 tag-ods6 tag-ods7\">\n\n<div class=\"wp-block-group ombra is-vertical is-layout-flex wp-container-core-group-is-layout-2eb2ff60 wp-block-group-is-layout-flex\" style=\"padding-top:30px;padding-right:30px;padding-bottom:30px;padding-left:30px\"><h3 class=\"wp-block-post-title\"><a href=\"https:\/\/www.ub.edu\/ossma\/actualitat-medi-ambient\/consums-2023-novembre\" target=\"_self\" >Al novembre disminueixen els consums d&#8217;electricitat i aigua, per\u00f2 augmenta el de gas<\/a><\/h3>\n\n<div class=\"wp-block-post-excerpt\"><p class=\"wp-block-post-excerpt__excerpt\">Un cop consolidada la reducci\u00f3 de consums d&#8217;energia i aigua per a l&#8217;any 2023, ens centrem a veure com ha anat l&#8217;evoluci\u00f3 al mes de novembre.<\/p><p class=\"wp-block-post-excerpt__more-text\"><a class=\"wp-block-post-excerpt__more-link\" href=\"https:\/\/www.ub.edu\/ossma\/actualitat-medi-ambient\/consums-2023-novembre\">M\u00e9s informaci\u00f3<\/a><\/p><\/div>\n\n<div class=\"wp-block-post-date\"><time datetime=\"2023-12-22T08:25:40+00:00\">22\/12\/2023<\/time><\/div><\/div>\n\n<\/li><li class=\"wp-block-post post-53206 post type-post status-publish format-standard has-post-thumbnail hentry category-actualitat-medi-ambient tag-aigua tag-comuniconsums tag-consum-responsable tag-consums23 tag-energia tag-ods12 tag-ods6 tag-ods7\">\n\n<div class=\"wp-block-group ombra is-vertical is-layout-flex wp-container-core-group-is-layout-2eb2ff60 wp-block-group-is-layout-flex\" style=\"padding-top:30px;padding-right:30px;padding-bottom:30px;padding-left:30px\"><h3 class=\"wp-block-post-title\"><a href=\"https:\/\/www.ub.edu\/ossma\/actualitat-medi-ambient\/consums-2023-octubre\" target=\"_self\" >Es consoliden els estalvis d&#8217;energia i aigua, tot i que a l&#8217;octubre els consums d&#8217;electricitat i gas van augmentar<\/a><\/h3>\n\n<div class=\"wp-block-post-excerpt\"><p class=\"wp-block-post-excerpt__excerpt\">Fins al mes d&#8217;octubre, el consum d\u2019electricitat ha disminu\u00eft un\u00a08,2\u00a0%, el de gas un 29,6\u00a0%, i el d&#8217;aigua un 17,0\u00a0% respecte al 2022.<\/p><p class=\"wp-block-post-excerpt__more-text\"><a class=\"wp-block-post-excerpt__more-link\" href=\"https:\/\/www.ub.edu\/ossma\/actualitat-medi-ambient\/consums-2023-octubre\">M\u00e9s informaci\u00f3<\/a><\/p><\/div>\n\n<div class=\"wp-block-post-date\"><time datetime=\"2023-11-20T09:43:31+00:00\">20\/11\/2023<\/time><\/div><\/div>\n\n<\/li><\/ul><\/div>\n\n\n\n<div class=\"wp-block-columns is-layout-flex wp-container-core-columns-is-layout-9d6595d7 wp-block-columns-is-layout-flex\">\n<div class=\"wp-block-column is-layout-flow wp-block-column-is-layout-flow\">\n<div class=\"wp-block-buttons is-content-justification-center is-layout-flex wp-container-core-buttons-is-layout-16018d1d wp-block-buttons-is-layout-flex\">\n<div class=\"wp-block-button has-custom-width wp-block-button__width-25 aligncenter\"><a class=\"wp-block-button__link wp-element-button\" href=\"https:\/\/www.ub.edu\/ossma\/tag\/consums23\">Totes les not\u00edcies sobre evoluci\u00f3 de consums<\/a><\/div>\n<\/div>\n<\/div>\n<\/div>\n\n\n\n<hr class=\"wp-block-separator has-alpha-channel-opacity\"\/>\n\n\n\n<h2 class=\"wp-block-heading\" id=\"noticies-relacionades-48217052-51d1-4766-98de-6ec13faf3da9\">Not\u00edcies relacionades<\/h2>\n\n\n\n<div class=\"wp-block-query is-layout-flow wp-block-query-is-layout-flow\"><ul class=\"columns-3 wp-block-post-template is-layout-grid wp-container-core-post-template-is-layout-2fc57c17 wp-block-post-template-is-layout-grid\"><li class=\"wp-block-post post-55098 post type-post status-publish format-standard has-post-thumbnail hentry category-actualitat-medi-ambient tag-consum-responsable tag-emissions-co2 tag-en-som-responsables tag-energia tag-estalvi-energetic tag-ods12 tag-ods7\">\n\n<div class=\"wp-block-group ombra is-vertical is-layout-flex wp-container-core-group-is-layout-2eb2ff60 wp-block-group-is-layout-flex\" style=\"padding-top:30px;padding-right:30px;padding-bottom:30px;padding-left:30px\"><h3 class=\"wp-block-post-title\"><a href=\"https:\/\/www.ub.edu\/ossma\/actualitat-medi-ambient\/repte-the-planet-app-resum-resultats\" target=\"_self\" >El repte d&#8217;estalvi energ\u00e8tic amb The Planet App finalitza: resum de resultats<\/a><\/h3>\n\n<div class=\"wp-block-post-excerpt\"><p class=\"wp-block-post-excerpt__excerpt\">El repte de sostenibilitat que hem dut a terme al llarg de l&#8217;any 2023 arriba al final, i a continuaci\u00f3 us oferim un resum dels resultats assolits durant aquests mesos.<\/p><p class=\"wp-block-post-excerpt__more-text\"><a class=\"wp-block-post-excerpt__more-link\" href=\"https:\/\/www.ub.edu\/ossma\/actualitat-medi-ambient\/repte-the-planet-app-resum-resultats\">M\u00e9s informaci\u00f3<\/a><\/p><\/div>\n\n<div class=\"wp-block-post-date\"><time datetime=\"2023-12-18T11:31:26+00:00\">18\/12\/2023<\/time><\/div><\/div>\n\n<\/li><li class=\"wp-block-post post-52262 post type-post status-publish format-standard has-post-thumbnail hentry category-actualitat-medi-ambient tag-consum-responsable tag-ecoconsells3-0 tag-en-som-responsables tag-energia tag-estalvi-energetic tag-ods12 tag-ods7\">\n\n<div class=\"wp-block-group ombra is-vertical is-layout-flex wp-container-core-group-is-layout-2eb2ff60 wp-block-group-is-layout-flex\" style=\"padding-top:30px;padding-right:30px;padding-bottom:30px;padding-left:30px\"><h3 class=\"wp-block-post-title\"><a href=\"https:\/\/www.ub.edu\/ossma\/actualitat-medi-ambient\/wattconsells\" target=\"_self\" >WattConsells: idees per reduir el consum d&#8217;energia a la universitat<\/a><\/h3>\n\n<div class=\"wp-block-post-excerpt\"><p class=\"wp-block-post-excerpt__excerpt\">Us presentem la nova s\u00e8rie d\u2019Ecoconsells\u00a0amb idees per reduir el consum energ\u00e8tic que hem publicat al llarg de l&#8217;any per xarxes socials.<\/p><p class=\"wp-block-post-excerpt__more-text\"><a class=\"wp-block-post-excerpt__more-link\" href=\"https:\/\/www.ub.edu\/ossma\/actualitat-medi-ambient\/wattconsells\">M\u00e9s informaci\u00f3<\/a><\/p><\/div>\n\n<div class=\"wp-block-post-date\"><time datetime=\"2023-11-14T09:09:09+00:00\">14\/11\/2023<\/time><\/div><\/div>\n\n<\/li><li class=\"wp-block-post post-51908 post type-post status-publish format-standard has-post-thumbnail hentry category-actualitat-medi-ambient tag-consum-responsable tag-emissions-co2 tag-en-som-responsables tag-energia tag-estalvi-energetic tag-ods12 tag-ods7\">\n\n<div class=\"wp-block-group ombra is-vertical is-layout-flex wp-container-core-group-is-layout-2eb2ff60 wp-block-group-is-layout-flex\" style=\"padding-top:30px;padding-right:30px;padding-bottom:30px;padding-left:30px\"><h3 class=\"wp-block-post-title\"><a href=\"https:\/\/www.ub.edu\/ossma\/actualitat-medi-ambient\/pindoles-infinites-repte-estalvi-energetic\" target=\"_self\" >Nova subhasta de premis i p\u00edndoles infinites en la recta final del repte d&#8217;estalvi energ\u00e8tic<\/a><\/h3>\n\n<div class=\"wp-block-post-excerpt\"><p class=\"wp-block-post-excerpt__excerpt\">Arrenquen les darreres setmanes del repte d&#8217;estalvi energ\u00e8tic, i tenim dues novetats d&#8217;inter\u00e8s: el 16 de novembre es realitzar\u00e0 la tercera subhasta de premis, i s&#8217;ha activat l&#8217;opci\u00f3 de p\u00edndoles infinites per avan\u00e7ar m\u00e9s rapid en els cursos de formaci\u00f3<\/p><p class=\"wp-block-post-excerpt__more-text\"><a class=\"wp-block-post-excerpt__more-link\" href=\"https:\/\/www.ub.edu\/ossma\/actualitat-medi-ambient\/pindoles-infinites-repte-estalvi-energetic\">M\u00e9s informaci\u00f3<\/a><\/p><\/div>\n\n<div class=\"wp-block-post-date\"><time datetime=\"2023-11-03T12:00:00+00:00\">03\/11\/2023<\/time><\/div><\/div>\n\n<\/li><\/ul><\/div>\n\n\n\n<div class=\"wp-block-columns is-layout-flex wp-container-core-columns-is-layout-9d6595d7 wp-block-columns-is-layout-flex\">\n<div class=\"wp-block-column is-layout-flow wp-block-column-is-layout-flow\">\n<div class=\"wp-block-buttons is-content-justification-center is-layout-flex wp-container-core-buttons-is-layout-16018d1d wp-block-buttons-is-layout-flex\">\n<div class=\"wp-block-button has-custom-width wp-block-button__width-25 aligncenter\"><a class=\"wp-block-button__link wp-element-button\" href=\"https:\/\/www.ub.edu\/ossma\/tag\/en-som-responsables\">Totes les not\u00edcies relacionades<\/a><\/div>\n<\/div>\n<\/div>\n<\/div>\n","protected":false},"excerpt":{"rendered":"<p>Arrenquen les darreres setmanes del <a href=\"https:\/\/www.ub.edu\/ossma\/actualitat-medi-ambient\/repte-estalvi-energetic\">repte d&#8217;estalvi energ\u00e8tic<\/a> que la UB est\u00e1 duent a terme en col\u00b7laboraci\u00f3 amb The Planet App, i tenim dues novetats d&#8217;inter\u00e8s.<\/p>\n","protected":false},"author":1,"featured_media":44531,"parent":24280,"menu_order":0,"comment_status":"closed","ping_status":"closed","template":"","meta":{"advgb_blocks_editor_width":"","advgb_blocks_columns_visual_guide":"","footnotes":""},"class_list":["post-43939","page","type-page","status-publish","has-post-thumbnail"],"coauthors":[],"author_meta":{"author_link":"https:\/\/www.ub.edu\/ossma\/author\/ossmau1","display_name":"OSSMA"},"relative_dates":{"created":"Posted 3 anys ago","modified":"Updated 1 any ago"},"absolute_dates":{"created":"Posted on 23\/01\/2023","modified":"Updated on 25\/04\/2025"},"absolute_dates_time":{"created":"Posted on 23\/01\/2023 12:51","modified":"Updated on 25\/04\/2025 6:17"},"featured_img_caption":"","featured_img":"https:\/\/www.ub.edu\/ossma\/wp-content\/uploads\/2023\/02\/banner-estalvi-energetic.jpg","series_order":"","_links":{"self":[{"href":"https:\/\/www.ub.edu\/ossma\/wp-json\/wp\/v2\/pages\/43939","targetHints":{"allow":["GET"]}}],"collection":[{"href":"https:\/\/www.ub.edu\/ossma\/wp-json\/wp\/v2\/pages"}],"about":[{"href":"https:\/\/www.ub.edu\/ossma\/wp-json\/wp\/v2\/types\/page"}],"author":[{"embeddable":true,"href":"https:\/\/www.ub.edu\/ossma\/wp-json\/wp\/v2\/users\/1"}],"replies":[{"embeddable":true,"href":"https:\/\/www.ub.edu\/ossma\/wp-json\/wp\/v2\/comments?post=43939"}],"version-history":[{"count":41,"href":"https:\/\/www.ub.edu\/ossma\/wp-json\/wp\/v2\/pages\/43939\/revisions"}],"predecessor-version":[{"id":93789,"href":"https:\/\/www.ub.edu\/ossma\/wp-json\/wp\/v2\/pages\/43939\/revisions\/93789"}],"up":[{"embeddable":true,"href":"https:\/\/www.ub.edu\/ossma\/wp-json\/wp\/v2\/pages\/24280"}],"wp:featuredmedia":[{"embeddable":true,"href":"https:\/\/www.ub.edu\/ossma\/wp-json\/wp\/v2\/media\/44531"}],"wp:attachment":[{"href":"https:\/\/www.ub.edu\/ossma\/wp-json\/wp\/v2\/media?parent=43939"}],"curies":[{"name":"wp","href":"https:\/\/api.w.org\/{rel}","templated":true}]}}