{"id":58368,"date":"2024-03-04T18:25:53","date_gmt":"2024-03-04T18:25:53","guid":{"rendered":"https:\/\/www.ub.edu\/ossma?page_id=58368"},"modified":"2024-03-04T18:27:33","modified_gmt":"2024-03-04T18:27:33","slug":"empreses-externes-diferent-activitat-nou-personal-treballador","status":"publish","type":"page","link":"https:\/\/www.ub.edu\/ossma\/seguretat-salut\/coordinacio-activitats-empresarials-cae\/empreses-externes-diferent-activitat-nou-personal-treballador","title":{"rendered":"Empreses externes amb diferent activitat que la UB: nou personal treballador"},"content":{"rendered":"\n<h2 class=\"wp-block-heading\">Formulari<\/h2>\n\n\n\n<div class=\"wpcf7 no-js\" id=\"wpcf7-f58369-o1\" lang=\"ca\" dir=\"ltr\" data-wpcf7-id=\"58369\">\n<div class=\"screen-reader-response\"><p role=\"status\" aria-live=\"polite\" aria-atomic=\"true\"><\/p> <ul><\/ul><\/div>\n<form action=\"\/ossma\/wp-json\/wp\/v2\/pages\/58368#wpcf7-f58369-o1\" method=\"post\" class=\"wpcf7-form init\" aria-label=\"Formulari de contacte\" enctype=\"multipart\/form-data\" novalidate=\"novalidate\" data-status=\"init\">\n<fieldset class=\"hidden-fields-container\"><input type=\"hidden\" name=\"_wpcf7\" value=\"58369\" \/><input type=\"hidden\" name=\"_wpcf7_version\" value=\"6.1.5\" \/><input type=\"hidden\" name=\"_wpcf7_locale\" value=\"ca\" \/><input type=\"hidden\" name=\"_wpcf7_unit_tag\" value=\"wpcf7-f58369-o1\" \/><input type=\"hidden\" name=\"_wpcf7_container_post\" value=\"0\" \/><input type=\"hidden\" name=\"_wpcf7_posted_data_hash\" value=\"\" \/><input type=\"hidden\" name=\"_wpcf7cf_hidden_group_fields\" value=\"[]\" \/><input type=\"hidden\" name=\"_wpcf7cf_hidden_groups\" value=\"[]\" \/><input type=\"hidden\" name=\"_wpcf7cf_visible_groups\" value=\"[]\" \/><input type=\"hidden\" name=\"_wpcf7cf_repeaters\" value=\"[]\" \/><input type=\"hidden\" name=\"_wpcf7cf_steps\" value=\"{}\" \/><input type=\"hidden\" name=\"_wpcf7cf_options\" value=\"{&quot;form_id&quot;:58369,&quot;conditions&quot;:[],&quot;settings&quot;:{&quot;animation&quot;:&quot;yes&quot;,&quot;animation_intime&quot;:200,&quot;animation_outtime&quot;:200,&quot;conditions_ui&quot;:&quot;normal&quot;,&quot;notice_dismissed&quot;:false}}\" \/>\n<\/fieldset>\n<div class=\"form-two-columns\">\n\t<p>Els camps amb asterisc (*) s\u00f3n obligatoris.\n\t<\/p>\n\t<fieldset>\n\t\t<legend>Dades de l'empresa i de la persona interlocutora\n\t\t<\/legend>\n\t\t<p><label for=\"empresa\">Nom de la instituci\u00f3\/organisme\/empresa*<\/label><span class=\"wpcf7-form-control-wrap\" data-name=\"empresa\"><input size=\"40\" maxlength=\"400\" class=\"wpcf7-form-control wpcf7-text wpcf7-validates-as-required\" id=\"empresa\" aria-required=\"true\" aria-invalid=\"false\" value=\"\" type=\"text\" name=\"empresa\" \/><\/span>\n\t\t<\/p>\n\t\t<p><label for=\"interlocutor\">Nom i cognoms de la persona interlocutora*<\/label><span class=\"wpcf7-form-control-wrap\" data-name=\"interlocutor\"><input size=\"40\" maxlength=\"400\" class=\"wpcf7-form-control wpcf7-text wpcf7-validates-as-required\" id=\"interlocutor\" aria-required=\"true\" aria-invalid=\"false\" value=\"\" type=\"text\" name=\"interlocutor\" \/><\/span>\n\t\t<\/p>\n\t\t<p><label for=\"interlocutor-mail\">Correu electr\u00f2nic de la persona interlocutora*<\/label><span class=\"wpcf7-form-control-wrap\" data-name=\"interlocutor-mail\"><input size=\"40\" maxlength=\"400\" class=\"wpcf7-form-control wpcf7-email wpcf7-validates-as-required wpcf7-text wpcf7-validates-as-email\" id=\"interlocutor-mail\" aria-required=\"true\" aria-invalid=\"false\" value=\"\" type=\"email\" name=\"interlocutor-mail\" \/><\/span>\n\t\t<\/p>\n\t<\/fieldset>\n\t<fieldset>\n\t\t<legend>Personal treballador\n\t\t<\/legend>\n\t\t<p>Per comunicar el nou personal treballador, teniu dues opcions: adjuntar un arxiu amb el llistat del personal treballador o especificar-ho al seg\u00fcent requadre.\n\t\t<\/p>\n\t\t<p><label for=\"treballadors-dades\">Personal treballador <small>(Una persona per l\u00ednia. Especifiqueu de cada treballador\/a propi o subcontractat, nom, cognom i lloc on desenvolupar\u00e0 la seva feina)<\/small><\/label><span class=\"wpcf7-form-control-wrap\" data-name=\"treballadors-dades\"><textarea cols=\"40\" rows=\"10\" maxlength=\"2000\" class=\"wpcf7-form-control wpcf7-textarea\" id=\"treballadors-dades\" aria-invalid=\"false\" name=\"treballadors-dades\"><\/textarea><\/span><br \/>\n<label for=\"treballadors-adjunt\">Arxiu amb el llistat del personal treballador <small>(Mida m\u00e0xima: 2MB - Extensions acceptades: .pdf, .txt, .docx, .xlsx)<\/small><\/label><span class=\"wpcf7-form-control-wrap\" data-name=\"treballadors-adjunt\"><input size=\"40\" class=\"wpcf7-form-control wpcf7-file\" id=\"treballadors-adjunt\" accept=\".pdf,.txt,.doc,.xlsx\" aria-invalid=\"false\" type=\"file\" name=\"treballadors-adjunt\" \/><\/span>\n\t\t<\/p>\n\t<\/fieldset>\n\t<p><label for=\"signatura-interlocutora\">Signatura de la persona interlocutora de l'empresa*<br \/>\n<small>(Dibuixa la teva signatura al requadre)<\/small><\/label><span class=\"formulari-dreta\"><div class=\"dscf7_signature\">\n\t\t\t<div class=\"dscf7_signature_inner\">\n\t\t\t\t<canvas id=\"digital_signature-pad_signatura-interlocutora\" name=\"signatura-interlocutora\" class=\"digital_signature-pad\" color=\"#000000\" backcolor=\"#dddddd\" width=\"300\" height=\"200\"><\/canvas>\n\t\t\t\t<input class=\"clearButton\" type=\"button\" value=\"+\">\n\t\t\t<\/div>\n\t\t\t<span class=\"wpcf7-form-control-wrap signatura-interlocutora\" data-name=\"signatura-interlocutora\">\n\t\t\t\t<input class=\"wpcf7-form-control wpcf7-signature wpcf7-validates-as-required wpcf7-validates-as-signature dscf7-signature\" id=\"signatura-interlocutora\" value=\"\" type=\"hidden\" name=\"signatura-interlocutora\"\/>\n\t\t\t\t<input type=\"hidden\" name=\"signatura-interlocutora-attachment\" class=\"wpcf7_input_signatura-interlocutora_attachment\"\/>\n\t\t\t\t<input type=\"hidden\" name=\"signatura-interlocutora-inline\" class=\"wpcf7_input_signatura-interlocutora_inline\"\/>\n\t\t\t<\/span>\n\t\t<\/div><\/span>\n\t<\/p>\n\t<div class=\"clear\">\n\t<\/div>\n\t<p><b>Dret d\u2019informaci\u00f3 relatiu al tractament de dades personals<\/b><br \/>\n(1) El responsable del tractament de les vostres dades \u00e9s la Secretaria General de la Universitat de Barcelona. (2) La finalitat del tractament \u00e9s gestionar la prevenci\u00f3 de riscos laborals. (3) Teniu dret a accedir a les vostres dades, rectificar-les, suprimir-les, oposar-vos al seu tractament, sol\u00b7licitar-ne la portabilitat i la limitaci\u00f3 dels tractaments, en determinades circumst\u00e0ncies. (4) Podeu consultar <a href=\"https:\/\/www.ub.edu\/ossma\/dret-informacio-addicional\" target=\"_blank\">la informaci\u00f3 detallada dels tractaments esmentats<\/a>.\n\t<\/p>\n\t<p><span class=\"wpcf7-form-control-wrap\" data-name=\"dret-informacio\"><span class=\"wpcf7-form-control wpcf7-acceptance\"><span class=\"wpcf7-list-item\"><label><input type=\"checkbox\" name=\"dret-informacio\" value=\"1\" id=\"dret-informacio\" aria-invalid=\"false\" \/><span class=\"wpcf7-list-item-label\">Declaro que he llegit el dret d\u2019informaci\u00f3.<\/span><\/label><\/span><\/span><\/span>\n\t<\/p>\n\t<p><span class=\"wpcf7-form-control-wrap\" data-name=\"informacio-treballadors\"><span class=\"wpcf7-form-control wpcf7-acceptance\"><span class=\"wpcf7-list-item\"><label><input type=\"checkbox\" name=\"informacio-treballadors\" value=\"1\" id=\"informacio-treballadors\" aria-invalid=\"false\" \/><span class=\"wpcf7-list-item-label\">Declaro que em comprometo a facilitar la informaci\u00f3 relativa al tractament de dades personals de la UB que consta en aquesta p\u00e0gina als treballadors i treballadores de l'entitat a la qual represento<\/span><\/label><\/span><\/span><\/span>\n\t<\/p>\n<\/div>\n<p><input class=\"wpcf7-form-control wpcf7-submit has-spinner\" type=\"submit\" value=\"Envia\" \/>\n<\/p>\n<p>(El formulari pot trigar uns segons a confirmar l'enviament. Si us plau, no el reenvieu ni recarregueu la p\u00e0gina.)\n<\/p><p style=\"display: none !important;\" class=\"akismet-fields-container\" data-prefix=\"_wpcf7_ak_\"><label>&#916;<textarea name=\"_wpcf7_ak_hp_textarea\" cols=\"45\" rows=\"8\" maxlength=\"100\"><\/textarea><\/label><input type=\"hidden\" id=\"ak_js_1\" name=\"_wpcf7_ak_js\" value=\"94\"\/><script>\ndocument.getElementById( \"ak_js_1\" ).setAttribute( \"value\", ( new Date() ).getTime() );\n<\/script>\n<\/p><div class=\"wpcf7-response-output\" aria-hidden=\"true\"><\/div>\n<\/form>\n<\/div>\n\n","protected":false},"excerpt":{"rendered":"<h2 class=\"wp-block-heading\">Formulari<\/h2>\n","protected":false},"author":1,"featured_media":25012,"parent":2600,"menu_order":0,"comment_status":"closed","ping_status":"closed","template":"","meta":{"advgb_blocks_editor_width":"","advgb_blocks_columns_visual_guide":"","footnotes":""},"class_list":["post-58368","page","type-page","status-publish","has-post-thumbnail"],"coauthors":[],"author_meta":{"author_link":"https:\/\/www.ub.edu\/ossma\/author\/ossmau1","display_name":"OSSMA"},"relative_dates":{"created":"Posted 2 anys ago","modified":"Updated 2 anys ago"},"absolute_dates":{"created":"Posted on 04\/03\/2024","modified":"Updated on 04\/03\/2024"},"absolute_dates_time":{"created":"Posted on 04\/03\/2024 18:25","modified":"Updated on 04\/03\/2024 18:27"},"featured_img_caption":"","featured_img":"https:\/\/www.ub.edu\/ossma\/wp-content\/uploads\/2021\/04\/banner-cae.jpg","series_order":"","_links":{"self":[{"href":"https:\/\/www.ub.edu\/ossma\/wp-json\/wp\/v2\/pages\/58368","targetHints":{"allow":["GET"]}}],"collection":[{"href":"https:\/\/www.ub.edu\/ossma\/wp-json\/wp\/v2\/pages"}],"about":[{"href":"https:\/\/www.ub.edu\/ossma\/wp-json\/wp\/v2\/types\/page"}],"author":[{"embeddable":true,"href":"https:\/\/www.ub.edu\/ossma\/wp-json\/wp\/v2\/users\/1"}],"replies":[{"embeddable":true,"href":"https:\/\/www.ub.edu\/ossma\/wp-json\/wp\/v2\/comments?post=58368"}],"version-history":[{"count":1,"href":"https:\/\/www.ub.edu\/ossma\/wp-json\/wp\/v2\/pages\/58368\/revisions"}],"predecessor-version":[{"id":58370,"href":"https:\/\/www.ub.edu\/ossma\/wp-json\/wp\/v2\/pages\/58368\/revisions\/58370"}],"up":[{"embeddable":true,"href":"https:\/\/www.ub.edu\/ossma\/wp-json\/wp\/v2\/pages\/2600"}],"wp:featuredmedia":[{"embeddable":true,"href":"https:\/\/www.ub.edu\/ossma\/wp-json\/wp\/v2\/media\/25012"}],"wp:attachment":[{"href":"https:\/\/www.ub.edu\/ossma\/wp-json\/wp\/v2\/media?parent=58368"}],"curies":[{"name":"wp","href":"https:\/\/api.w.org\/{rel}","templated":true}]}}

<h2 class="wp-block-heading">Formulari</h2>



<div class="wpcf7 no-js" id="wpcf7-f58369-o1" lang="ca" dir="ltr" data-wpcf7-id="58369">
<div class="screen-reader-response"><p role="status" aria-live="polite" aria-atomic="true"></p> <ul></ul></div>
<form action="/ossma/wp-json/wp/v2/pages/58368#wpcf7-f58369-o1" method="post" class="wpcf7-form init" aria-label="Formulari de contacte" enctype="multipart/form-data" novalidate="novalidate" data-status="init">
<fieldset class="hidden-fields-container"><input type="hidden" name="_wpcf7" value="58369" /><input type="hidden" name="_wpcf7_version" value="6.1.5" /><input type="hidden" name="_wpcf7_locale" value="ca" /><input type="hidden" name="_wpcf7_unit_tag" value="wpcf7-f58369-o1" /><input type="hidden" name="_wpcf7_container_post" value="0" /><input type="hidden" name="_wpcf7_posted_data_hash" value="" /><input type="hidden" name="_wpcf7cf_hidden_group_fields" value="[]" /><input type="hidden" name="_wpcf7cf_hidden_groups" value="[]" /><input type="hidden" name="_wpcf7cf_visible_groups" value="[]" /><input type="hidden" name="_wpcf7cf_repeaters" value="[]" /><input type="hidden" name="_wpcf7cf_steps" value="{}" /><input type="hidden" name="_wpcf7cf_options" value="{&quot;form_id&quot;:58369,&quot;conditions&quot;:[],&quot;settings&quot;:{&quot;animation&quot;:&quot;yes&quot;,&quot;animation_intime&quot;:200,&quot;animation_outtime&quot;:200,&quot;conditions_ui&quot;:&quot;normal&quot;,&quot;notice_dismissed&quot;:false}}" />
</fieldset>
<div class="form-two-columns">
	<p>Els camps amb asterisc (*) són obligatoris.
	</p>
	<fieldset>
		<legend>Dades de l'empresa i de la persona interlocutora
		</legend>
		<p><label for="empresa">Nom de la institució/organisme/empresa*</label><span class="wpcf7-form-control-wrap" data-name="empresa"><input size="40" maxlength="400" class="wpcf7-form-control wpcf7-text wpcf7-validates-as-required" id="empresa" aria-required="true" aria-invalid="false" value="" type="text" name="empresa" /></span>
		</p>
		<p><label for="interlocutor">Nom i cognoms de la persona interlocutora*</label><span class="wpcf7-form-control-wrap" data-name="interlocutor"><input size="40" maxlength="400" class="wpcf7-form-control wpcf7-text wpcf7-validates-as-required" id="interlocutor" aria-required="true" aria-invalid="false" value="" type="text" name="interlocutor" /></span>
		</p>
		<p><label for="interlocutor-mail">Correu electrònic de la persona interlocutora*</label><span class="wpcf7-form-control-wrap" data-name="interlocutor-mail"><input size="40" maxlength="400" class="wpcf7-form-control wpcf7-email wpcf7-validates-as-required wpcf7-text wpcf7-validates-as-email" id="interlocutor-mail" aria-required="true" aria-invalid="false" value="" type="email" name="interlocutor-mail" /></span>
		</p>
	</fieldset>
	<fieldset>
		<legend>Personal treballador
		</legend>
		<p>Per comunicar el nou personal treballador, teniu dues opcions: adjuntar un arxiu amb el llistat del personal treballador o especificar-ho al següent requadre.
		</p>
		<p><label for="treballadors-dades">Personal treballador <small>(Una persona per línia. Especifiqueu de cada treballador/a propi o subcontractat, nom, cognom i lloc on desenvoluparà la seva feina)</small></label><span class="wpcf7-form-control-wrap" data-name="treballadors-dades"><textarea cols="40" rows="10" maxlength="2000" class="wpcf7-form-control wpcf7-textarea" id="treballadors-dades" aria-invalid="false" name="treballadors-dades"></textarea></span><br />
<label for="treballadors-adjunt">Arxiu amb el llistat del personal treballador <small>(Mida màxima: 2MB - Extensions acceptades: .pdf, .txt, .docx, .xlsx)</small></label><span class="wpcf7-form-control-wrap" data-name="treballadors-adjunt"><input size="40" class="wpcf7-form-control wpcf7-file" id="treballadors-adjunt" accept=".pdf,.txt,.doc,.xlsx" aria-invalid="false" type="file" name="treballadors-adjunt" /></span>
		</p>
	</fieldset>
	<p><label for="signatura-interlocutora">Signatura de la persona interlocutora de l'empresa*<br />
<small>(Dibuixa la teva signatura al requadre)</small></label><span class="formulari-dreta"><div class="dscf7_signature">
			<div class="dscf7_signature_inner">
				<canvas id="digital_signature-pad_signatura-interlocutora" name="signatura-interlocutora" class="digital_signature-pad" color="#000000" backcolor="#dddddd" width="300" height="200"></canvas>
				<input class="clearButton" type="button" value="+">
			</div>
			<span class="wpcf7-form-control-wrap signatura-interlocutora" data-name="signatura-interlocutora">
				<input class="wpcf7-form-control wpcf7-signature wpcf7-validates-as-required wpcf7-validates-as-signature dscf7-signature" id="signatura-interlocutora" value="" type="hidden" name="signatura-interlocutora"/>
				<input type="hidden" name="signatura-interlocutora-attachment" class="wpcf7_input_signatura-interlocutora_attachment"/>
				<input type="hidden" name="signatura-interlocutora-inline" class="wpcf7_input_signatura-interlocutora_inline"/>
			</span>
		</div></span>
	</p>
	<div class="clear">
	</div>
	<p><b>Dret d’informació relatiu al tractament de dades personals</b><br />
(1) El responsable del tractament de les vostres dades és la Secretaria General de la Universitat de Barcelona. (2) La finalitat del tractament és gestionar la prevenció de riscos laborals. (3) Teniu dret a accedir a les vostres dades, rectificar-les, suprimir-les, oposar-vos al seu tractament, sol·licitar-ne la portabilitat i la limitació dels tractaments, en determinades circumstàncies. (4) Podeu consultar <a href="https://www.ub.edu/ossma/dret-informacio-addicional" target="_blank">la informació detallada dels tractaments esmentats</a>.
	</p>
	<p><span class="wpcf7-form-control-wrap" data-name="dret-informacio"><span class="wpcf7-form-control wpcf7-acceptance"><span class="wpcf7-list-item"><label><input type="checkbox" name="dret-informacio" value="1" id="dret-informacio" aria-invalid="false" /><span class="wpcf7-list-item-label">Declaro que he llegit el dret d’informació.</span></label></span></span></span>
	</p>
	<p><span class="wpcf7-form-control-wrap" data-name="informacio-treballadors"><span class="wpcf7-form-control wpcf7-acceptance"><span class="wpcf7-list-item"><label><input type="checkbox" name="informacio-treballadors" value="1" id="informacio-treballadors" aria-invalid="false" /><span class="wpcf7-list-item-label">Declaro que em comprometo a facilitar la informació relativa al tractament de dades personals de la UB que consta en aquesta pàgina als treballadors i treballadores de l'entitat a la qual represento</span></label></span></span></span>
	</p>
</div>
<p><input class="wpcf7-form-control wpcf7-submit has-spinner" type="submit" value="Envia" />
</p>
<p>(El formulari pot trigar uns segons a confirmar l'enviament. Si us plau, no el reenvieu ni recarregueu la pàgina.)
</p><p style="display: none !important;" class="akismet-fields-container" data-prefix="_wpcf7_ak_"><label>&#916;<textarea name="_wpcf7_ak_hp_textarea" cols="45" rows="8" maxlength="100"></textarea></label><input type="hidden" id="ak_js_1" name="_wpcf7_ak_js" value="94"/><script>
document.getElementById( "ak_js_1" ).setAttribute( "value", ( new Date() ).getTime() );
</script>
</p><div class="wpcf7-response-output" aria-hidden="true"></div>
</form>
</div>
