{"id":55,"date":"2021-06-30T19:49:27","date_gmt":"2021-06-30T19:49:27","guid":{"rendered":"https:\/\/www.ub.edu\/pde\/EllipticPDE\/?page_id=55"},"modified":"2024-11-11T10:16:28","modified_gmt":"2024-11-11T10:16:28","slug":"published","status":"publish","type":"page","link":"https:\/\/www.ub.edu\/pde\/EllipticPDE\/published\/","title":{"rendered":"Articles"},"content":{"rendered":"\n<p>X. Ros-Oton, M. Weidner,&nbsp;<a href=\"https:\/\/arxiv.org\/pdf\/2308.01695.pdf\"><strong>Obstacle problems for nonlocal operators with singular kernels<\/strong><\/a>, <a href=\"https:\/\/journals.sns.it\/index.php\/annaliscienze\/index\" target=\"_blank\" rel=\"noreferrer noopener\"><em>Ann. Sc. Norm. Super. Pisa Cl. Sci.<\/em><\/a>&nbsp;(2024), to appear.<br><br>X. Ros-Oton,&nbsp;C. Torres-Latorre,&nbsp;M. Weidner, <strong><a href=\"https:\/\/arxiv.org\/pdf\/2306.16751\">Semiconvexity estimates for nonlinear integro-differential equations<\/a><\/strong>, <a href=\"http:\/\/onlinelibrary.wiley.com\/journal\/10.1002\/(ISSN)1097-0312\" target=\"_blank\" rel=\"noreferrer noopener\"><em>Comm. Pure Appl. Math.<\/em><\/a>&nbsp;(2024), to appear.<br><br>M. Kassmann, M. Weidner, <strong>The parabolic Harnack inequality for nonlocal equations<\/strong>, <a href=\"https:\/\/arxiv.org\/abs\/2303.05975\" target=\"_blank\" rel=\"noreferrer noopener\"><em>Duke Math. J<\/em><\/a><em>. (2024)&nbsp;<\/em>to appear.<br><br>F. Franceschini, W. Zato\u0144 ,&nbsp;<strong><a href=\"http:\/\/arxiv.org\/pdf\/2102.00923\">C\u221e partial regularity of the singular set in the obstacle problem<\/a><\/strong>, <em>Anal. PDE.<\/em> (2024), to appear. <br><br>C. Torres-Latorre,<strong><a href=\"https:\/\/link.springer.com\/article\/10.1007\/s00205-024-02017-4\"> Parabolic boundary Harnack inequalities with right-hand side<\/a><\/strong>,<em> Archive for Rational Mechanics and Analysis<\/em> 248 (5) (2024), 73<br><br>T. Jin,&nbsp;X. Ros-Oton,&nbsp;J. Xiong, <strong><a href=\"https:\/\/arxiv.org\/pdf\/2211.06124.pdf\">Optimal regularity and fine asymptotics for the porous medium equation in bounded domains<\/a>,<\/strong>&nbsp;&nbsp;<a href=\"https:\/\/www.degruyter.com\/journal\/key\/crll\/html\" target=\"_blank\" rel=\"noreferrer noopener\"><em>J. Reine Angew. Math.<\/em><\/a>&nbsp;809 (2024), 269-300.<br><br>X. Fernandez-Real,&nbsp;X. Ros-Oton, <strong><a href=\"https:\/\/arxiv.org\/pdf\/2308.11383.pdf\">Schauder and Cordes-Nirenberg estimates for nonlocal elliptic equations with singular kernels<\/a><\/strong>,<em> <a href=\"https:\/\/www.lms.ac.uk\/publications\/plms\" target=\"_blank\" rel=\"noreferrer noopener\">Proc. Lond. Math. Soc.<\/a><\/em>&nbsp;129 (2024), e12629, 47pp.<br><br>M. Colombo, X. Fernandez-Real,&nbsp;X. Ros-Oton, <strong><a href=\"https:\/\/arxiv.org\/pdf\/2112.05458.pdf\">Optimal regularity for the fully nonlinear thin obstacle problem<\/a><\/strong>,<em> <a href=\"http:\/\/www.ems-ph.org\/journals\/journal.php?jrn=jems\" target=\"_blank\" rel=\"noreferrer noopener\">J. Eur. Math. Soc.<\/a>, in press&nbsp;(2024)<\/em><\/p>\n\n\n\n<p>X. Ros-Oton,\u00a0C. Torres-Latorre, <strong><a href=\"https:\/\/www.ub.edu\/pde\/xros\/articles\/supercritical-obstacle-pb.pdf\">Optimal regularity for supercritical parabolic obstacle problems<\/a><\/strong>, <em><a href=\"http:\/\/onlinelibrary.wiley.com\/journal\/10.1002\/(ISSN)1097-0312\" target=\"_blank\" rel=\"noreferrer noopener\">Comm. Pure Appl. Math.<\/a>, 77 (2024), 1724-1765<\/em>.<br><br>X Fern\u00e1ndez-Real, C Torres-Latorre, <strong><a href=\"https:\/\/scholar.google.com\/citations?view_op=view_citation&amp;hl=es&amp;user=nJRDJgIAAAAJ&amp;citation_for_view=nJRDJgIAAAAJ:2osOgNQ5qMEC\">Generic regularity of free boundaries for the thin obstacle problem<\/a><\/strong>, <em>Advances in Mathematics<\/em>, Volume 433, (2023),  109323.<\/p>\n\n\n\n<p>A. Figalli,\u00a0X. Ros-Oton,\u00a0J. Serra, <strong><a href=\"https:\/\/arxiv.org\/pdf\/2103.13379.pdf\">The singular set in the Stefan problem<\/a><\/strong>, <em><a href=\"https:\/\/www.ams.org\/publications\/journals\/journalsframework\/jams\" target=\"_blank\" rel=\"noreferrer noopener\">J. Amer. Math. Soc.<\/a>, 37 (2024), 305-389.<\/em><\/p>\n\n\n\n<p>M. Moustapha Fall, X. Ros-Oton, <strong><a href=\"https:\/\/arxiv.org\/pdf\/2106.07593\">Global Schauder theory for minimizers of the H^s(\\Omega) energy<\/a><\/strong>, <em><a rel=\"noreferrer noopener\" href=\"https:\/\/www.journals.elsevier.com\/journal-of-functional-analysis\" target=\"_blank\">J. Funct. Anal.<\/a> 283 (2022), 109523, 50 pp<\/em>.<\/p>\n\n\n\n<p>S. Dipierro, X. Ros-Oton, J. Serra, E. Valdinoci, <strong><a href=\"https:\/\/arxiv.org\/pdf\/2012.04833.pdf\">Non-symmetric stable operators: regularity theory and integration by parts<\/a><\/strong>, <em><a rel=\"noreferrer noopener\" href=\"http:\/\/www.journals.elsevier.com\/advances-in-mathematics\/\" target=\"_blank\">Adv. Math.<\/a>&nbsp; 401 (2022), 108321, 100 pp.<\/em><\/p>\n\n\n\n<p>X. Fernandez-Real, X. Ros-Oton, <a href=\"https:\/\/arxiv.org\/abs\/2009.11626#:~:text=The%20aim%20of%20this%20work,n%5Cgeq3%20is%20completely%20open.\"><strong>Stable cones in the thin one-phase problem<\/strong>,<\/a> <a href=\"https:\/\/muse.jhu.edu\/issue\/47552\" target=\"_blank\" rel=\"noreferrer noopener\"><em>Amer. J. Math<\/em><\/a><em>, 146 (2024), 631-685.<\/em><\/p>\n\n\n\n<p>E. Cinti, F. Glaudo, A. Pratelli, X. Ros-Oton, J. Serra, <strong><a href=\"https:\/\/www.ub.edu\/pde\/xros\/articles\/abp_stability-final.pdf\">Sharp quantitative stability for isoperimetric inequalities with homogeneous weights<\/a><\/strong>, <a rel=\"noreferrer noopener\" href=\"https:\/\/www.ams.org\/publications\/journals\/journalsframework\/tran\" target=\"_blank\"><em>Trans. Amer. Math. Soc.<\/em><\/a><em> 375<\/em> <em>(2022), 1509-1550.<\/em><\/p>\n\n\n\n<p>A. Audrito, J.-C. Felipe-Navarro, X. Ros-Oton, <strong><a href=\"https:\/\/arxiv.org\/abs\/2006.10026\">The Neumann problem for the fractional Laplacian: regularity up to the boundary<\/a><\/strong>, <em><a href=\"https:\/\/journals.sns.it\/index.php\/annaliscienze\/index\">Ann. Sc. Norm. Super. Pisa Cl. Sci<\/a>., 24 (2023), 1155-1222.<\/em><\/p>\n\n\n\n<p>T. Kukuljan, <a rel=\"noreferrer noopener\" href=\"https:\/\/www.aimsciences.org\/article\/doi\/10.3934\/dcds.2021207\" data-type=\"URL\" data-id=\"https:\/\/www.aimsciences.org\/article\/doi\/10.3934\/dcds.2021207\" target=\"_blank\"><strong>Higher order parabolic boundary Harnack inequality<\/strong><\/a>, <em>Disc. Cont. Dyn. Syst. 42 (2022),<\/em> 2667-2698.<\/p>\n\n\n\n<p>X. Ros-Oton,&nbsp;C. Torres-Latorre, <a href=\"https:\/\/arxiv.org\/pdf\/2010.01064.pdf\"><strong>New boundary Harnack inequalities with right hand side,<\/strong><\/a><em> <\/em><a rel=\"noreferrer noopener\" href=\"http:\/\/www.journals.elsevier.com\/journal-of-differential-equations\/\" target=\"_blank\"><em>J. Differential Equations<\/em><\/a>&nbsp;<em>&nbsp;288 (2021), 204-249 pp.<\/em><\/p>\n\n\n\n<p>S. Eberle, X. Ros-Oton, G. Weiss, <strong><a href=\"https:\/\/arxiv.org\/pdf\/2006.12928.pdf\">Characterizing compact coincidence sets in the thin obstacle problem and the obstacle problem for the fractional Laplacian<\/a><\/strong>, <em><a href=\"https:\/\/www.sciencedirect.com\/journal\/nonlinear-analysis\">Nonlinear Anal<\/a>., 211 (2021), 112473.<\/em> Special issue on &#8220;Free boundary problems&#8221;.  <\/p>\n\n\n\n<p>M.A. Garc\u00eda-Ferrero, A. R\u00fcland, W. Zato\u0144, <strong><a href=\"https:\/\/www.aimsciences.org\/article\/doi\/10.3934\/ipi.2021049\">Runge Approximation and Stability Improvement for a Partial Data Calder\u00f3n Problem for the Acoustic Helmholtz Equation<\/a><\/strong>, <em>American Institute of Mathematical Sciences (2022)<\/em><a href=\"https:\/\/www.aimsciences.org\/ipi\/archive\">,\u00a0Volume 16<\/a>,\u00a0<a href=\"https:\/\/www.aimsciences.org\/ipi\/article\/2022\/16\/1\">Issue 1<\/a>:\u00a0251-281<\/p>\n\n\n\n<p>T. Kukuljan, <strong><a href=\"https:\/\/www.sciencedirect.com\/science\/article\/abs\/pii\/S0022123621001968\" data-type=\"URL\" data-id=\"https:\/\/www.sciencedirect.com\/science\/article\/abs\/pii\/S0022123621001968\">The fractional obstacle problem with drift: higher regularity of free boundaries<\/a><\/strong>, <em>Journal of Functional Analysis, Volume 281, Issue 8, (2021)<\/em><\/p>\n\n\n\n<p>A. Enciso, A. Shao, B. Vergara,<a href=\"https:\/\/arxiv.org\/pdf\/1902.00068.pdf\"> <\/a><strong><a href=\"https:\/\/www.ems-ph.org\/journals\/show_abstract.php?issn=1435-9855&amp;vol=23&amp;iss=10&amp;rank=6\" data-type=\"URL\" data-id=\"https:\/\/www.ems-ph.org\/journals\/show_abstract.php?issn=1435-9855&amp;vol=23&amp;iss=10&amp;rank=6\">Carleman estimates with sharp weights and boundary observability for wave operators with critically singular potentials<\/a><\/strong>, <em>J. Eur. Math. Soc., Volume 23, Issue 10 (2021), pp. 37<\/em><\/p>\n\n\n\n<p>E. Cinti, F. Glaudo, A. Pratelli, X. Ros-Oton, J. Serra, <strong><a href=\"https:\/\/arxiv.org\/abs\/2006.13867\">Sharp quantitative stability for isoperimetric inequalities with homogeneous weights<\/a><\/strong>, <em><a href=\"https:\/\/www.journals.elsevier.com\/nonlinear-analysis\">Transaction of the American Mathematical Society <\/a>(2021)<\/em><\/p>\n\n\n\n<p>X. Fernandez-Real, X. Ros-Oton, <strong><a href=\"https:\/\/arxiv.org\/abs\/1912.02438\">Free boundary regularity for almost every solution to the Signorini problem<\/a><\/strong>, <em><a href=\"https:\/\/www.springer.com\/journal\/205\">Archive for Rational Mechanics and Analysis<\/a>, 240 (2021), <em>419-466<\/em><\/em> <em>pp.<\/em><\/p>\n\n\n\n<p>A. Figalli, X. Ros-Oton, J. Serra, <strong><a href=\"https:\/\/link.springer.com\/article\/10.1007\/s10240-020-00119-9\">Generic regularity of free boundaries for the obstacle problem<\/a><\/strong>, <em><a rel=\"noreferrer noopener\" href=\"https:\/\/www.ihes.fr\/en\/library\/les-publications-mathematiques-de-lihes\/\" target=\"_blank\">Publ. Math. Inst. Hautes \u00c9tudes Sci.<\/a> 132 (2020), 181-292<\/em><\/p>\n\n\n\n<p>A. Audrito, X. Ros-Oton, <strong><a href=\"https:\/\/www.ub.edu\/pde\/xros\/articles\/stable-sol-9d-subm.pdf\">The Dirichlet problem for nonlocal elliptic operators with C^\\alpha exterior data<\/a><\/strong>, <em><a rel=\"noreferrer noopener\" href=\"https:\/\/www.ams.org\/publications\/journals\/journalsframework\/aboutproc\" target=\"_blank\">Proc. Amer. Math. Soc.<\/a>, 148 (2020) 4455-4470 pp.<\/em><\/p>\n\n\n\n<p>N. Abatangelo, X.Ros-Oton, <strong><a href=\"https:\/\/www.ub.edu\/pde\/xros\/articles\/Lds-12-2019.pdf\">Obstacle problems for integro-differential operators: higher regularity of free boundaries<\/a><\/strong>, <a href=\"https:\/\/www.journals.elsevier.com\/advances-in-mathematics\"><\/a><em><a rel=\"noreferrer noopener\" href=\"http:\/\/www.journals.elsevier.com\/advances-in-mathematics\/\" target=\"_blank\">Adv. Math.<\/a>&nbsp;360 (2020), 106931, 61 p<\/em>p.<\/p>\n\n\n\n<p>X. Cabr\u00e9, A. Figalli, X. Ros-Oton, J. Serra, <strong><a href=\"https:\/\/www.ub.edu\/pde\/xros\/articles\/stable-sol-9d-subm.pdf\">Stable solutions to semilinear elliptic equations are smooth up to dimension 9<\/a><\/strong>, <em><a rel=\"noreferrer noopener\" href=\"https:\/\/www.intlpress.com\/site\/pub\/pages\/journals\/items\/acta\/_home\/_main\/index.php\" target=\"_blank\">Acta Math.<\/a>&nbsp;224 (2020), 187-252 pp.<\/em><\/p>\n\n\n\n<p>X. Fernandez-Real, X. Ros-Oton, <strong><a href=\"https:\/\/www.ub.edu\/pde\/xros\/articles\/one-phase-semilinear2.pdf\">On global solutions to semilinear elliptic equations related to the one-phase free boundary problem<\/a><\/strong>, <em><a rel=\"noreferrer noopener\" href=\"http:\/\/aimsciences.org\/journals\/home.jsp?journalID=1\" target=\"_blank\">Discrete Contin. Dyn. Syst. A<\/a>&nbsp;39 (2019), 6945-6959.&nbsp;<\/em>Special issue Dedicated to Luis Caffarelli on the Occasion of his 70th Birthday.<\/p>\n\n\n\n<p>N. Garofalo, X. Ros-Oton, <strong><a href=\"https:\/\/www.ub.edu\/pde\/xros\/articles\/Sing-Set-Frac-Lap-2017-Mar31.pdf\">Structure and regularity of the singular set in the obstacle problem for the fractional Laplacian<\/a><\/strong>, <em><a href=\"https:\/\/www.ems-ph.org\/journals\/journal.php?jrn=rmi\"><\/a><a rel=\"noreferrer noopener\" href=\"http:\/\/www.ems-ph.org\/journals\/journal.php?jrn=rmi\" target=\"_blank\">Rev. Mat. Iberoam.<\/a>&nbsp;35 (2019), 1309-1365 pp<\/em>. <\/p>\n\n\n\n<p><\/p>\n","protected":false},"excerpt":{"rendered":"<p>X. Ros-Oton, M. Weidner,&nbsp;Obstacle problems for nonlocal operators with singular kernels, Ann. Sc. Norm. Super. Pisa Cl. Sci.&nbsp;(2024), to appear. X. Ros-Oton,&nbsp;C. Torres-Latorre,&nbsp;M. Weidner, Semiconvexity estimates for nonlinear integro-differential equations, Comm. Pure Appl. Math.&nbsp;(2024), to appear. M. Kassmann, M. Weidner, The parabolic Harnack inequality for nonlocal equations, Duke Math. J. (2024)&nbsp;to appear. F. Franceschini, W. &hellip; <\/p>\n<p class=\"link-more\"><a href=\"https:\/\/www.ub.edu\/pde\/EllipticPDE\/published\/\" class=\"more-link\">Continue reading<span class=\"screen-reader-text\"> &#8220;Articles&#8221;<\/span><\/a><\/p>\n","protected":false},"author":1,"featured_media":0,"parent":0,"menu_order":0,"comment_status":"closed","ping_status":"closed","template":"","meta":{"footnotes":""},"class_list":["post-55","page","type-page","status-publish","hentry"],"_links":{"self":[{"href":"https:\/\/www.ub.edu\/pde\/EllipticPDE\/wp-json\/wp\/v2\/pages\/55","targetHints":{"allow":["GET"]}}],"collection":[{"href":"https:\/\/www.ub.edu\/pde\/EllipticPDE\/wp-json\/wp\/v2\/pages"}],"about":[{"href":"https:\/\/www.ub.edu\/pde\/EllipticPDE\/wp-json\/wp\/v2\/types\/page"}],"author":[{"embeddable":true,"href":"https:\/\/www.ub.edu\/pde\/EllipticPDE\/wp-json\/wp\/v2\/users\/1"}],"replies":[{"embeddable":true,"href":"https:\/\/www.ub.edu\/pde\/EllipticPDE\/wp-json\/wp\/v2\/comments?post=55"}],"version-history":[{"count":39,"href":"https:\/\/www.ub.edu\/pde\/EllipticPDE\/wp-json\/wp\/v2\/pages\/55\/revisions"}],"predecessor-version":[{"id":306,"href":"https:\/\/www.ub.edu\/pde\/EllipticPDE\/wp-json\/wp\/v2\/pages\/55\/revisions\/306"}],"wp:attachment":[{"href":"https:\/\/www.ub.edu\/pde\/EllipticPDE\/wp-json\/wp\/v2\/media?parent=55"}],"curies":[{"name":"wp","href":"https:\/\/api.w.org\/{rel}","templated":true}]}}