{"id":16,"date":"2023-05-02T17:24:32","date_gmt":"2023-05-02T15:24:32","guid":{"rendered":"https:\/\/unadiversidaddesbordada2.wordpress.com\/?page_id=15"},"modified":"2023-06-07T16:00:17","modified_gmt":"2023-06-07T14:00:17","slug":"contacte","status":"publish","type":"page","link":"https:\/\/www.ub.edu\/plurirelig\/contacte\/","title":{"rendered":"Contacto"},"content":{"rendered":"\n<div class=\"wp-block-buttons is-content-justification-center is-layout-flex wp-container-core-buttons-is-layout-a89b3969 wp-block-buttons-is-layout-flex\">\n<div class=\"wp-block-button\"><a class=\"wp-block-button__link wp-element-button\" href=\"https:\/\/www.ub.edu\/plurirelig\/contacte-2\/\">Catal\u00e0<\/a><\/div>\n<\/div>\n\n\n\n<p><strong>Correo electr\u00f3nico:<\/strong> <a href=\"mailto:gr.gremher@ub.edu\">gr.gremher@ub.edu<\/a><\/p>\n\n\n\n<p><strong>Facebook<\/strong>: Gremher-Grup de Recerca en M\u00edstiques i Heterod\u00f2xies Religioses, <a href=\"https:\/\/www.facebook.com\/GREMHER\/\">@GREMHER<\/a><\/p>\n\n\n\n<p><strong>Twitter<\/strong>: GREMHER_UB, <a href=\"https:\/\/twitter.com\/gremherub?lang=ca\">@GremherUB<\/a><\/p>\n\n\n\n<p><strong>Instagram: <\/strong>Gremher UB, <a href=\"https:\/\/www.instagram.com\/gremher\/\">@gremher<\/a> <\/p>\n","protected":false},"excerpt":{"rendered":"<p>Correo electr\u00f3nico: gr.gremher@ub.edu Facebook: Gremher-Grup de Recerca en M\u00edstiques i Heterod\u00f2xies Religioses, @GREMHER Twitter: GREMHER_UB, @GremherUB Instagram: Gremher UB, @gremher<\/p>\n","protected":false},"author":1,"featured_media":0,"parent":0,"menu_order":0,"comment_status":"closed","ping_status":"closed","template":"","meta":{"footnotes":""},"class_list":["post-16","page","type-page","status-publish","hentry","entry"],"_links":{"self":[{"href":"https:\/\/www.ub.edu\/plurirelig\/wp-json\/wp\/v2\/pages\/16","targetHints":{"allow":["GET"]}}],"collection":[{"href":"https:\/\/www.ub.edu\/plurirelig\/wp-json\/wp\/v2\/pages"}],"about":[{"href":"https:\/\/www.ub.edu\/plurirelig\/wp-json\/wp\/v2\/types\/page"}],"author":[{"embeddable":true,"href":"https:\/\/www.ub.edu\/plurirelig\/wp-json\/wp\/v2\/users\/1"}],"replies":[{"embeddable":true,"href":"https:\/\/www.ub.edu\/plurirelig\/wp-json\/wp\/v2\/comments?post=16"}],"version-history":[{"count":1,"href":"https:\/\/www.ub.edu\/plurirelig\/wp-json\/wp\/v2\/pages\/16\/revisions"}],"predecessor-version":[{"id":297,"href":"https:\/\/www.ub.edu\/plurirelig\/wp-json\/wp\/v2\/pages\/16\/revisions\/297"}],"wp:attachment":[{"href":"https:\/\/www.ub.edu\/plurirelig\/wp-json\/wp\/v2\/media?parent=16"}],"curies":[{"name":"wp","href":"https:\/\/api.w.org\/{rel}","templated":true}]}}