{"id":39,"date":"2023-05-02T17:36:25","date_gmt":"2023-05-02T15:36:25","guid":{"rendered":"https:\/\/unadiversidaddesbordada2.wordpress.com\/?page_id=39"},"modified":"2024-01-12T14:19:12","modified_gmt":"2024-01-12T12:19:12","slug":"inicio","status":"publish","type":"page","link":"https:\/\/www.ub.edu\/plurirelig\/","title":{"rendered":""},"content":{"rendered":"\n<div class=\"wp-block-cover alignfull is-light\" style=\"min-height:533px;aspect-ratio:unset;\"><span aria-hidden=\"true\" class=\"wp-block-cover__background has-background-dim-0 has-background-dim\"><\/span><img loading=\"lazy\" decoding=\"async\" width=\"6912\" height=\"2679\" class=\"wp-block-cover__image-background wp-image-73\" alt=\"\" src=\"http:\/\/hweb-x-0-fe-02.fe.cpd.local\/plurirelig\/wp-content\/uploads\/2023\/05\/prova-adaptacio-a-web-1-3905242875-e1683549489365.png\" data-object-fit=\"cover\" srcset=\"https:\/\/www.ub.edu\/plurirelig\/wp-content\/uploads\/2023\/05\/prova-adaptacio-a-web-1-3905242875-e1683549489365.png 6912w, https:\/\/www.ub.edu\/plurirelig\/wp-content\/uploads\/2023\/05\/prova-adaptacio-a-web-1-3905242875-e1683549489365-300x116.png 300w, https:\/\/www.ub.edu\/plurirelig\/wp-content\/uploads\/2023\/05\/prova-adaptacio-a-web-1-3905242875-e1683549489365-1024x397.png 1024w, https:\/\/www.ub.edu\/plurirelig\/wp-content\/uploads\/2023\/05\/prova-adaptacio-a-web-1-3905242875-e1683549489365-768x298.png 768w, https:\/\/www.ub.edu\/plurirelig\/wp-content\/uploads\/2023\/05\/prova-adaptacio-a-web-1-3905242875-e1683549489365-1536x595.png 1536w, https:\/\/www.ub.edu\/plurirelig\/wp-content\/uploads\/2023\/05\/prova-adaptacio-a-web-1-3905242875-e1683549489365-2048x794.png 2048w, https:\/\/www.ub.edu\/plurirelig\/wp-content\/uploads\/2023\/05\/prova-adaptacio-a-web-1-3905242875-e1683549489365-1568x608.png 1568w\" sizes=\"auto, (max-width: 6912px) 100vw, 6912px\" \/><div class=\"wp-block-cover__inner-container is-layout-flow wp-block-cover-is-layout-flow\">\n<p class=\"has-text-align-center has-large-font-size\"><\/p>\n<\/div><\/div>\n\n\n\n<div style=\"height:64px\" aria-hidden=\"true\" class=\"wp-block-spacer\"><\/div>\n\n\n\n<div class=\"wp-block-buttons is-content-justification-center is-layout-flex wp-container-core-buttons-is-layout-a89b3969 wp-block-buttons-is-layout-flex\">\n<div class=\"wp-block-button\"><a class=\"wp-block-button__link wp-element-button\" href=\"https:\/\/www.ub.edu\/plurirelig\/inici\/\">Catal\u00e0<\/a><\/div>\n<\/div>\n\n\n\n<p><\/p>\n\n\n\n<h2 class=\"wp-block-heading\"><strong>Barcelona, 31 de enero, 1 y 2 de febrero de 2024<\/strong><\/h2>\n\n\n\n<p><\/p>\n\n\n\n<h4 class=\"wp-block-heading\"><strong>Sede del simposio<\/strong>: Universitat de Barcelona. Facultat de Geografia i Hist\u00f2ria.  C\/ Montalegre, 6 (Campus Raval). Barcelona<\/h4>\n\n\n\n<h4 class=\"wp-block-heading\"><strong>Modalidad h\u00edbrida<\/strong> (virtual y presencial)<\/h4>\n\n\n\n<p><\/p>\n\n\n\n<p class=\"has-text-align-justify\">El II Simposio sobre M\u00edsticas y Heterodoxias Religiosas \u201cUna diversidad desbordada. Los nuevos retos para la convivencia religiosa en Espa\u00f1a\u201d est\u00e1 organizado por el grupo de investigaci\u00f3n GREMHER y la Universitat de Barcelona, con el soporte de la Facultat de Geografia i Hist\u00f2ria de la UB y de la Fundaci\u00f3n Pluralismo y Convivencia del Ministerio de la Presidencia del Gobierno de Espa\u00f1a.<\/p>\n\n\n\n<p class=\"has-text-align-justify\">El grupo <a href=\"https:\/\/wordpress.com\/view\/gremherub.wordpress.com\">GREMHER<\/a>, Grupo de Investigaci\u00f3n en M\u00edsticas y Heterodoxias Religiosas de la Universitat de Barcelona, enmarcado en GRECS, grupo de investigaci\u00f3n consolidado de la Generalitat de Catalunya&nbsp;(<a href=\"http:\/\/www.ub.edu\/grecs\/\" target=\"_blank\" rel=\"noreferrer noopener\">http:\/\/www.ub.edu\/grecs\/<\/a>), desde 2013 aglutina y convoca personas investigadoras del \u00e1mbito de la Antropolog\u00eda Religiosa, promoviendo la indagaci\u00f3n, la publicaci\u00f3n y la difusi\u00f3n de los estudios relacionados con esta tem\u00e1tica. El evento ser\u00e1 posible con el apoyo<strong>&nbsp;<\/strong>de la Facultat de Geografia i Hist\u00f2ria de la Universitat de Barcelona y de la Fundaci\u00f3n Pluralismo y Convivencia en su convocatoria 2021 de ayudas para la realizaci\u00f3n de actividades dirigidas a promover el conocimiento y el acomodo de la diversidad religiosa en un marco de di\u00e1logo, fomento de la convivencia y lucha contra la intolerancia y el discurso de odio.<\/p>\n\n\n\n<p class=\"has-text-align-justify\">La premisa general sobre la que se asienta este encuentro es la de que resulta imposible entender las din\u00e1micas sociales sin considerar el papel que juegan en ellas las convicciones y las conductas asociadas a lo trascendente. Nuevas y viejas creencias religiosas siguen teniendo impacto social como resultado del desarrollo globalizador, que se manifiesta de forma expl\u00edcita en cada territorio, y son fundamentales para entender la sociedad contempor\u00e1nea.<\/p>\n\n\n\n<p class=\"has-text-align-justify\">Hasta una \u00e9poca reciente, el lugar de lo sagrado en la sociedad se abordaba en t\u00e9rminos de una crisis de la religi\u00f3n que auguraba su decadencia, o incluso su desaparici\u00f3n. Sin embargo, la reaparici\u00f3n del hecho religioso en la realidad mundana y la emergencia de nuevas configuraciones religiosas y de espiritualidad han provocado una revisi\u00f3n de este planteamiento. La secularizaci\u00f3n es, ahora, un proceso complejo que pone de relieve la transformaci\u00f3n de lo religioso en una \u00e9poca de creciente incertidumbre debida al fracaso de las grandes promesas de la modernidad, y del racionalismo y el progreso cada vez m\u00e1s reconocidos como quimeras.<\/p>\n\n\n\n<p class=\"has-text-align-justify\">En este contexto, que se ha venido llamando postsecular, todo tipo de corrientes religiosas -algunas de ellas renunciando a esta etiqueta y mostr\u00e1ndose en tanto que espirituales\u2013 han irrumpido, dislocando lo que el proyecto de laicizaci\u00f3n hab\u00eda previsto como separaci\u00f3n entre la esfera religiosa y la esfera secular. Llegamos a contemplar, incluso, como esa disoluci\u00f3n actual de lo religioso en lo social ha implicado su infiltraci\u00f3n en ideolog\u00edas y movimientos supuestamente ajenos a toda religiosidad.<\/p>\n\n\n\n<div class=\"wp-block-button is-style-default\"><a class=\"wp-block-button__link wp-element-button\" href=\"https:\/\/www.ub.edu\/plurirelig\/presentacion\/\">Ver presentaci\u00f3n<\/a><\/div>\n\n\n\n<p><\/p>\n\n\n\n<div class=\"wp-block-buttons is-content-justification-center is-layout-flex wp-container-core-buttons-is-layout-a89b3969 wp-block-buttons-is-layout-flex\">\n<div class=\"wp-block-button is-style-outline is-style-outline--1\"><a class=\"wp-block-button__link wp-element-button\" href=\"https:\/\/www.ub.edu\/plurirelig\/wp-content\/uploads\/2023\/06\/I-Circular-II-Simposio-CASTELLANO-2.pdf\">I Circular (Espa\u00f1ol)<\/a><\/div>\n\n\n\n<div class=\"wp-block-button is-style-outline is-style-outline--2\"><a class=\"wp-block-button__link wp-element-button\" href=\"https:\/\/www.ub.edu\/plurirelig\/wp-content\/uploads\/2023\/06\/I-Circular-II-Simposi-CATALA.pdf\">I Circular (Catal\u00e0)<\/a><\/div>\n\n\n\n<div class=\"wp-block-button is-style-outline is-style-outline--3\"><a class=\"wp-block-button__link wp-element-button\" href=\"https:\/\/www.ub.edu\/plurirelig\/wp-content\/uploads\/2023\/06\/I-Circular-II-Simposi-ENGLISH.pdf\">I Circular (English)<\/a><\/div>\n<\/div>\n\n\n\n<div class=\"wp-block-buttons is-content-justification-center is-layout-flex wp-container-core-buttons-is-layout-a89b3969 wp-block-buttons-is-layout-flex\">\n<div class=\"wp-block-button is-style-outline is-style-outline--4\"><a class=\"wp-block-button__link wp-element-button\" href=\"https:\/\/www.ub.edu\/plurirelig\/wp-content\/uploads\/2023\/07\/II-Circular-II-Simposio-CASTELLANO.pdf\">II Circular (Espa\u00f1ol)<\/a><\/div>\n\n\n\n<div class=\"wp-block-button is-style-outline is-style-outline--5\"><a class=\"wp-block-button__link wp-element-button\" href=\"https:\/\/www.ub.edu\/plurirelig\/wp-content\/uploads\/2023\/07\/II-Circular-II-Simposi-CATALA.pdf\">II Circular (Catal\u00e0)<\/a><\/div>\n\n\n\n<div class=\"wp-block-button is-style-outline is-style-outline--6\"><a class=\"wp-block-button__link wp-element-button\" href=\"https:\/\/www.ub.edu\/plurirelig\/wp-content\/uploads\/2023\/07\/II-Circular-II-Symposium-ENGLISH.pdf\">II Circular (English)<\/a><\/div>\n<\/div>\n\n\n\n<div class=\"wp-block-buttons is-content-justification-center is-layout-flex wp-container-core-buttons-is-layout-a89b3969 wp-block-buttons-is-layout-flex\">\n<div class=\"wp-block-button is-style-outline is-style-outline--7\"><a class=\"wp-block-button__link wp-element-button\" href=\"https:\/\/www.ub.edu\/plurirelig\/wp-content\/uploads\/2023\/12\/III-Circular-CASTELLANO.pdf\">III Circular (Espa\u00f1ol)<\/a><\/div>\n\n\n\n<div class=\"wp-block-button is-style-outline is-style-outline--8\"><a class=\"wp-block-button__link wp-element-button\" href=\"https:\/\/www.ub.edu\/plurirelig\/wp-content\/uploads\/2023\/12\/III-Circular-CATALA.pdf\">III Circular (Catal\u00e0)<\/a><\/div>\n\n\n\n<div class=\"wp-block-button is-style-outline is-style-outline--9\"><a class=\"wp-block-button__link wp-element-button\" href=\"https:\/\/www.ub.edu\/plurirelig\/wp-content\/uploads\/2023\/12\/III-Circular-ENGLISH.pdf\">III Circular (English)<\/a><\/div>\n<\/div>\n\n\n\n<p><\/p>\n\n\n\n<div class=\"wp-block-buttons is-content-justification-center is-layout-flex wp-container-core-buttons-is-layout-a89b3969 wp-block-buttons-is-layout-flex\">\n<div class=\"wp-block-button\"><a class=\"wp-block-button__link wp-element-button\" href=\"https:\/\/www.ub.edu\/plurirelig\/wp-content\/uploads\/2024\/01\/Programa-II-Simposi-GREMHER.pdf\">Programa<\/a><\/div>\n<\/div>\n\n\n\n<hr class=\"wp-block-separator has-css-opacity is-style-wide\"\/>\n\n\n\n<p class=\"has-text-align-left\">Organizado por:<\/p>\n\n\n\n<div class=\"wp-block-columns is-layout-flex wp-container-core-columns-is-layout-28f84493 wp-block-columns-is-layout-flex\">\n<div class=\"wp-block-column is-vertically-aligned-stretch is-layout-flow wp-block-column-is-layout-flow\">\n<figure class=\"wp-block-image alignwide size-large\"><img decoding=\"async\" src=\"https:\/\/www.ub.edu\/plurirelig\/wp-content\/uploads\/2023\/05\/logo-gremher.jpg?w=750\" alt=\"\"\/><\/figure>\n<\/div>\n\n\n\n<div class=\"wp-block-column is-layout-flow wp-block-column-is-layout-flow\"><div class=\"wp-block-image\">\n<figure class=\"alignleft size-large is-resized\"><img loading=\"lazy\" decoding=\"async\" width=\"317\" height=\"1024\" src=\"https:\/\/www.ub.edu\/plurirelig\/wp-content\/uploads\/2024\/01\/Man-3-317x1024.jpg\" alt=\"\" class=\"wp-image-957\" style=\"width:22px;height:auto\" srcset=\"https:\/\/www.ub.edu\/plurirelig\/wp-content\/uploads\/2024\/01\/Man-3-317x1024.jpg 317w, https:\/\/www.ub.edu\/plurirelig\/wp-content\/uploads\/2024\/01\/Man-3-93x300.jpg 93w\" sizes=\"auto, (max-width: 317px) 100vw, 317px\" \/><\/figure>\n<\/div><\/div>\n\n\n\n<div class=\"wp-block-column is-layout-flow wp-block-column-is-layout-flow\"><div class=\"wp-block-image\">\n<figure class=\"aligncenter size-large\"><img decoding=\"async\" src=\"https:\/\/www.ub.edu\/plurirelig\/wp-content\/uploads\/2023\/05\/logo-grecs.png?w=236\" alt=\"\"\/><\/figure>\n<\/div><\/div>\n<\/div>\n\n\n\n<div class=\"wp-block-columns is-layout-flex wp-container-core-columns-is-layout-28f84493 wp-block-columns-is-layout-flex\">\n<div class=\"wp-block-column is-vertically-aligned-center is-layout-flow wp-block-column-is-layout-flow\">\n<figure class=\"wp-block-image size-full is-resized\"><img loading=\"lazy\" decoding=\"async\" width=\"1181\" height=\"626\" src=\"https:\/\/www.ub.edu\/plurirelig\/wp-content\/uploads\/2024\/01\/enunciado-superior-horizontal-1.jpg\" alt=\"\" class=\"wp-image-948\" style=\"width:261px;height:auto\" srcset=\"https:\/\/www.ub.edu\/plurirelig\/wp-content\/uploads\/2024\/01\/enunciado-superior-horizontal-1.jpg 1181w, https:\/\/www.ub.edu\/plurirelig\/wp-content\/uploads\/2024\/01\/enunciado-superior-horizontal-1-300x159.jpg 300w, https:\/\/www.ub.edu\/plurirelig\/wp-content\/uploads\/2024\/01\/enunciado-superior-horizontal-1-1024x543.jpg 1024w, https:\/\/www.ub.edu\/plurirelig\/wp-content\/uploads\/2024\/01\/enunciado-superior-horizontal-1-768x407.jpg 768w\" sizes=\"auto, (max-width: 1181px) 100vw, 1181px\" \/><\/figure>\n<\/div>\n\n\n\n<div class=\"wp-block-column is-vertically-aligned-center is-layout-flow wp-block-column-is-layout-flow\"><div class=\"wp-block-image\">\n<figure class=\"alignright size-full is-resized\"><img loading=\"lazy\" decoding=\"async\" width=\"898\" height=\"425\" src=\"https:\/\/www.ub.edu\/plurirelig\/wp-content\/uploads\/2024\/01\/Geografia_1tinta-01-1.png\" alt=\"\" class=\"wp-image-950\" style=\"width:215px;height:auto\" srcset=\"https:\/\/www.ub.edu\/plurirelig\/wp-content\/uploads\/2024\/01\/Geografia_1tinta-01-1.png 898w, https:\/\/www.ub.edu\/plurirelig\/wp-content\/uploads\/2024\/01\/Geografia_1tinta-01-1-300x142.png 300w, https:\/\/www.ub.edu\/plurirelig\/wp-content\/uploads\/2024\/01\/Geografia_1tinta-01-1-768x363.png 768w\" sizes=\"auto, (max-width: 898px) 100vw, 898px\" \/><\/figure>\n<\/div><\/div>\n\n\n\n<div class=\"wp-block-column is-vertically-aligned-center is-layout-flow wp-block-column-is-layout-flow\"><div class=\"wp-block-image\">\n<figure class=\"alignleft size-full is-resized\"><img loading=\"lazy\" decoding=\"async\" width=\"773\" height=\"375\" src=\"https:\/\/www.ub.edu\/plurirelig\/wp-content\/uploads\/2024\/01\/image004.png\" alt=\"\" class=\"wp-image-1002\" style=\"width:244px;height:auto\" srcset=\"https:\/\/www.ub.edu\/plurirelig\/wp-content\/uploads\/2024\/01\/image004.png 773w, https:\/\/www.ub.edu\/plurirelig\/wp-content\/uploads\/2024\/01\/image004-300x146.png 300w, https:\/\/www.ub.edu\/plurirelig\/wp-content\/uploads\/2024\/01\/image004-768x373.png 768w\" sizes=\"auto, (max-width: 773px) 100vw, 773px\" \/><\/figure>\n<\/div><\/div>\n<\/div>\n\n\n\n<p class=\"has-text-align-left\">Con la colaboraci\u00f3n de:<\/p>\n\n\n\n<div class=\"wp-block-columns is-layout-flex wp-container-core-columns-is-layout-28f84493 wp-block-columns-is-layout-flex\">\n<div class=\"wp-block-column is-vertically-aligned-center is-layout-flow wp-block-column-is-layout-flow\"><div class=\"wp-block-image\">\n<figure class=\"aligncenter size-large is-resized\"><img loading=\"lazy\" decoding=\"async\" width=\"1017\" height=\"1024\" src=\"https:\/\/www.ub.edu\/plurirelig\/wp-content\/uploads\/2023\/09\/logo-ICA-negro-fondo-transparente-1017x1024.jpg\" alt=\"\" class=\"wp-image-574\" style=\"aspect-ratio:1.2252747252747254;width:139px;height:auto\" srcset=\"https:\/\/www.ub.edu\/plurirelig\/wp-content\/uploads\/2023\/09\/logo-ICA-negro-fondo-transparente-1017x1024.jpg 1017w, https:\/\/www.ub.edu\/plurirelig\/wp-content\/uploads\/2023\/09\/logo-ICA-negro-fondo-transparente-298x300.jpg 298w, https:\/\/www.ub.edu\/plurirelig\/wp-content\/uploads\/2023\/09\/logo-ICA-negro-fondo-transparente-150x150.jpg 150w, https:\/\/www.ub.edu\/plurirelig\/wp-content\/uploads\/2023\/09\/logo-ICA-negro-fondo-transparente-768x773.jpg 768w, https:\/\/www.ub.edu\/plurirelig\/wp-content\/uploads\/2023\/09\/logo-ICA-negro-fondo-transparente-1526x1536.jpg 1526w, https:\/\/www.ub.edu\/plurirelig\/wp-content\/uploads\/2023\/09\/logo-ICA-negro-fondo-transparente-2035x2048.jpg 2035w, https:\/\/www.ub.edu\/plurirelig\/wp-content\/uploads\/2023\/09\/logo-ICA-negro-fondo-transparente-1568x1578.jpg 1568w\" sizes=\"auto, (max-width: 1017px) 100vw, 1017px\" \/><\/figure>\n<\/div><\/div>\n\n\n\n<div class=\"wp-block-column is-vertically-aligned-center is-layout-flow wp-block-column-is-layout-flow\"><div class=\"wp-block-image\">\n<figure class=\"alignleft size-full is-resized\"><img loading=\"lazy\" decoding=\"async\" width=\"294\" height=\"128\" src=\"https:\/\/www.ub.edu\/plurirelig\/wp-content\/uploads\/2023\/09\/logo-GIRRPO-1.jpg\" alt=\"\" class=\"wp-image-572\" style=\"aspect-ratio:7.918367346938775;width:545px;height:auto\"\/><\/figure>\n<\/div><\/div>\n<\/div>\n","protected":false},"excerpt":{"rendered":"<p>Barcelona, 31 de enero, 1 y 2 de febrero de 2024 Sede del simposio: Universitat de Barcelona. Facultat de Geografia i Hist\u00f2ria. C\/ Montalegre, 6 (Campus Raval). Barcelona Modalidad h\u00edbrida (virtual y presencial) El II Simposio sobre M\u00edsticas y Heterodoxias Religiosas \u201cUna diversidad desbordada. Los nuevos retos para la convivencia religiosa en Espa\u00f1a\u201d est\u00e1 organizado<a class=\"more-link\" href=\"https:\/\/www.ub.edu\/plurirelig\/\">Continue reading <\/a><\/p>\n","protected":false},"author":1,"featured_media":0,"parent":0,"menu_order":0,"comment_status":"closed","ping_status":"closed","template":"","meta":{"footnotes":""},"class_list":["post-39","page","type-page","status-publish","hentry","entry"],"_links":{"self":[{"href":"https:\/\/www.ub.edu\/plurirelig\/wp-json\/wp\/v2\/pages\/39","targetHints":{"allow":["GET"]}}],"collection":[{"href":"https:\/\/www.ub.edu\/plurirelig\/wp-json\/wp\/v2\/pages"}],"about":[{"href":"https:\/\/www.ub.edu\/plurirelig\/wp-json\/wp\/v2\/types\/page"}],"author":[{"embeddable":true,"href":"https:\/\/www.ub.edu\/plurirelig\/wp-json\/wp\/v2\/users\/1"}],"replies":[{"embeddable":true,"href":"https:\/\/www.ub.edu\/plurirelig\/wp-json\/wp\/v2\/comments?post=39"}],"version-history":[{"count":24,"href":"https:\/\/www.ub.edu\/plurirelig\/wp-json\/wp\/v2\/pages\/39\/revisions"}],"predecessor-version":[{"id":1011,"href":"https:\/\/www.ub.edu\/plurirelig\/wp-json\/wp\/v2\/pages\/39\/revisions\/1011"}],"wp:attachment":[{"href":"https:\/\/www.ub.edu\/plurirelig\/wp-json\/wp\/v2\/media?parent=39"}],"curies":[{"name":"wp","href":"https:\/\/api.w.org\/{rel}","templated":true}]}}