{"id":2027,"date":"2022-01-19T08:00:13","date_gmt":"2022-01-19T08:00:13","guid":{"rendered":"https:\/\/www.ub.edu\/private-pensions\/?page_id=2027"},"modified":"2022-02-15T11:50:13","modified_gmt":"2022-02-15T11:50:13","slug":"como-nos-ven","status":"publish","type":"page","link":"https:\/\/www.ub.edu\/private-pensions\/observatorio\/como-nos-ven\/","title":{"rendered":"C\u00f3mo nos ven"},"content":{"rendered":"<div class=\"fusion-fullwidth fullwidth-box fusion-builder-row-1 imagenes-iguales nonhundred-percent-fullwidth non-hundred-percent-height-scrolling\"  style='background-color: rgba(255,255,255,0);background-position: center center;background-repeat: no-repeat;padding-top:0px;padding-right:0px;padding-bottom:0px;padding-left:0px;margin-top: 40px;'><div class=\"fusion-builder-row fusion-row \"><div  class=\"fusion-layout-column fusion_builder_column fusion_builder_column_1_1 fusion-builder-column-0 fusion-one-full fusion-column-first fusion-column-last 1_1\"  style='margin-top:0px;margin-bottom:20px;'><div class=\"fusion-column-wrapper\" style=\"padding: 0px 0px 0px 0px;background-position:left top;background-repeat:no-repeat;-webkit-background-size:cover;-moz-background-size:cover;-o-background-size:cover;background-size:cover;\"   data-bg-url=\"\"><div class=\"fusion-blog-shortcode fusion-blog-shortcode-1 fusion-blog-archive fusion-blog-layout-grid-wrapper fusion-blog-no\"><style type=\"text\/css\">.fusion-blog-shortcode-1 .fusion-blog-layout-grid .fusion-post-grid{padding:30px;}.fusion-blog-shortcode-1 .fusion-posts-container{margin-left: -30px !important; margin-right:-30px !important;}<\/style><div class=\"fusion-posts-container fusion-posts-container-no fusion-no-meta-info fusion-blog-layout-grid fusion-blog-layout-grid-3 isotope fusion-blog-equal-heights\" data-pages=\"0\" data-grid-col-space=\"60\" style=\"margin: -30px -30px 0;min-height:500px;\"><article id=\"blog-1-post-2034\" class=\"fusion-post-grid post-2034 post type-post status-publish format-quote has-post-thumbnail hentry category-como-nos-ven post_format-post-format-quote\">\n<div class=\"fusion-post-wrapper\" style=\"background-color:rgba(255,255,255,0);border:1px solid #f2f3f5;border-bottom-width:3px;\">\n\n\t\t\t<div class=\"fusion-flexslider flexslider fusion-flexslider-loading fusion-post-slideshow\" style=\"border-color:#f2f3f5;\">\n\t\t<ul class=\"slides\">\n\t\t\t\n\t\t\t\t\t\t\t\t\t\t\t\t\t\t<li>\n\n<div  class=\"fusion-image-wrapper\" aria-haspopup=\"true\">\n\t\n\t\n\t\t<a href=\"https:\/\/www.ub.edu\/private-pensions\/2022\/01\/19\/carlos-a-quero\/\" aria-label=\"Carlos A. Quero\">\n\t\t\t\n\t\t\t\t\t<img loading=\"lazy\" decoding=\"async\" width=\"2062\" height=\"2560\" src=\"https:\/\/www.ub.edu\/private-pensions\/wp-content\/uploads\/2021\/06\/carlos-quero-scaled.jpg\" class=\"attachment-full size-full wp-post-image\" alt=\"\" srcset=\"https:\/\/www.ub.edu\/private-pensions\/wp-content\/uploads\/2021\/06\/carlos-quero-200x248.jpg 200w, https:\/\/www.ub.edu\/private-pensions\/wp-content\/uploads\/2021\/06\/carlos-quero-400x497.jpg 400w, https:\/\/www.ub.edu\/private-pensions\/wp-content\/uploads\/2021\/06\/carlos-quero-600x745.jpg 600w, https:\/\/www.ub.edu\/private-pensions\/wp-content\/uploads\/2021\/06\/carlos-quero-800x993.jpg 800w, https:\/\/www.ub.edu\/private-pensions\/wp-content\/uploads\/2021\/06\/carlos-quero-1200x1490.jpg 1200w, https:\/\/www.ub.edu\/private-pensions\/wp-content\/uploads\/2021\/06\/carlos-quero-scaled.jpg 2062w\" sizes=\"auto, (min-width: 2200px) 100vw, (min-width: 784px) 360px, (min-width: 712px) 540px, (min-width: 640px) 712px, \" \/>\n\t\n\n\t\t<\/a>\n\n\t\n<\/div>\n<\/li>\n\t\t\t\n\t\t\t\n\t\t\t\t\t\t\t\t\t\t\t\t\t\t\t\t\t\t\t\t\t\t\t\t\t\t\t\t\t\t\t\t\t\t\t\t\t\t\t\t\t\t\t\t\t\t\t\t\t\t\t\t\t\t\t\t\t\t\t\t\t\t\t\t\t\t\t\t<\/ul>\n\t<\/div>\n\t<div class=\"fusion-post-content-wrapper\" style=\"padding:30px 25px 25px 25px;\"><div class=\"fusion-post-content post-content\"><h2 class=\"blog-shortcode-post-title entry-title\">Carlos A. Quero<\/h2><div class=\"fusion-post-content-container\"><h6>VidaCaixa | Director de \u00c1rea de Clientes de la Direcci\u00f3n de Empresas<\/h6>\n<p>\u00abEn un momento de grandes cambios en Europa en los Pilares II y III, como pa\u00eds debemos aprovechar ese viento de cola para impulsar la previsi\u00f3n social en su m\u00e1s amplia acepci\u00f3n y permitir que los trabajadores y ciudadanos en general puedan disfrutar de un nivel de vida adecuado en las \u00faltimas etapas de sus vidas\u00bb<\/p>\n<\/div><\/div><\/div><div class=\"fusion-clearfix\"><\/div><\/div>\n<\/article>\n<article id=\"blog-1-post-2037\" class=\"fusion-post-grid post-2037 post type-post status-publish format-quote has-post-thumbnail hentry category-como-nos-ven post_format-post-format-quote\">\n<div class=\"fusion-post-wrapper\" style=\"background-color:rgba(255,255,255,0);border:1px solid #f2f3f5;border-bottom-width:3px;\">\n\n\t\t\t<div class=\"fusion-flexslider flexslider fusion-flexslider-loading fusion-post-slideshow\" style=\"border-color:#f2f3f5;\">\n\t\t<ul class=\"slides\">\n\t\t\t\n\t\t\t\t\t\t\t\t\t\t\t\t\t\t<li>\n\n<div  class=\"fusion-image-wrapper\" aria-haspopup=\"true\">\n\t\n\t\n\t\t<a href=\"https:\/\/www.ub.edu\/private-pensions\/2022\/01\/19\/esther-pichardo\/\" aria-label=\"Esther Pichardo\">\n\t\t\t\n\t\t\t\t\t<img loading=\"lazy\" decoding=\"async\" width=\"400\" height=\"467\" src=\"https:\/\/www.ub.edu\/private-pensions\/wp-content\/uploads\/2021\/07\/epichardo.jpg\" class=\"attachment-full size-full wp-post-image\" alt=\"\" srcset=\"https:\/\/www.ub.edu\/private-pensions\/wp-content\/uploads\/2021\/07\/epichardo-200x234.jpg 200w, https:\/\/www.ub.edu\/private-pensions\/wp-content\/uploads\/2021\/07\/epichardo.jpg 400w\" sizes=\"auto, (min-width: 2200px) 100vw, (min-width: 784px) 360px, (min-width: 712px) 540px, (min-width: 640px) 712px, \" \/>\n\t\n\n\t\t<\/a>\n\n\t\n<\/div>\n<\/li>\n\t\t\t\n\t\t\t\n\t\t\t\t\t\t\t\t\t\t\t\t\t\t\t\t\t\t\t\t\t\t\t\t\t\t\t\t\t\t\t\t\t\t\t\t\t\t\t\t\t\t\t\t\t\t\t\t\t\t\t\t\t\t\t\t\t\t\t\t\t\t\t\t\t\t\t\t<\/ul>\n\t<\/div>\n\t<div class=\"fusion-post-content-wrapper\" style=\"padding:30px 25px 25px 25px;\"><div class=\"fusion-post-content post-content\"><h2 class=\"blog-shortcode-post-title entry-title\">Esther Pichardo<\/h2><div class=\"fusion-post-content-container\"><h6>Directora de Ahorro y Pensiones de BanSabadell Vida y Pensiones<\/h6>\n<p>\u00abEl Observatorio nos permite divulgar y concienciar sobre la necesidad de previsi\u00f3n social complementaria, entre todos los representantes sociales, para poder contribuir al bienestar futuro de la sociedad. Queremos conseguir la colaboraci\u00f3n e implicaci\u00f3n de todos los actores necesarios (la sociedad, el Estado y el tejido empresarial) para que el ahorro para la jubilaci\u00f3n sea una realidad\u00bb<\/p>\n<\/div><\/div><\/div><div class=\"fusion-clearfix\"><\/div><\/div>\n<\/article>\n<article id=\"blog-1-post-2041\" class=\"fusion-post-grid post-2041 post type-post status-publish format-quote has-post-thumbnail hentry category-como-nos-ven post_format-post-format-quote\">\n<div class=\"fusion-post-wrapper\" style=\"background-color:rgba(255,255,255,0);border:1px solid #f2f3f5;border-bottom-width:3px;\">\n\n\t\t\t<div class=\"fusion-flexslider flexslider fusion-flexslider-loading fusion-post-slideshow\" style=\"border-color:#f2f3f5;\">\n\t\t<ul class=\"slides\">\n\t\t\t\n\t\t\t\t\t\t\t\t\t\t\t\t\t\t<li>\n\n<div  class=\"fusion-image-wrapper\" aria-haspopup=\"true\">\n\t\n\t\n\t\t<a href=\"https:\/\/www.ub.edu\/private-pensions\/2022\/01\/19\/francesc-santasusana-i-riera\/\" aria-label=\"Francesc Santasusana i Riera\">\n\t\t\t\n\t\t\t\t\t<img loading=\"lazy\" decoding=\"async\" width=\"400\" height=\"400\" src=\"https:\/\/www.ub.edu\/private-pensions\/wp-content\/uploads\/2021\/09\/santasusana.jpg\" class=\"attachment-full size-full wp-post-image\" alt=\"\" srcset=\"https:\/\/www.ub.edu\/private-pensions\/wp-content\/uploads\/2021\/09\/santasusana-200x200.jpg 200w, https:\/\/www.ub.edu\/private-pensions\/wp-content\/uploads\/2021\/09\/santasusana.jpg 400w\" sizes=\"auto, (min-width: 2200px) 100vw, (min-width: 784px) 360px, (min-width: 712px) 540px, (min-width: 640px) 712px, \" \/>\n\t\n\n\t\t<\/a>\n\n\t\n<\/div>\n<\/li>\n\t\t\t\n\t\t\t\n\t\t\t\t\t\t\t\t\t\t\t\t\t\t\t\t\t\t\t\t\t\t\t\t\t\t\t\t\t\t\t\t\t\t\t\t\t\t\t\t\t\t\t\t\t\t\t\t\t\t\t\t\t\t\t\t\t\t\t\t\t\t\t\t\t\t\t\t<\/ul>\n\t<\/div>\n\t<div class=\"fusion-post-content-wrapper\" style=\"padding:30px 25px 25px 25px;\"><div class=\"fusion-post-content post-content\"><h2 class=\"blog-shortcode-post-title entry-title\">Francesc Santasusana i Riera<\/h2><div class=\"fusion-post-content-container\"><h6>Presidente del Col\u00b7legi de Mediadors d\u2019Assegurances de Barcelona<\/h6>\n<p>\u00abEl bienestar de los pensionistas es uno de los mayores desaf\u00edos que tenemos como sociedad y considero imprescindible que los profesionales que estamos implicados en esta cuesti\u00f3n contribuyamos a su investigaci\u00f3n y divulgaci\u00f3n a trav\u00e9s de iniciativas como el Observatorio\u00bb<\/p>\n<\/div><\/div><\/div><div class=\"fusion-clearfix\"><\/div><\/div>\n<\/article>\n<article id=\"blog-1-post-3508\" class=\"fusion-post-grid post-3508 post type-post status-publish format-quote has-post-thumbnail hentry category-como-nos-ven post_format-post-format-quote\">\n<div class=\"fusion-post-wrapper\" style=\"background-color:rgba(255,255,255,0);border:1px solid #f2f3f5;border-bottom-width:3px;\">\n\n\t\t\t<div class=\"fusion-flexslider flexslider fusion-flexslider-loading fusion-post-slideshow\" style=\"border-color:#f2f3f5;\">\n\t\t<ul class=\"slides\">\n\t\t\t\n\t\t\t\t\t\t\t\t\t\t\t\t\t\t<li>\n\n<div  class=\"fusion-image-wrapper\" aria-haspopup=\"true\">\n\t\n\t\n\t\t<a href=\"https:\/\/www.ub.edu\/private-pensions\/2022\/04\/25\/javier-fernandez-pueyo\/\" aria-label=\"Javier Fern\u00e1ndez Pueyo\">\n\t\t\t\n\t\t\t\t\t<img loading=\"lazy\" decoding=\"async\" width=\"1024\" height=\"952\" src=\"https:\/\/www.ub.edu\/private-pensions\/wp-content\/uploads\/2022\/04\/fpueyo.jpg\" class=\"attachment-full size-full wp-post-image\" alt=\"\" srcset=\"https:\/\/www.ub.edu\/private-pensions\/wp-content\/uploads\/2022\/04\/fpueyo-200x186.jpg 200w, https:\/\/www.ub.edu\/private-pensions\/wp-content\/uploads\/2022\/04\/fpueyo-400x372.jpg 400w, https:\/\/www.ub.edu\/private-pensions\/wp-content\/uploads\/2022\/04\/fpueyo-600x558.jpg 600w, https:\/\/www.ub.edu\/private-pensions\/wp-content\/uploads\/2022\/04\/fpueyo-800x744.jpg 800w, https:\/\/www.ub.edu\/private-pensions\/wp-content\/uploads\/2022\/04\/fpueyo.jpg 1024w\" sizes=\"auto, (min-width: 2200px) 100vw, (min-width: 784px) 360px, (min-width: 712px) 540px, (min-width: 640px) 712px, \" \/>\n\t\n\n\t\t<\/a>\n\n\t\n<\/div>\n<\/li>\n\t\t\t\n\t\t\t\n\t\t\t\t\t\t\t\t\t\t\t\t\t\t\t\t\t\t\t\t\t\t\t\t\t\t\t\t\t\t\t\t\t\t\t\t\t\t\t\t\t\t\t\t\t\t\t\t\t\t\t\t\t\t\t\t\t\t\t\t\t\t\t\t\t\t\t\t<\/ul>\n\t<\/div>\n\t<div class=\"fusion-post-content-wrapper\" style=\"padding:30px 25px 25px 25px;\"><div class=\"fusion-post-content post-content\"><h2 class=\"blog-shortcode-post-title entry-title\">Javier Fern\u00e1ndez Pueyo<\/h2><div class=\"fusion-post-content-container\"><h6>Director de Catalu\u00f1a y Baleares Wealth &amp; Health Solutions de Aon<\/h6>\n<p>\u00abEn Aon concebimos el bienestar financiero como uno de los pilares fundamentales para alcanzar el bienestar en las organizaciones, es por ello que damos asesoramiento a las empresas para que ayuden a sus empleados a tener control de sus finanzas y a prepararse para solventar con tranquilidad cualquier imprevisto que pueda surgir por el camino. Es un placer para nosotros colaborar con el Observatorio para reforzar nuestra propuesta de valor entorno a la previsi\u00f3n social complementaria.\u00bb<\/p>\n<\/div><\/div><\/div><div class=\"fusion-clearfix\"><\/div><\/div>\n<\/article>\n<article id=\"blog-1-post-3397\" class=\"fusion-post-grid post-3397 post type-post status-publish format-quote has-post-thumbnail hentry category-como-nos-ven post_format-post-format-quote\">\n<div class=\"fusion-post-wrapper\" style=\"background-color:rgba(255,255,255,0);border:1px solid #f2f3f5;border-bottom-width:3px;\">\n\n\t\t\t<div class=\"fusion-flexslider flexslider fusion-flexslider-loading fusion-post-slideshow\" style=\"border-color:#f2f3f5;\">\n\t\t<ul class=\"slides\">\n\t\t\t\n\t\t\t\t\t\t\t\t\t\t\t\t\t\t<li>\n\n<div  class=\"fusion-image-wrapper\" aria-haspopup=\"true\">\n\t\n\t\n\t\t<a href=\"https:\/\/www.ub.edu\/private-pensions\/2022\/03\/21\/joan-castells\/\" aria-label=\"Joan Castells\">\n\t\t\t\n\t\t\t\t\t<img loading=\"lazy\" decoding=\"async\" width=\"1603\" height=\"1777\" src=\"https:\/\/www.ub.edu\/private-pensions\/wp-content\/uploads\/2022\/03\/joan_castells.jpg\" class=\"attachment-full size-full wp-post-image\" alt=\"\" srcset=\"https:\/\/www.ub.edu\/private-pensions\/wp-content\/uploads\/2022\/03\/joan_castells-200x222.jpg 200w, https:\/\/www.ub.edu\/private-pensions\/wp-content\/uploads\/2022\/03\/joan_castells-400x443.jpg 400w, https:\/\/www.ub.edu\/private-pensions\/wp-content\/uploads\/2022\/03\/joan_castells-600x665.jpg 600w, https:\/\/www.ub.edu\/private-pensions\/wp-content\/uploads\/2022\/03\/joan_castells-800x887.jpg 800w, https:\/\/www.ub.edu\/private-pensions\/wp-content\/uploads\/2022\/03\/joan_castells-1200x1330.jpg 1200w, https:\/\/www.ub.edu\/private-pensions\/wp-content\/uploads\/2022\/03\/joan_castells.jpg 1603w\" sizes=\"auto, (min-width: 2200px) 100vw, (min-width: 784px) 360px, (min-width: 712px) 540px, (min-width: 640px) 712px, \" \/>\n\t\n\n\t\t<\/a>\n\n\t\n<\/div>\n<\/li>\n\t\t\t\n\t\t\t\n\t\t\t\t\t\t\t\t\t\t\t\t\t\t\t\t\t\t\t\t\t\t\t\t\t\t\t\t\t\t\t\t\t\t\t\t\t\t\t\t\t\t\t\t\t\t\t\t\t\t\t\t\t\t\t\t\t\t\t\t\t\t\t\t\t\t\t\t<\/ul>\n\t<\/div>\n\t<div class=\"fusion-post-content-wrapper\" style=\"padding:30px 25px 25px 25px;\"><div class=\"fusion-post-content post-content\"><h2 class=\"blog-shortcode-post-title entry-title\">Joan Castells<\/h2><div class=\"fusion-post-content-container\"><h6>Presidente Ejecutivo de FIATC SEGUROS<\/h6>\n<p>\u00abEs importante que se inicie una profunda reflexi\u00f3n en nuestro pa\u00eds sobre el papel de la previsi\u00f3n social complementaria, tomando en consideraci\u00f3n la experiencia de otros pa\u00edses de la UE, y el Observatorio es un buen instrumento para ello\u00bb<\/p>\n<\/div><\/div><\/div><div class=\"fusion-clearfix\"><\/div><\/div>\n<\/article>\n<article id=\"blog-1-post-2025\" class=\"fusion-post-grid post-2025 post type-post status-publish format-quote has-post-thumbnail hentry category-como-nos-ven post_format-post-format-quote\">\n<div class=\"fusion-post-wrapper\" style=\"background-color:rgba(255,255,255,0);border:1px solid #f2f3f5;border-bottom-width:3px;\">\n\n\t\t\t<div class=\"fusion-flexslider flexslider fusion-flexslider-loading fusion-post-slideshow\" style=\"border-color:#f2f3f5;\">\n\t\t<ul class=\"slides\">\n\t\t\t\n\t\t\t\t\t\t\t\t\t\t\t\t\t\t<li>\n\n<div  class=\"fusion-image-wrapper\" aria-haspopup=\"true\">\n\t\n\t\n\t\t<a href=\"https:\/\/www.ub.edu\/private-pensions\/2022\/01\/19\/juan-closa\/\" aria-label=\"Juan Closa\">\n\t\t\t\n\t\t\t\t\t<img loading=\"lazy\" decoding=\"async\" width=\"377\" height=\"320\" src=\"https:\/\/www.ub.edu\/private-pensions\/wp-content\/uploads\/2021\/05\/juan-closa.jpg\" class=\"attachment-full size-full wp-post-image\" alt=\"\" srcset=\"https:\/\/www.ub.edu\/private-pensions\/wp-content\/uploads\/2021\/05\/juan-closa-200x170.jpg 200w, https:\/\/www.ub.edu\/private-pensions\/wp-content\/uploads\/2021\/05\/juan-closa.jpg 377w\" sizes=\"auto, (min-width: 2200px) 100vw, (min-width: 784px) 360px, (min-width: 712px) 540px, (min-width: 640px) 712px, \" \/>\n\t\n\n\t\t<\/a>\n\n\t\n<\/div>\n<\/li>\n\t\t\t\n\t\t\t\n\t\t\t\t\t\t\t\t\t\t\t\t\t\t\t\t\t\t\t\t\t\t\t\t\t\t\t\t\t\t\t\t\t\t\t\t\t\t\t\t\t\t\t\t\t\t\t\t\t\t\t\t\t\t\t\t\t\t\t\t\t\t\t\t\t\t\t\t<\/ul>\n\t<\/div>\n\t<div class=\"fusion-post-content-wrapper\" style=\"padding:30px 25px 25px 25px;\"><div class=\"fusion-post-content post-content\"><h2 class=\"blog-shortcode-post-title entry-title\">Juan Closa<\/h2><div class=\"fusion-post-content-container\"><h6>Director general del negocio tradicional del Grupo Catalana Occidente.<\/h6>\n<p>\u00abEl sector asegurador debe afrontar los retos que la longevidad plantea a la sociedad en relaci\u00f3n con las pensiones, la dependencia y la salud de las personas\u00bb<\/p>\n<\/div><\/div><\/div><div class=\"fusion-clearfix\"><\/div><\/div>\n<\/article>\n<article id=\"blog-1-post-2031\" class=\"fusion-post-grid post-2031 post type-post status-publish format-quote has-post-thumbnail hentry category-como-nos-ven post_format-post-format-quote\">\n<div class=\"fusion-post-wrapper\" style=\"background-color:rgba(255,255,255,0);border:1px solid #f2f3f5;border-bottom-width:3px;\">\n\n\t\t\t<div class=\"fusion-flexslider flexslider fusion-flexslider-loading fusion-post-slideshow\" style=\"border-color:#f2f3f5;\">\n\t\t<ul class=\"slides\">\n\t\t\t\n\t\t\t\t\t\t\t\t\t\t\t\t\t\t<li>\n\n<div  class=\"fusion-image-wrapper\" aria-haspopup=\"true\">\n\t\n\t\n\t\t<a href=\"https:\/\/www.ub.edu\/private-pensions\/2022\/01\/19\/mariano-jimenez-lasheras\/\" aria-label=\"Mariano Jim\u00e9nez Lasheras\">\n\t\t\t\n\t\t\t\t\t<img loading=\"lazy\" decoding=\"async\" width=\"698\" height=\"569\" src=\"https:\/\/www.ub.edu\/private-pensions\/wp-content\/uploads\/2021\/05\/Mariano-Jim\u00e9nez.jpg\" class=\"attachment-full size-full wp-post-image\" alt=\"\" srcset=\"https:\/\/www.ub.edu\/private-pensions\/wp-content\/uploads\/2021\/05\/Mariano-Jim\u00e9nez-200x163.jpg 200w, https:\/\/www.ub.edu\/private-pensions\/wp-content\/uploads\/2021\/05\/Mariano-Jim\u00e9nez-400x326.jpg 400w, https:\/\/www.ub.edu\/private-pensions\/wp-content\/uploads\/2021\/05\/Mariano-Jim\u00e9nez-600x489.jpg 600w, https:\/\/www.ub.edu\/private-pensions\/wp-content\/uploads\/2021\/05\/Mariano-Jim\u00e9nez.jpg 698w\" sizes=\"auto, (min-width: 2200px) 100vw, (min-width: 784px) 360px, (min-width: 712px) 540px, (min-width: 640px) 712px, \" \/>\n\t\n\n\t\t<\/a>\n\n\t\n<\/div>\n<\/li>\n\t\t\t\n\t\t\t\n\t\t\t\t\t\t\t\t\t\t\t\t\t\t\t\t\t\t\t\t\t\t\t\t\t\t\t\t\t\t\t\t\t\t\t\t\t\t\t\t\t\t\t\t\t\t\t\t\t\t\t\t\t\t\t\t\t\t\t\t\t\t\t\t\t\t\t\t<\/ul>\n\t<\/div>\n\t<div class=\"fusion-post-content-wrapper\" style=\"padding:30px 25px 25px 25px;\"><div class=\"fusion-post-content post-content\"><h2 class=\"blog-shortcode-post-title entry-title\">Mariano Jim\u00e9nez Lasheras<\/h2><div class=\"fusion-post-content-container\"><h6>Director general de Consultora de Pensiones y Previsi\u00f3n Social, Sociedad de Asesores, S.L.<\/h6>\n<p>\u00abLa previsi\u00f3n social complementaria, especialmente la empresarial, debe jugar un papel relevante en la configuraci\u00f3n de nuestro sistema de pensiones, en l\u00ednea con los sistemas del resto de pa\u00edses avanzados\u00bb<\/p>\n<\/div><\/div><\/div><div class=\"fusion-clearfix\"><\/div><\/div>\n<\/article>\n<div class=\"fusion-clearfix\"><\/div><\/div><\/div><div class=\"fusion-clearfix\"><\/div><\/div><\/div><\/div><\/div><style type=\"text\/css\">.fusion-fullwidth.fusion-builder-row-1 a:not(.fusion-button):not(.fusion-builder-module-control):not(.fusion-social-network-icon):not(.fb-icon-element):not(.fusion-countdown-link):not(.fusion-rollover-link):not(.fusion-rollover-gallery):not(.fusion-button-bar):not(.add_to_cart_button):not(.show_details_button):not(.product_type_external):not(.fusion-quick-view):not(.fusion-rollover-title-link):not(.fusion-breadcrumb-link) , .fusion-fullwidth.fusion-builder-row-1 a:not(.fusion-button):not(.fusion-builder-module-control):not(.fusion-social-network-icon):not(.fb-icon-element):not(.fusion-countdown-link):not(.fusion-rollover-link):not(.fusion-rollover-gallery):not(.fusion-button-bar):not(.add_to_cart_button):not(.show_details_button):not(.product_type_external):not(.fusion-quick-view):not(.fusion-rollover-title-link):not(.fusion-breadcrumb-link):before, .fusion-fullwidth.fusion-builder-row-1 a:not(.fusion-button):not(.fusion-builder-module-control):not(.fusion-social-network-icon):not(.fb-icon-element):not(.fusion-countdown-link):not(.fusion-rollover-link):not(.fusion-rollover-gallery):not(.fusion-button-bar):not(.add_to_cart_button):not(.show_details_button):not(.product_type_external):not(.fusion-quick-view):not(.fusion-rollover-title-link):not(.fusion-breadcrumb-link):after {color: #ff9800;}.fusion-fullwidth.fusion-builder-row-1 a:not(.fusion-button):not(.fusion-builder-module-control):not(.fusion-social-network-icon):not(.fb-icon-element):not(.fusion-countdown-link):not(.fusion-rollover-link):not(.fusion-rollover-gallery):not(.fusion-button-bar):not(.add_to_cart_button):not(.show_details_button):not(.product_type_external):not(.fusion-quick-view):not(.fusion-rollover-title-link):not(.fusion-breadcrumb-link):hover, .fusion-fullwidth.fusion-builder-row-1 a:not(.fusion-button):not(.fusion-builder-module-control):not(.fusion-social-network-icon):not(.fb-icon-element):not(.fusion-countdown-link):not(.fusion-rollover-link):not(.fusion-rollover-gallery):not(.fusion-button-bar):not(.add_to_cart_button):not(.show_details_button):not(.product_type_external):not(.fusion-quick-view):not(.fusion-rollover-title-link):not(.fusion-breadcrumb-link):hover:before, .fusion-fullwidth.fusion-builder-row-1 a:not(.fusion-button):not(.fusion-builder-module-control):not(.fusion-social-network-icon):not(.fb-icon-element):not(.fusion-countdown-link):not(.fusion-rollover-link):not(.fusion-rollover-gallery):not(.fusion-button-bar):not(.add_to_cart_button):not(.show_details_button):not(.product_type_external):not(.fusion-quick-view):not(.fusion-rollover-title-link):not(.fusion-breadcrumb-link):hover:after {color: #607d8b;}.fusion-fullwidth.fusion-builder-row-1 .pagination a.inactive:hover, .fusion-fullwidth.fusion-builder-row-1 .fusion-filters .fusion-filter.fusion-active a {border-color: #607d8b;}.fusion-fullwidth.fusion-builder-row-1 .pagination .current {border-color: #607d8b; background-color: #607d8b;}.fusion-fullwidth.fusion-builder-row-1 .fusion-filters .fusion-filter.fusion-active a, .fusion-fullwidth.fusion-builder-row-1 .fusion-date-and-formats .fusion-format-box, .fusion-fullwidth.fusion-builder-row-1 .fusion-popover, .fusion-fullwidth.fusion-builder-row-1 .tooltip-shortcode {color: #607d8b;}#main .fusion-fullwidth.fusion-builder-row-1 .post .blog-shortcode-post-title a:hover {color: #607d8b;}<\/style>\n","protected":false},"excerpt":{"rendered":"","protected":false},"author":1,"featured_media":0,"parent":2116,"menu_order":0,"comment_status":"closed","ping_status":"closed","template":"100-width.php","meta":{"footnotes":"","_links_to":"","_links_to_target":""},"class_list":["post-2027","page","type-page","status-publish","hentry"],"_links":{"self":[{"href":"https:\/\/www.ub.edu\/private-pensions\/wp-json\/wp\/v2\/pages\/2027","targetHints":{"allow":["GET"]}}],"collection":[{"href":"https:\/\/www.ub.edu\/private-pensions\/wp-json\/wp\/v2\/pages"}],"about":[{"href":"https:\/\/www.ub.edu\/private-pensions\/wp-json\/wp\/v2\/types\/page"}],"author":[{"embeddable":true,"href":"https:\/\/www.ub.edu\/private-pensions\/wp-json\/wp\/v2\/users\/1"}],"replies":[{"embeddable":true,"href":"https:\/\/www.ub.edu\/private-pensions\/wp-json\/wp\/v2\/comments?post=2027"}],"version-history":[{"count":15,"href":"https:\/\/www.ub.edu\/private-pensions\/wp-json\/wp\/v2\/pages\/2027\/revisions"}],"predecessor-version":[{"id":6297,"href":"https:\/\/www.ub.edu\/private-pensions\/wp-json\/wp\/v2\/pages\/2027\/revisions\/6297"}],"up":[{"embeddable":true,"href":"https:\/\/www.ub.edu\/private-pensions\/wp-json\/wp\/v2\/pages\/2116"}],"wp:attachment":[{"href":"https:\/\/www.ub.edu\/private-pensions\/wp-json\/wp\/v2\/media?parent=2027"}],"curies":[{"name":"wp","href":"https:\/\/api.w.org\/{rel}","templated":true}]}}