{"id":628,"date":"2025-06-25T21:29:02","date_gmt":"2025-06-25T19:29:02","guid":{"rendered":"https:\/\/www.ub.edu\/rcits\/?page_id=628"},"modified":"2026-01-12T17:46:33","modified_gmt":"2026-01-12T16:46:33","slug":"paula-abella","status":"publish","type":"page","link":"https:\/\/www.ub.edu\/rcits\/membres\/paula-abella\/","title":{"rendered":"Paula Abella"},"content":{"rendered":"\n<div class=\"wp-block-media-text is-stacked-on-mobile\" style=\"grid-template-columns:20% auto\"><figure class=\"wp-block-media-text__media\"><img loading=\"lazy\" decoding=\"async\" width=\"683\" height=\"1024\" src=\"https:\/\/www.ub.edu\/rcits\/wp-content\/uploads\/2025\/06\/WhatsApp-Image-2025-06-25-at-09.11.19-1-683x1024.jpeg\" alt=\"\" class=\"wp-image-629 size-full\" srcset=\"https:\/\/www.ub.edu\/rcits\/wp-content\/uploads\/2025\/06\/WhatsApp-Image-2025-06-25-at-09.11.19-1-683x1024.jpeg 683w, https:\/\/www.ub.edu\/rcits\/wp-content\/uploads\/2025\/06\/WhatsApp-Image-2025-06-25-at-09.11.19-1-200x300.jpeg 200w, https:\/\/www.ub.edu\/rcits\/wp-content\/uploads\/2025\/06\/WhatsApp-Image-2025-06-25-at-09.11.19-1-768x1152.jpeg 768w, https:\/\/www.ub.edu\/rcits\/wp-content\/uploads\/2025\/06\/WhatsApp-Image-2025-06-25-at-09.11.19-1-1024x1536.jpeg 1024w, https:\/\/www.ub.edu\/rcits\/wp-content\/uploads\/2025\/06\/WhatsApp-Image-2025-06-25-at-09.11.19-1.jpeg 1093w\" sizes=\"auto, (max-width: 683px) 100vw, 683px\" \/><\/figure><div class=\"wp-block-media-text__content\">\n<p class=\"has-medium-font-size\">Paula\u00a0Abella\u00a0\u00e9s graduada en Treball Social per la Universitat de Barcelona, t\u00e9 un m\u00e0ster en Prevenci\u00f3 i Tractament de la Viol\u00e8ncia Familiar (Inf\u00e0ncia, parella i gent gran) i actualment est\u00e0 cursant en el M\u00e0ster Universitari de Treball Social Sanitari (MUTSS). Ha participat en recerques sobre dones sense llar i actualment col\u00b7labora en el projecte nacional espanyol de\u00a0IDT\u00a0Solucions basades en l&#8217;evid\u00e8ncia per a la superaci\u00f3 dels efectes de\u00a0COVID\u00a019 en la comunitat gitana, Roma\u00a0women\u00a0leading\u00a0communities&#8217;\u00a0transformation\u00a0(ROM21). Col\u00b7labora amb el grup de Recerca Cient\u00edfica Interdisciplin\u00e0ria en Treball Social (RCI-TS)\u00a0de la Universitat de Barcelona i \u00e9s membre de l&#8217;Associaci\u00f3 Catalana de Recerca en Treball Social (ACRTS). Els seus interessos de recerca s\u00f3n el Treball Social, les dones sense llar i el poble gitano. \u00c9s coautora del llibre \u00abDones sense llar a la ciutat de Barcelona\u00bb publicat per\u00a0Celebre\u00a0Editorial.<\/p>\n\n\n\n<div class=\"wp-block-media-text is-stacked-on-mobile\" style=\"grid-template-columns:15% auto\"><figure class=\"wp-block-media-text__media\"><img loading=\"lazy\" decoding=\"async\" width=\"300\" height=\"300\" src=\"https:\/\/www.ub.edu\/rcits\/wp-content\/uploads\/2025\/06\/image.png\" alt=\"\" class=\"wp-image-594 size-full\" srcset=\"https:\/\/www.ub.edu\/rcits\/wp-content\/uploads\/2025\/06\/image.png 300w, https:\/\/www.ub.edu\/rcits\/wp-content\/uploads\/2025\/06\/image-150x150.png 150w\" sizes=\"auto, (max-width: 300px) 100vw, 300px\" \/><\/figure><div class=\"wp-block-media-text__content\">\n<p class=\"has-medium-font-size\"><a href=\"https:\/\/orcid.org\/0009-0002-4608-0635\">https:\/\/orcid.org\/0009-0002-4608-0635<\/a><\/p>\n<\/div><\/div>\n<\/div><\/div>\n\n\n\n<p><\/p>\n","protected":false},"excerpt":{"rendered":"","protected":false},"author":1,"featured_media":0,"parent":17,"menu_order":0,"comment_status":"closed","ping_status":"closed","template":"","meta":{"site-sidebar-layout":"default","site-content-layout":"default","ast-global-header-display":"","ast-banner-title-visibility":"","ast-main-header-display":"","ast-hfb-above-header-display":"","ast-hfb-below-header-display":"","ast-hfb-mobile-header-display":"","site-post-title":"","ast-breadcrumbs-content":"","ast-featured-img":"","footer-sml-layout":"","theme-transparent-header-meta":"","adv-header-id-meta":"","stick-header-meta":"","header-above-stick-meta":"","header-main-stick-meta":"","header-below-stick-meta":"","footnotes":""},"class_list":["post-628","page","type-page","status-publish","hentry"],"_links":{"self":[{"href":"https:\/\/www.ub.edu\/rcits\/wp-json\/wp\/v2\/pages\/628","targetHints":{"allow":["GET"]}}],"collection":[{"href":"https:\/\/www.ub.edu\/rcits\/wp-json\/wp\/v2\/pages"}],"about":[{"href":"https:\/\/www.ub.edu\/rcits\/wp-json\/wp\/v2\/types\/page"}],"author":[{"embeddable":true,"href":"https:\/\/www.ub.edu\/rcits\/wp-json\/wp\/v2\/users\/1"}],"replies":[{"embeddable":true,"href":"https:\/\/www.ub.edu\/rcits\/wp-json\/wp\/v2\/comments?post=628"}],"version-history":[{"count":2,"href":"https:\/\/www.ub.edu\/rcits\/wp-json\/wp\/v2\/pages\/628\/revisions"}],"predecessor-version":[{"id":631,"href":"https:\/\/www.ub.edu\/rcits\/wp-json\/wp\/v2\/pages\/628\/revisions\/631"}],"up":[{"embeddable":true,"href":"https:\/\/www.ub.edu\/rcits\/wp-json\/wp\/v2\/pages\/17"}],"wp:attachment":[{"href":"https:\/\/www.ub.edu\/rcits\/wp-json\/wp\/v2\/media?parent=628"}],"curies":[{"name":"wp","href":"https:\/\/api.w.org\/{rel}","templated":true}]}}