{"id":4619,"date":"2023-03-04T14:02:00","date_gmt":"2023-03-04T13:02:00","guid":{"rendered":"http:\/\/www.ub.edu\/risknat\/?page_id=4619"},"modified":"2023-07-27T01:33:21","modified_gmt":"2023-07-26T23:33:21","slug":"terratremols-i-tectonica-activa","status":"publish","type":"page","link":"https:\/\/www.ub.edu\/risknat\/terratremols-i-tectonica-activa\/","title":{"rendered":"Terratr\u00e8mols i Tect\u00f2nica activa"},"content":{"rendered":"<p><div class=\"fusion-fullwidth fullwidth-box fusion-builder-row-1 nonhundred-percent-fullwidth non-hundred-percent-height-scrolling\" style=\"--awb-background-position:left top;--awb-border-sizes-top:0px;--awb-border-sizes-bottom:0px;--awb-border-sizes-left:0px;--awb-border-sizes-right:0px;--awb-border-radius-top-left:0px;--awb-border-radius-top-right:0px;--awb-border-radius-bottom-right:0px;--awb-border-radius-bottom-left:0px;--awb-padding-top:90px;--awb-padding-bottom:50px;\" ><div class=\"fusion-builder-row fusion-row\"><div class=\"fusion-layout-column fusion_builder_column fusion-builder-column-0 fusion_builder_column_1_6 1_6 fusion-one-sixth fusion-column-first fusion-no-small-visibility\" style=\"--awb-bg-blend:overlay;--awb-bg-size:cover;width:13.3333%; margin-right: 4%;\"><div class=\"fusion-column-wrapper fusion-flex-column-wrapper-legacy\"><div class=\"fusion-clearfix\"><\/div><\/div><\/div><div class=\"fusion-layout-column fusion_builder_column fusion-builder-column-1 fusion_builder_column_2_3 2_3 fusion-two-third\" style=\"--awb-bg-blend:overlay;--awb-bg-size:cover;--awb-margin-bottom:30px;width:65.3333%; margin-right: 4%;\"><div class=\"fusion-column-wrapper fusion-flex-column-wrapper-legacy\"><div class=\"fusion-text fusion-text-1\"><p>Els terratr\u00e8mols es troben entre els esdeveniments geodin\u00e0mics m\u00e9s destructius. \u00c9s possible prevenir p\u00e8rdues personals i econ\u00f2miques enormes si s&#8217;apliquen pol\u00edtiques adequades per a la prevenci\u00f3 del risc s\u00edsmic. Per\u00f2 per a fer-ho efectiu, cal un bon coneixement sobre terratr\u00e8mols del passat (paleoterratr\u00e8mols) i sobre la sismicitat actual en una regi\u00f3 determinada.<\/p>\n<p>Centrem la nostra recerca en:<\/p>\n<\/p>\n<ol>\n<li>detectar i caracteritzar falles actives productores de terratr\u00e8mols en el passat (paleosismologia), que s\u00f3n les fonts potencials de terratr\u00e8mols futurs ;<\/li>\n<li>explorar l&#8217;impacte de tenir en compte les caracter\u00edstiques de les falles actives (resultants dels estudis paleos\u00edsmics) en les an\u00e0lisis de perillositat (SHA).<\/li>\n<\/ol>\n<p>La Serralada B\u00e8tica Oriental (EBSZ) ha constitu\u00eft la nostra principal \u00e0rea d&#8217;estudi <\/p>\n<div class='yrm-content yrm-content-2 yrm-content-hide  ' id='yrm-HWKOZ' data-id='2' data-show-status='false' data-after-action='' style=\"visibility: hidden;height: 0;\">\n\t\t\t<div id='yrm-inner-content-yrm-HWKOZ' class='yrm-inner-content-wrapper yrm-cntent-2'>durant les dues \u00faltimes d\u00e8cades. Des del 2017, juntament amb els Apenins centrals, aquesta zona es considera un laboratori europeu d&#8217;estudis de geologia dels terratr\u00e8mols dins del consorci Fault2SHA. Tamb\u00e9 treballem en regions amb velocitats de deformaci\u00f3 encara m\u00e9s lentes, tals com la Serralada Costera Catalana, i tamb\u00e9 estem iniciant una etapa de recerca de fonts s\u00edsmiques als Pirineus. Malgrat que aquestes \u00e0rees s\u00f3n altament vulnerables i han experimentat terratr\u00e8mols hist\u00f2rics destructius (alguns dels quals van arribar a MSK Int= IX), la seva perillositat s\u00edsmica est\u00e0, encara, pobrament acotada.<\/div>\n\t\t<\/div><div class='yrm-btn-wrapper yrm-btn-wrapper-2 yrm-more-button-wrapper  '\n\t\tdata-custom-more-class-name='' data-custom-less-class-name=''><span title='' data-less-title='' data-more-title='' class='yrm-toggle-expand  yrm-toggle-expand-2 ' data-rel='yrm-HWKOZ' data-more='m\u00e9s text' data-less='menys text'><span class='yrm-text-wrapper yrm-text-wrapper-custom-dimensions'><span class=\"yrm-button-text-2 yrm-button-text-span\">m\u00e9s text<\/span><\/span><\/span><\/div>\n<\/div><div class=\"fusion-clearfix\"><\/div><\/div><\/div><div class=\"fusion-layout-column fusion_builder_column fusion-builder-column-2 fusion_builder_column_1_6 1_6 fusion-one-sixth fusion-column-last fusion-no-small-visibility\" style=\"--awb-bg-blend:overlay;--awb-bg-size:cover;width:13.3333%;\"><div class=\"fusion-column-wrapper fusion-flex-column-wrapper-legacy\"><div class=\"fusion-sep-clear\"><\/div><div class=\"fusion-separator fusion-full-width-sep\" style=\"margin-left: auto;margin-right: auto;margin-top:20px;width:100%;\"><\/div><div class=\"fusion-sep-clear\"><\/div><div class=\"fusion-clearfix\"><\/div><\/div><\/div><\/div><\/div><div class=\"fusion-fullwidth fullwidth-box fusion-builder-row-2 fusion-flex-container has-pattern-background has-mask-background nonhundred-percent-fullwidth non-hundred-percent-height-scrolling\" style=\"--awb-border-radius-top-left:0px;--awb-border-radius-top-right:0px;--awb-border-radius-bottom-right:0px;--awb-border-radius-bottom-left:0px;\" ><div class=\"fusion-builder-row fusion-row fusion-flex-align-items-flex-start\" style=\"max-width:calc( 1100px + 0px );margin-left: calc(-0px \/ 2 );margin-right: calc(-0px \/ 2 );\"><div class=\"fusion-layout-column fusion_builder_column fusion-builder-column-3 fusion_builder_column_1_2 1_2 fusion-flex-column fusion-column-inner-bg-wrapper\" style=\"--awb-padding-top:18%;--awb-padding-right:0%;--awb-padding-bottom:18%;--awb-padding-left:0%;--awb-inner-bg-image:url(&#039;https:\/\/www.ub.edu\/risknat\/wp-content\/uploads\/2019\/10\/Trinxera-paleosismologica-Falla-Carboneras_-Localitat-Tostana_campanya-projecte-PREVENT-2018_02_EMasana.jpg&#039;);--awb-inner-bg-blend:overlay;--awb-inner-bg-size:cover;--awb-width-large:50%;--awb-margin-top-large:0%;--awb-spacing-right-large:0px;--awb-margin-bottom-large:0%;--awb-spacing-left-large:0px;--awb-width-medium:100%;--awb-spacing-right-medium:0px;--awb-spacing-left-medium:0px;--awb-width-small:100%;--awb-spacing-right-small:0px;--awb-spacing-left-small:0px;\"><span class=\"fusion-column-inner-bg hover-type-zoomin\"><a class=\"fusion-column-anchor\" href=\"https:\/\/www.ub.edu\/risknat\/paleosismologia\/\"><span class=\"fusion-column-inner-bg-image\"><\/span><\/a><\/span><div class=\"fusion-column-wrapper fusion-flex-justify-content-flex-start fusion-content-layout-column\" data-bg-url=\"https:\/\/www.ub.edu\/risknat\/wp-content\/uploads\/2019\/10\/Trinxera-paleosismologica-Falla-Carboneras_-Localitat-Tostana_campanya-projecte-PREVENT-2018_02_EMasana.jpg\"><div class=\"fusion-separator fusion-full-width-sep\" style=\"align-self: center;margin-left: auto;margin-right: auto;margin-top:170px;width:100%;\"><\/div><div class=\"fusion-text fusion-text-2\"><h3 style=\"text-align: center;\"><span style=\"color: #ffffff;\"><br \/>\nPaleosismologia<\/span><\/h3>\n<\/div><div class=\"fusion-separator\" style=\"align-self: center;margin-left: auto;margin-right: auto;margin-bottom:30px;width:100%;max-width:60px;\"><div class=\"fusion-separator-border sep-single sep-solid\" style=\"--awb-height:20px;--awb-amount:20px;--awb-sep-color:#fe6200;border-color:#fe6200;border-top-width:1px;\"><\/div><\/div><div class=\"fusion-text fusion-text-3\"><p style=\"text-align: center;\"><a href=\"#\"><span style=\"color: #ffffff;\">Veure&#8217;n m\u00e9s<\/span><\/a><\/p>\n<\/div><div class=\"fusion-separator fusion-full-width-sep\" style=\"align-self: center;margin-left: auto;margin-right: auto;margin-top:170px;width:100%;\"><\/div><\/div><\/div><div class=\"fusion-layout-column fusion_builder_column fusion-builder-column-4 fusion_builder_column_1_2 1_2 fusion-flex-column fusion-column-inner-bg-wrapper\" style=\"--awb-padding-top:18%;--awb-padding-right:0%;--awb-padding-bottom:5%;--awb-padding-left:0%;--awb-inner-bg-image:url(&#039;https:\/\/www.ub.edu\/risknat\/wp-content\/uploads\/2023\/02\/FonsBlau.jpg&#039;);--awb-inner-bg-blend:overlay;--awb-inner-bg-size:cover;--awb-width-large:50%;--awb-margin-top-large:0%;--awb-spacing-right-large:0px;--awb-margin-bottom-large:0%;--awb-spacing-left-large:0px;--awb-width-medium:100%;--awb-spacing-right-medium:0px;--awb-spacing-left-medium:0px;--awb-width-small:100%;--awb-spacing-right-small:0px;--awb-spacing-left-small:0px;\"><span class=\"fusion-column-inner-bg hover-type-zoomin\"><a class=\"fusion-column-anchor\" href=\"https:\/\/www.ub.edu\/risknat\/analisi-de-perillositat-sismica-sha\/\"><span class=\"fusion-column-inner-bg-image\"><\/span><\/a><\/span><div class=\"fusion-column-wrapper fusion-flex-justify-content-flex-start fusion-content-layout-column\" data-bg-url=\"https:\/\/www.ub.edu\/risknat\/wp-content\/uploads\/2023\/02\/FonsBlau.jpg\"><div class=\"fusion-separator fusion-full-width-sep\" style=\"align-self: center;margin-left: auto;margin-right: auto;margin-top:170px;width:100%;\"><\/div><div class=\"fusion-text fusion-text-4\"><h3 style=\"text-align: center;\"><span style=\"color: #ffffff;\">An\u00e0lisi de<br \/>\nperillositat s\u00edsmica (SHA)<br \/>\namb incorporaci\u00f3<br \/>\nde dades paleos\u00edsmiques<\/span><\/h3>\n<\/div><div class=\"fusion-separator\" style=\"align-self: center;margin-left: auto;margin-right: auto;margin-bottom:30px;width:100%;max-width:60px;\"><div class=\"fusion-separator-border sep-single sep-solid\" style=\"--awb-height:20px;--awb-amount:20px;--awb-sep-color:#fe6200;border-color:#fe6200;border-top-width:1px;\"><\/div><\/div><div class=\"fusion-text fusion-text-5\"><p style=\"text-align: center;\"><a href=\"#\"><span style=\"color: #ffffff;\">Veure&#8217;n m\u00e9s<\/span><\/a><\/p>\n<\/div><div class=\"fusion-separator fusion-full-width-sep\" style=\"align-self: center;margin-left: auto;margin-right: auto;margin-top:170px;width:100%;\"><\/div><\/div><\/div><\/div><\/div><\/p>\n","protected":false},"excerpt":{"rendered":"","protected":false},"author":4,"featured_media":0,"parent":0,"menu_order":0,"comment_status":"closed","ping_status":"closed","template":"100-width.php","meta":{"footnotes":""},"class_list":["post-4619","page","type-page","status-publish","hentry"],"_links":{"self":[{"href":"https:\/\/www.ub.edu\/risknat\/wp-json\/wp\/v2\/pages\/4619","targetHints":{"allow":["GET"]}}],"collection":[{"href":"https:\/\/www.ub.edu\/risknat\/wp-json\/wp\/v2\/pages"}],"about":[{"href":"https:\/\/www.ub.edu\/risknat\/wp-json\/wp\/v2\/types\/page"}],"author":[{"embeddable":true,"href":"https:\/\/www.ub.edu\/risknat\/wp-json\/wp\/v2\/users\/4"}],"replies":[{"embeddable":true,"href":"https:\/\/www.ub.edu\/risknat\/wp-json\/wp\/v2\/comments?post=4619"}],"version-history":[{"count":13,"href":"https:\/\/www.ub.edu\/risknat\/wp-json\/wp\/v2\/pages\/4619\/revisions"}],"predecessor-version":[{"id":5363,"href":"https:\/\/www.ub.edu\/risknat\/wp-json\/wp\/v2\/pages\/4619\/revisions\/5363"}],"wp:attachment":[{"href":"https:\/\/www.ub.edu\/risknat\/wp-json\/wp\/v2\/media?parent=4619"}],"curies":[{"name":"wp","href":"https:\/\/api.w.org\/{rel}","templated":true}]}}