{"id":4835,"date":"2023-03-06T01:43:51","date_gmt":"2023-03-06T00:43:51","guid":{"rendered":"http:\/\/www.ub.edu\/risknat\/procesos-generadores-de-tsunamis\/"},"modified":"2023-07-31T11:42:15","modified_gmt":"2023-07-31T09:42:15","slug":"procesos-generadores-de-tsunamis","status":"publish","type":"page","link":"https:\/\/www.ub.edu\/risknat\/procesos-generadores-de-tsunamis\/?lang=es","title":{"rendered":"Procesos generadores de tsunamis"},"content":{"rendered":"<p><div class=\"fusion-fullwidth fullwidth-box fusion-builder-row-1 nonhundred-percent-fullwidth non-hundred-percent-height-scrolling\" style=\"--awb-background-position:left top;--awb-border-sizes-top:0px;--awb-border-sizes-bottom:0px;--awb-border-sizes-left:0px;--awb-border-sizes-right:0px;--awb-border-radius-top-left:0px;--awb-border-radius-top-right:0px;--awb-border-radius-bottom-right:0px;--awb-border-radius-bottom-left:0px;--awb-padding-top:90px;--awb-padding-bottom:50px;\" ><div class=\"fusion-builder-row fusion-row\"><div class=\"fusion-layout-column fusion_builder_column fusion-builder-column-0 fusion_builder_column_1_6 1_6 fusion-one-sixth fusion-column-first fusion-no-small-visibility\" style=\"--awb-bg-blend:overlay;--awb-bg-size:cover;width:13.3333%; margin-right: 4%;\"><div class=\"fusion-column-wrapper fusion-flex-column-wrapper-legacy\"><div class=\"fusion-clearfix\"><\/div><\/div><\/div><div class=\"fusion-layout-column fusion_builder_column fusion-builder-column-1 fusion_builder_column_2_3 2_3 fusion-two-third\" style=\"--awb-bg-blend:overlay;--awb-bg-size:cover;--awb-margin-top:43px;--awb-margin-bottom:93px;width:65.3333%; margin-right: 4%;\"><div class=\"fusion-column-wrapper fusion-flex-column-wrapper-legacy\"><div class=\"fusion-text fusion-text-1\"><p>En entornos marinos, los peligros geol\u00f3gicos como terremotos y deslizamientos pueden generar tsunamis que amenazan a las zonas costeras a distancias de muchos miles de kil\u00f3metros, como lo muestran los terremotos del norte de Sumatra y el 2011 de Tohoku y los respectivos tsunamis. Los terremotos y deslizamientos submarinos de menor magnitud se producen con mayor frecuencia y todav\u00eda mantienen la capacidad de generar tsunamis, lo que supone un peligro para las comunidades costeras y las infraestructuras submarinas.<div class='yrm-content yrm-content-2 yrm-content-hide  ' id='yrm-gJiBN' data-id='2' data-show-status='false' data-after-action='' style=\"visibility: hidden;height: 0;\">\n\t\t\t<div id='yrm-inner-content-yrm-gJiBN' class='yrm-inner-content-wrapper yrm-cntent-2'><\/p>\n<p>Aplicamos un enfoque hol\u00edstico a los riesgos geol\u00f3gicos en zonas marinas. Las \u00e1reas de estudio incluyen los m\u00e1rgenes continentales de la regi\u00f3n euromediterr\u00e1nea, y en particular el golfo de C\u00e1diz, as\u00ed como el Mar del Este de Jap\u00f3n.<span style=\"color: var(--awb-text-color); font-family: var(--awb-text-font-family); font-size: var(--awb-font-size); font-style: var(--awb-text-font-style); font-weight: var(--awb-text-font-weight); letter-spacing: var(--awb-letter-spacing); text-align: var(--awb-content-alignment); text-transform: var(--awb-text-transform); background-color: var(--awb-bg-color);\"><\/div>\n\t\t<\/div><div class='yrm-btn-wrapper yrm-btn-wrapper-2 yrm-more-button-wrapper  '\n\t\tdata-custom-more-class-name='' data-custom-less-class-name=''><span title='' data-less-title='' data-more-title='' class='yrm-toggle-expand  yrm-toggle-expand-2 ' data-rel='yrm-gJiBN' data-more='m\u00e9s text' data-less='menys text'><span class='yrm-text-wrapper yrm-text-wrapper-custom-dimensions'><span class=\"yrm-button-text-2 yrm-button-text-span\">m\u00e9s text<\/span><\/span><\/span><\/div><\/span><\/p>\n<\/div><div class=\"fusion-clearfix\"><\/div><\/div><\/div><div class=\"fusion-layout-column fusion_builder_column fusion-builder-column-2 fusion_builder_column_1_6 1_6 fusion-one-sixth fusion-column-last fusion-no-small-visibility\" style=\"--awb-bg-blend:overlay;--awb-bg-size:cover;width:13.3333%;\"><div class=\"fusion-column-wrapper fusion-flex-column-wrapper-legacy\"><div class=\"fusion-clearfix\"><\/div><\/div><\/div><div class=\"fusion-layout-column fusion_builder_column fusion-builder-column-3 fusion_builder_column_1_6 1_6 fusion-one-sixth fusion-column-first fusion-no-small-visibility\" style=\"--awb-bg-blend:overlay;--awb-bg-size:cover;width:13.3333%; margin-right: 4%;\"><div class=\"fusion-column-wrapper fusion-flex-column-wrapper-legacy\"><div class=\"fusion-clearfix\"><\/div><\/div><\/div><div class=\"fusion-layout-column fusion_builder_column fusion-builder-column-4 fusion_builder_column_2_3 2_3 fusion-two-third\" style=\"--awb-bg-blend:overlay;--awb-bg-size:cover;--awb-margin-top:43px;--awb-margin-bottom:93px;width:65.3333%; margin-right: 4%;\"><div class=\"fusion-column-wrapper fusion-flex-column-wrapper-legacy\"><div class=\"fusion-text fusion-text-2\"><h3>Objetivos<\/h3>\n<ol>\n<li>entender los procesos implicados en la generaci\u00f3n de tsunamis, con especial \u00e9nfasis en los casos provocados por deslizamientos submarinos;<\/li>\n<li>construir grandes bases de datos con informaci\u00f3n sobre la magnitud, la edad y los par\u00e1metros de los deslizamientos submarinos para caracterizar su inicio y din\u00e1mica, y desarrollar un an\u00e1lisis probabil\u00edstico del riesgo de tsunamis inducidos por movimientos en masa submarinos.<\/li>\n<\/ol>\n<\/div><div class=\"fusion-clearfix\"><\/div><\/div><\/div><div class=\"fusion-layout-column fusion_builder_column fusion-builder-column-5 fusion_builder_column_1_6 1_6 fusion-one-sixth fusion-column-last fusion-no-small-visibility\" style=\"--awb-bg-blend:overlay;--awb-bg-size:cover;width:13.3333%;\"><div class=\"fusion-column-wrapper fusion-flex-column-wrapper-legacy\"><div class=\"fusion-clearfix\"><\/div><\/div><\/div><div class=\"fusion-layout-column fusion_builder_column fusion-builder-column-6 fusion_builder_column_1_6 1_6 fusion-one-sixth fusion-column-first fusion-no-small-visibility\" style=\"--awb-bg-blend:overlay;--awb-bg-size:cover;width:13.3333%; margin-right: 4%;\"><div class=\"fusion-column-wrapper fusion-flex-column-wrapper-legacy\"><div class=\"fusion-clearfix\"><\/div><\/div><\/div><div class=\"fusion-layout-column fusion_builder_column fusion-builder-column-7 fusion_builder_column_2_3 2_3 fusion-two-third\" style=\"--awb-bg-blend:overlay;--awb-bg-size:cover;--awb-margin-bottom:30px;width:65.3333%; margin-right: 4%;\"><div class=\"fusion-column-wrapper fusion-flex-column-wrapper-legacy\"><div class=\"fusion-text fusion-text-3\"><p><strong style=\"color: var(--awb-text-color); font-family: var(--awb-text-font-family); font-size: var(--awb-font-size); font-style: var(--awb-text-font-style); letter-spacing: var(--awb-letter-spacing); text-align: var(--awb-content-alignment); text-transform: var(--awb-text-transform); background-color: var(--awb-bg-color);\">Colaboraciones<\/strong><\/p>\n<div class='yrm-content yrm-content-2 yrm-content-hide  ' id='yrm-23uX4' data-id='2' data-show-status='false' data-after-action='' style=\"visibility: hidden;height: 0;\">\n\t\t\t<div id='yrm-inner-content-yrm-23uX4' class='yrm-inner-content-wrapper yrm-cntent-2'>Participamos en el proyecto de la CE GeoINQUIRE con el objetivo de proporcionar servicios b\u00e1sicos tem\u00e1ticos sobre tsunamis a trav\u00e9s de la iniciativa del Sistema Europeo de Observaci\u00f3n de Placas (EPOS). Esta participaci\u00f3n es fruto de la larga colaboraci\u00f3n con NGI (F. Lovholt, M. Vanneste, C.B. Harbitz) e INGV (S. Lorito, R. Basili, B. Brizuela). En relaci\u00f3n al impacto de m\u00faltiples riesgos geol\u00f3gicos en las infraestructuras costeras, hemos sido financiados por KIGAM (S.W. Jeong, J.J. Bahk, D.G., Yoo, G.S. Lee) para llevar a cabo una investigaci\u00f3n conjunta en el Mar del Este de Jap\u00f3n y tambi\u00e9n hemos desarrollado una propuesta de proyecto conjunto en el International Ocean Discovery Program (IODP). En cuanto a los georiesgos de origen tect\u00f3nico, sedimentario y volc\u00e1nico, relacionados con la inversi\u00f3n de cuencas de trasarco colaboramos con investigadores de la Sorbona (C. Gorini, S. Lafuerza), Palermo (M. Agate, A.). Sulli) y las Universidades Estatales de Ohio (D. Sawyer).<\/div>\n\t\t<\/div><div class='yrm-btn-wrapper yrm-btn-wrapper-2 yrm-more-button-wrapper  '\n\t\tdata-custom-more-class-name='' data-custom-less-class-name=''><span title='' data-less-title='' data-more-title='' class='yrm-toggle-expand  yrm-toggle-expand-2 ' data-rel='yrm-23uX4' data-more='m\u00e1s texto' data-less='menos texto'><span class='yrm-text-wrapper yrm-text-wrapper-custom-dimensions'><span class=\"yrm-button-text-2 yrm-button-text-span\">m\u00e1s texto<\/span><\/span><\/span><\/div>\n<\/div><div class=\"fusion-clearfix\"><\/div><\/div><\/div><div class=\"fusion-layout-column fusion_builder_column fusion-builder-column-8 fusion_builder_column_1_6 1_6 fusion-one-sixth fusion-column-last fusion-no-small-visibility\" style=\"--awb-bg-blend:overlay;--awb-bg-size:cover;width:13.3333%;\"><div class=\"fusion-column-wrapper fusion-flex-column-wrapper-legacy\"><div class=\"fusion-sep-clear\"><\/div><div class=\"fusion-separator fusion-full-width-sep\" style=\"margin-left: auto;margin-right: auto;margin-top:20px;width:100%;\"><\/div><div class=\"fusion-sep-clear\"><\/div><div class=\"fusion-clearfix\"><\/div><\/div><\/div><\/div><\/div><div class=\"fusion-fullwidth fullwidth-box fusion-builder-row-2 fusion-flex-container has-pattern-background has-mask-background nonhundred-percent-fullwidth non-hundred-percent-height-scrolling\" style=\"--awb-border-radius-top-left:0px;--awb-border-radius-top-right:0px;--awb-border-radius-bottom-right:0px;--awb-border-radius-bottom-left:0px;\" ><div class=\"fusion-builder-row fusion-row fusion-flex-align-items-flex-start\" style=\"max-width:1144px;margin-left: calc(-4% \/ 2 );margin-right: calc(-4% \/ 2 );\"><div class=\"fusion-layout-column fusion_builder_column fusion-builder-column-9 fusion_builder_column_1_1 1_1 fusion-flex-column\" style=\"--awb-bg-size:cover;--awb-width-large:100%;--awb-margin-top-large:0px;--awb-spacing-right-large:1.92%;--awb-margin-bottom-large:20px;--awb-spacing-left-large:1.92%;--awb-width-medium:100%;--awb-order-medium:0;--awb-spacing-right-medium:1.92%;--awb-spacing-left-medium:1.92%;--awb-width-small:100%;--awb-order-small:0;--awb-spacing-right-small:1.92%;--awb-spacing-left-small:1.92%;\"><div class=\"fusion-column-wrapper fusion-column-has-shadow fusion-flex-justify-content-flex-start fusion-content-layout-column\"><div class=\"awb-gallery-wrapper awb-gallery-wrapper-1 button-span-no\" style=\"--more-btn-alignment:center;\" data-limit=\"6\" data-page=\"1\"><div style=\"margin:-5px;--awb-aspect-ratio:1 \/ 1;--awb-bordersize:0px;\" class=\"fusion-gallery fusion-gallery-container fusion-grid-3 fusion-columns-total-3 fusion-gallery-layout-grid fusion-gallery-1 has-aspect-ratio\"><div style=\"padding:5px;\" class=\"fusion-grid-column fusion-gallery-column fusion-gallery-column-3 hover-type-zoomin\"><div class=\"fusion-gallery-image\"><a href=\"https:\/\/www.ub.edu\/risknat\/wp-content\/uploads\/2023\/03\/CampanyaINSIGHT2019-Sarmento-d-Gamboa-a-Cadis-scaled.jpg\" data-caption=\"CampanyaINSIGHT2019 Sarmento d Gamboa a Cadis\" rel=\"noreferrer\" data-rel=\"iLightbox[gallery_image_1]\" class=\"fusion-lightbox\" target=\"_self\"><img decoding=\"async\" data-src=\"https:\/\/www.ub.edu\/risknat\/wp-content\/uploads\/2023\/03\/CampanyaINSIGHT2019-Sarmento-d-Gamboa-a-Cadis-scaled.jpg\" width=\"2560\" height=\"1244\" alt=\"\" title=\"clica per +\" aria-label=\"clica per +\" class=\"img-responsive wp-image-5150 lazyload\" data-srcset=\"https:\/\/www.ub.edu\/risknat\/wp-content\/uploads\/2023\/03\/CampanyaINSIGHT2019-Sarmento-d-Gamboa-a-Cadis-200x97.jpg 200w, https:\/\/www.ub.edu\/risknat\/wp-content\/uploads\/2023\/03\/CampanyaINSIGHT2019-Sarmento-d-Gamboa-a-Cadis-400x194.jpg 400w, https:\/\/www.ub.edu\/risknat\/wp-content\/uploads\/2023\/03\/CampanyaINSIGHT2019-Sarmento-d-Gamboa-a-Cadis-600x292.jpg 600w, https:\/\/www.ub.edu\/risknat\/wp-content\/uploads\/2023\/03\/CampanyaINSIGHT2019-Sarmento-d-Gamboa-a-Cadis-800x389.jpg 800w, https:\/\/www.ub.edu\/risknat\/wp-content\/uploads\/2023\/03\/CampanyaINSIGHT2019-Sarmento-d-Gamboa-a-Cadis-1200x583.jpg 1200w, https:\/\/www.ub.edu\/risknat\/wp-content\/uploads\/2023\/03\/CampanyaINSIGHT2019-Sarmento-d-Gamboa-a-Cadis-scaled.jpg 2560w\" data-sizes=\"(min-width: 2200px) 100vw, (min-width: 784px) 363px, (min-width: 712px) 545px, (min-width: 640px) 712px,\" src=\"data:image\/svg+xml;base64,PHN2ZyB3aWR0aD0iMSIgaGVpZ2h0PSIxIiB4bWxucz0iaHR0cDovL3d3dy53My5vcmcvMjAwMC9zdmciPjwvc3ZnPg==\" style=\"--smush-placeholder-width: 2560px; --smush-placeholder-aspect-ratio: 2560\/1244;\" \/><\/a><\/div><\/div><div style=\"padding:5px;\" class=\"fusion-grid-column fusion-gallery-column fusion-gallery-column-3 hover-type-zoomin\"><div class=\"fusion-gallery-image\"><a href=\"https:\/\/www.ub.edu\/risknat\/wp-content\/uploads\/2023\/03\/CampanyaCHIANTI2015Strombolitsunami-scaled.jpg\" data-caption=\"Campanya CHIANTI 2015 Stromboli\" rel=\"noreferrer\" data-rel=\"iLightbox[gallery_image_1]\" class=\"fusion-lightbox\" target=\"_self\"><img decoding=\"async\" data-src=\"https:\/\/www.ub.edu\/risknat\/wp-content\/uploads\/2023\/03\/CampanyaCHIANTI2015Strombolitsunami-scaled.jpg\" width=\"1920\" height=\"2560\" alt=\"\" title=\"clica per +\" aria-label=\"clica per +\" class=\"img-responsive wp-image-5147 lazyload\" data-srcset=\"https:\/\/www.ub.edu\/risknat\/wp-content\/uploads\/2023\/03\/CampanyaCHIANTI2015Strombolitsunami-200x267.jpg 200w, https:\/\/www.ub.edu\/risknat\/wp-content\/uploads\/2023\/03\/CampanyaCHIANTI2015Strombolitsunami-400x533.jpg 400w, https:\/\/www.ub.edu\/risknat\/wp-content\/uploads\/2023\/03\/CampanyaCHIANTI2015Strombolitsunami-600x800.jpg 600w, https:\/\/www.ub.edu\/risknat\/wp-content\/uploads\/2023\/03\/CampanyaCHIANTI2015Strombolitsunami-800x1067.jpg 800w, https:\/\/www.ub.edu\/risknat\/wp-content\/uploads\/2023\/03\/CampanyaCHIANTI2015Strombolitsunami-1200x1600.jpg 1200w, https:\/\/www.ub.edu\/risknat\/wp-content\/uploads\/2023\/03\/CampanyaCHIANTI2015Strombolitsunami-scaled.jpg 1920w\" data-sizes=\"(min-width: 2200px) 100vw, (min-width: 784px) 363px, (min-width: 712px) 545px, (min-width: 640px) 712px,\" src=\"data:image\/svg+xml;base64,PHN2ZyB3aWR0aD0iMSIgaGVpZ2h0PSIxIiB4bWxucz0iaHR0cDovL3d3dy53My5vcmcvMjAwMC9zdmciPjwvc3ZnPg==\" style=\"--smush-placeholder-width: 1920px; --smush-placeholder-aspect-ratio: 1920\/2560;\" \/><\/a><\/div><\/div><div style=\"padding:5px;\" class=\"fusion-grid-column fusion-gallery-column fusion-gallery-column-3 hover-type-zoomin\"><div class=\"fusion-gallery-image\"><a href=\"https:\/\/www.ub.edu\/risknat\/wp-content\/uploads\/2023\/03\/CampanyaCHIANTI2015-Sarmiento-al-port-de-Catania-scaled.jpg\" data-caption=\"Campanya CHIANTI 2015 RV Sarmiento de Gamboa al port de Catania\" rel=\"noreferrer\" data-rel=\"iLightbox[gallery_image_1]\" class=\"fusion-lightbox\" target=\"_self\"><img decoding=\"async\" data-src=\"https:\/\/www.ub.edu\/risknat\/wp-content\/uploads\/2023\/03\/CampanyaCHIANTI2015-Sarmiento-al-port-de-Catania-scaled.jpg\" width=\"2560\" height=\"1920\" alt=\"\" title=\"clica per +\" aria-label=\"clica per +\" class=\"img-responsive wp-image-5144 lazyload\" data-srcset=\"https:\/\/www.ub.edu\/risknat\/wp-content\/uploads\/2023\/03\/CampanyaCHIANTI2015-Sarmiento-al-port-de-Catania-200x150.jpg 200w, https:\/\/www.ub.edu\/risknat\/wp-content\/uploads\/2023\/03\/CampanyaCHIANTI2015-Sarmiento-al-port-de-Catania-400x300.jpg 400w, https:\/\/www.ub.edu\/risknat\/wp-content\/uploads\/2023\/03\/CampanyaCHIANTI2015-Sarmiento-al-port-de-Catania-600x450.jpg 600w, https:\/\/www.ub.edu\/risknat\/wp-content\/uploads\/2023\/03\/CampanyaCHIANTI2015-Sarmiento-al-port-de-Catania-800x600.jpg 800w, https:\/\/www.ub.edu\/risknat\/wp-content\/uploads\/2023\/03\/CampanyaCHIANTI2015-Sarmiento-al-port-de-Catania-1200x900.jpg 1200w, https:\/\/www.ub.edu\/risknat\/wp-content\/uploads\/2023\/03\/CampanyaCHIANTI2015-Sarmiento-al-port-de-Catania-scaled.jpg 2560w\" data-sizes=\"(min-width: 2200px) 100vw, (min-width: 784px) 363px, (min-width: 712px) 545px, (min-width: 640px) 712px,\" src=\"data:image\/svg+xml;base64,PHN2ZyB3aWR0aD0iMSIgaGVpZ2h0PSIxIiB4bWxucz0iaHR0cDovL3d3dy53My5vcmcvMjAwMC9zdmciPjwvc3ZnPg==\" style=\"--smush-placeholder-width: 2560px; --smush-placeholder-aspect-ratio: 2560\/1920;\" \/><\/a><\/div><\/div><div class=\"clearfix\"><\/div><\/div><\/div><\/div><\/div><\/div><\/div><\/p>\n","protected":false},"excerpt":{"rendered":"","protected":false},"author":4,"featured_media":0,"parent":0,"menu_order":0,"comment_status":"closed","ping_status":"closed","template":"100-width.php","meta":{"footnotes":""},"class_list":["post-4835","page","type-page","status-publish","hentry"],"_links":{"self":[{"href":"https:\/\/www.ub.edu\/risknat\/wp-json\/wp\/v2\/pages\/4835","targetHints":{"allow":["GET"]}}],"collection":[{"href":"https:\/\/www.ub.edu\/risknat\/wp-json\/wp\/v2\/pages"}],"about":[{"href":"https:\/\/www.ub.edu\/risknat\/wp-json\/wp\/v2\/types\/page"}],"author":[{"embeddable":true,"href":"https:\/\/www.ub.edu\/risknat\/wp-json\/wp\/v2\/users\/4"}],"replies":[{"embeddable":true,"href":"https:\/\/www.ub.edu\/risknat\/wp-json\/wp\/v2\/comments?post=4835"}],"version-history":[{"count":6,"href":"https:\/\/www.ub.edu\/risknat\/wp-json\/wp\/v2\/pages\/4835\/revisions"}],"predecessor-version":[{"id":5537,"href":"https:\/\/www.ub.edu\/risknat\/wp-json\/wp\/v2\/pages\/4835\/revisions\/5537"}],"wp:attachment":[{"href":"https:\/\/www.ub.edu\/risknat\/wp-json\/wp\/v2\/media?parent=4835"}],"curies":[{"name":"wp","href":"https:\/\/api.w.org\/{rel}","templated":true}]}}