{"id":71,"date":"2011-10-26T08:34:44","date_gmt":"2011-10-26T08:34:44","guid":{"rendered":"http:\/\/www.ub.edu\/xdl\/mundet\/?page_id=71"},"modified":"2022-06-14T09:19:46","modified_gmt":"2022-06-14T09:19:46","slug":"ens-presentem","status":"publish","type":"page","link":"https:\/\/www.ub.edu\/rodamundet\/ens-presentem","title":{"rendered":"Ens presentem"},"content":{"rendered":"<p>Benvinguts a <strong>RodaMundet<\/strong>!!<\/p>\n<p>Benvinguts a <strong>RodaMundet<\/strong>, el blog del vostre campus impulsat per les comissions de Dinamitzaci\u00f3 Ling\u00fc\u00edstica i Cultural de les facultats d&#8217;<a href=\"http:\/\/www.ub.edu\/web\/ub\/ca\/universitat\/campus_fac_dep\/facultats_escoles\/facultat_educacio\/facultat_educacio.html\">Educaci\u00f3 <\/a>i de <a href=\"http:\/\/www.ub.edu\/psicologia\/\">Psicologia<\/a> i els <a href=\"http:\/\/www.ub.edu\/sl\/ca\/sl.htm\" target=\"_blank\" rel=\"noopener noreferrer\">Serveis Ling\u00fc\u00edstics de la UB<\/a>.<\/p>\n<p>Ens agradaria que <strong>RodaMundet<\/strong> fos un punt de trobada dels que volem promoure la conviv\u00e8ncia i la vida cultural del campus, i per aix\u00f2 us convidem a construir-lo amb nosaltres.<\/p>\n<p><strong>Qu\u00e8 hi ha?<\/strong><\/p>\n<p>Al blog hi trobareu una secci\u00f3 fixa sobre eines i recursos ling\u00fc\u00edstics i informaci\u00f3 sobre diversos concursos. En especial, el blog \u00e9s la plataforma a trav\u00e9s de la qual podeu participar a la RodaGimcana, sobre la hist\u00f2ria de Mundet i les paraules que hi estan relacionades, i al Premi Literari Emili Mira i L\u00f3pez, amb els quals podeu guanyar diners i diversos premis que s&#8217;entreguen durant la Primavera de la Llengua, pels volts de Sant Jordi.<\/p>\n<p>Volem que el blog sigui una plataforma oberta a totes les veus de Mundet: a les associacions, als grups de treball, a cada persona en particular&#8230; Per aix\u00f2 us animem a fer-nos arribar informaci\u00f3 sobre activitats del campus que organitzeu o que creieu que val la pena difondre.<\/p>\n<p><strong>Per qu\u00e8 el fem? <\/strong><\/p>\n<p>Els fets que han tingut lloc al llarg del temps a Mundet i els diferents usos que han tingut els edificis del recinte formen part d\u2019una mem\u00f2ria hist\u00f2rica que va m\u00e9s enll\u00e0 del campus i que, en general, \u00e9s poc coneguda per moltes de les persones que cada dia fan \u00fas d\u2019aquestes instal\u00b7lacions. <strong>RodaMundet<\/strong> vol fer aflorar mitjan\u00e7ant el joc aquesta mem\u00f2ria hist\u00f2rica, contribuir a cohesionar la comunitat del nostre campus i ajudar a promoure i fomentar les activitats culturals i l\u2019\u00fas del catal\u00e0 a la Universitat.<\/p>\n","protected":false},"excerpt":{"rendered":"<p>Benvinguts a RodaMundet!! Benvinguts a RodaMundet, el blog del vostre campus impulsat per les comissions de Dinamitzaci\u00f3 Ling\u00fc\u00edstica i Cultural de les facultats d&#8217;Educaci\u00f3 i de Psicologia i els Serveis <a class=\"more-link\" href=\"https:\/\/www.ub.edu\/rodamundet\/ens-presentem\">Continua llegint &rarr;<\/a><\/p>\n","protected":false},"author":1,"featured_media":0,"parent":0,"menu_order":0,"comment_status":"closed","ping_status":"closed","template":"","meta":{"footnotes":""},"class_list":["post-71","page","type-page","status-publish","hentry"],"_links":{"self":[{"href":"https:\/\/www.ub.edu\/rodamundet\/wp-json\/wp\/v2\/pages\/71","targetHints":{"allow":["GET"]}}],"collection":[{"href":"https:\/\/www.ub.edu\/rodamundet\/wp-json\/wp\/v2\/pages"}],"about":[{"href":"https:\/\/www.ub.edu\/rodamundet\/wp-json\/wp\/v2\/types\/page"}],"author":[{"embeddable":true,"href":"https:\/\/www.ub.edu\/rodamundet\/wp-json\/wp\/v2\/users\/1"}],"replies":[{"embeddable":true,"href":"https:\/\/www.ub.edu\/rodamundet\/wp-json\/wp\/v2\/comments?post=71"}],"version-history":[{"count":11,"href":"https:\/\/www.ub.edu\/rodamundet\/wp-json\/wp\/v2\/pages\/71\/revisions"}],"predecessor-version":[{"id":6327,"href":"https:\/\/www.ub.edu\/rodamundet\/wp-json\/wp\/v2\/pages\/71\/revisions\/6327"}],"wp:attachment":[{"href":"https:\/\/www.ub.edu\/rodamundet\/wp-json\/wp\/v2\/media?parent=71"}],"curies":[{"name":"wp","href":"https:\/\/api.w.org\/{rel}","templated":true}]}}