{"id":46,"date":"2014-11-06T13:46:26","date_gmt":"2014-11-06T13:46:26","guid":{"rendered":"http:\/\/webfe04.ird.ub.es\/xdl\/filosofia\/?page_id=46"},"modified":"2024-10-11T10:55:15","modified_gmt":"2024-10-11T10:55:15","slug":"qui-som","status":"publish","type":"page","link":"https:\/\/www.ub.edu\/scriptorium\/qui-som\/","title":{"rendered":"Cr\u00e8dits"},"content":{"rendered":"<p style=\"text-align: justify;\"><strong>Scriptorium<\/strong> <em>\u00e9s el blog de la <\/em>Comissi\u00f3 de Dinamitzaci\u00f3 Ling\u00fc\u00edstica de la Facultat de Filosofia<em> i dels <\/em>Serveis Ling\u00fc\u00edstics<em>. Publica les not\u00edcies de la Comissi\u00f3 i tamb\u00e9 apunts diversos sobre temes ling\u00fc\u00edstics que poden ser \u00fatils per a l&#8217;alumnat.<\/em><\/p>\n<p><strong><a href=\"https:\/\/www.ub.edu\/sl\/ca\/\" target=\"_blank\" rel=\"noopener noreferrer\">Serveis Ling\u00fc\u00edstics<\/a> de la <a href=\"http:\/\/www.ub.edu\/web\/ub\/ca\/\" target=\"_blank\" rel=\"noopener noreferrer\">Universitat de Barcelona<\/a><\/strong><\/p>\n<p><strong>Comissi\u00f3 de Dinamitzaci\u00f3 Ling\u00fc\u00edstica i Cultural de la Facultat de Filosofia<\/strong><\/p>\n<p style=\"padding-left: 30px;\"><a href=\"https:\/\/www.ub.edu\/portal\/documents\/7696199\/7744366\/Reglament_Facultat_Filosofia_2018.pdf\/fbfe0cdb-a2aa-5e6e-63e9-f9a861095d7c\">Reglament <\/a>i membres<br \/>\nPresidents: <a href=\"http:\/\/directori.ub.edu\/dir\/?accio=SEL&amp;id=v759w8s3neo9t72r&amp;lang=ca\" target=\"_blank\" rel=\"noopener noreferrer\">Laura Llevadot<\/a>\u00a0i, des de setembre de 2015,\u00a0<a href=\"http:\/\/directori.ub.edu\/dir\/?accio=SEL&amp;id=v759w8s35i61v72r&amp;lang=ca\" target=\"_blank\" rel=\"noopener noreferrer\">Josep Monserrat<\/a><br \/>\nBec\u00e0ria: Irene Iglesias; des de febrer de 2016, Alba Delgado i Aleix Rovira; des de 2017 Noem\u00ed Barrera; des de febrer de 2019 Cristian Mart\u00ednez Ramos<br \/>\n<a href=\"http:\/\/www.ub.edu\/filosofia\/queoferim\/index\/planol.html\" target=\"_blank\" rel=\"noopener noreferrer\">Localitzaci\u00f3<\/a>: antiga llibreria<br \/>\nTel.: 934 037 995<br \/>\nA\/e: <a href=\"mailto:xdl.filosofia@ub.edu\" target=\"_blank\" rel=\"noopener noreferrer\">xdl.filosofia@ub.edu<\/a><br \/>\nHorari: dilluns (10.30-14 h), dimarts (9.30-13.30) i divendres (10-14.30 h)<br \/>\n<a href=\"http:\/\/www.ub.edu\/filosofia\/queoferim\/index\/usosling.htm\" target=\"_blank\" rel=\"noopener noreferrer\"><strong>Web de la Facultat<\/strong><\/a><\/p>\n<p>Responsable del blog: Rosa Gual<\/p>\n<p style=\"padding-left: 30px;\">Tel.: 934 039 758<br \/>\n<a href=\"mailto:pau.sl.pu@ub.edu\" target=\"_blank\" rel=\"noopener noreferrer\">pau.sl.pu@ub.edu<\/a><br \/>\n<a href=\"https:\/\/www.ub.edu\/sl\/ca\/info\/directori.htm#paupluniversitat\" target=\"_blank\" rel=\"noopener noreferrer\">Punt d&#8217;Atenci\u00f3 als Usuaris<\/a>\u00a0de Pla\u00e7a Universitat<br \/>\nEdifici Hist\u00f2ric, Gran Via de les Corts Catalanes, 585<br \/>\n08007 Barcelona<\/p>\n<p>Disseny del blog: Pep Cara, \u00c0ngels Egea, Rosa Gual i Montserrat Lleopart<\/p>\n<p>Disseny de la cap\u00e7alera: Oleguer Roca <a href=\"mailto:oleguer@quarantados.com\" target=\"_blank\" rel=\"noopener noreferrer\">oleguer@quarantados.com<\/a><\/p>\n<p>Imatge: Museum of Fine Arts, Houston<\/p>\n","protected":false},"excerpt":{"rendered":"<p>Scriptorium \u00e9s el blog de la Comissi\u00f3 de Dinamitzaci\u00f3 Ling\u00fc\u00edstica de la Facultat de Filosofia i dels Serveis Ling\u00fc\u00edstics. Publica les not\u00edcies de la Comissi\u00f3 i tamb\u00e9 apunts diversos sobre <a class=\"more-link\" href=\"https:\/\/www.ub.edu\/scriptorium\/qui-som\/\">Continua llegint &rarr;<\/a><\/p>\n","protected":false},"author":1,"featured_media":0,"parent":0,"menu_order":0,"comment_status":"closed","ping_status":"closed","template":"","meta":{"_exactmetrics_skip_tracking":false,"_exactmetrics_sitenote_active":false,"_exactmetrics_sitenote_note":"","_exactmetrics_sitenote_category":0,"footnotes":""},"class_list":["post-46","page","type-page","status-publish","hentry"],"_links":{"self":[{"href":"https:\/\/www.ub.edu\/scriptorium\/wp-json\/wp\/v2\/pages\/46","targetHints":{"allow":["GET"]}}],"collection":[{"href":"https:\/\/www.ub.edu\/scriptorium\/wp-json\/wp\/v2\/pages"}],"about":[{"href":"https:\/\/www.ub.edu\/scriptorium\/wp-json\/wp\/v2\/types\/page"}],"author":[{"embeddable":true,"href":"https:\/\/www.ub.edu\/scriptorium\/wp-json\/wp\/v2\/users\/1"}],"replies":[{"embeddable":true,"href":"https:\/\/www.ub.edu\/scriptorium\/wp-json\/wp\/v2\/comments?post=46"}],"version-history":[{"count":87,"href":"https:\/\/www.ub.edu\/scriptorium\/wp-json\/wp\/v2\/pages\/46\/revisions"}],"predecessor-version":[{"id":2869,"href":"https:\/\/www.ub.edu\/scriptorium\/wp-json\/wp\/v2\/pages\/46\/revisions\/2869"}],"wp:attachment":[{"href":"https:\/\/www.ub.edu\/scriptorium\/wp-json\/wp\/v2\/media?parent=46"}],"curies":[{"name":"wp","href":"https:\/\/api.w.org\/{rel}","templated":true}]}}