{"id":26,"date":"2024-04-17T17:46:41","date_gmt":"2024-04-17T15:46:41","guid":{"rendered":"https:\/\/www.ub.edu\/sipr-comp\/?page_id=26"},"modified":"2026-03-23T17:42:32","modified_gmt":"2026-03-23T15:42:32","slug":"visitas","status":"publish","type":"page","link":"https:\/\/www.ub.edu\/sipr-comp\/visitas\/","title":{"rendered":"Visitas"},"content":{"rendered":"\n<figure class=\"wp-block-gallery has-nested-images columns-default is-cropped wp-block-gallery-1 is-layout-flex wp-block-gallery-is-layout-flex\">\n<figure class=\"wp-block-image size-large\"><img loading=\"lazy\" decoding=\"async\" width=\"1024\" height=\"768\" data-id=\"407\" src=\"https:\/\/www.ub.edu\/sipr-comp\/wp-content\/uploads\/2026\/03\/1000133891-1024x768.jpg\" alt=\"\" class=\"wp-image-407\" srcset=\"https:\/\/www.ub.edu\/sipr-comp\/wp-content\/uploads\/2026\/03\/1000133891-1024x768.jpg 1024w, https:\/\/www.ub.edu\/sipr-comp\/wp-content\/uploads\/2026\/03\/1000133891-300x225.jpg 300w, https:\/\/www.ub.edu\/sipr-comp\/wp-content\/uploads\/2026\/03\/1000133891-768x576.jpg 768w, https:\/\/www.ub.edu\/sipr-comp\/wp-content\/uploads\/2026\/03\/1000133891-1536x1152.jpg 1536w, https:\/\/www.ub.edu\/sipr-comp\/wp-content\/uploads\/2026\/03\/1000133891-2048x1536.jpg 2048w\" sizes=\"auto, (max-width: 1024px) 100vw, 1024px\" \/><\/figure>\n\n\n\n<figure class=\"wp-block-image size-large\"><img loading=\"lazy\" decoding=\"async\" width=\"1024\" height=\"768\" data-id=\"406\" src=\"https:\/\/www.ub.edu\/sipr-comp\/wp-content\/uploads\/2026\/03\/1000133890-1024x768.jpg\" alt=\"\" class=\"wp-image-406\" srcset=\"https:\/\/www.ub.edu\/sipr-comp\/wp-content\/uploads\/2026\/03\/1000133890-1024x768.jpg 1024w, https:\/\/www.ub.edu\/sipr-comp\/wp-content\/uploads\/2026\/03\/1000133890-300x225.jpg 300w, https:\/\/www.ub.edu\/sipr-comp\/wp-content\/uploads\/2026\/03\/1000133890-768x576.jpg 768w, https:\/\/www.ub.edu\/sipr-comp\/wp-content\/uploads\/2026\/03\/1000133890-1536x1152.jpg 1536w, https:\/\/www.ub.edu\/sipr-comp\/wp-content\/uploads\/2026\/03\/1000133890-2048x1536.jpg 2048w\" sizes=\"auto, (max-width: 1024px) 100vw, 1024px\" \/><\/figure>\n\n\n\n<figure class=\"wp-block-image size-large\"><img loading=\"lazy\" decoding=\"async\" width=\"1024\" height=\"768\" data-id=\"405\" src=\"https:\/\/www.ub.edu\/sipr-comp\/wp-content\/uploads\/2026\/03\/20260318_120607-1024x768.jpg\" alt=\"\" class=\"wp-image-405\" srcset=\"https:\/\/www.ub.edu\/sipr-comp\/wp-content\/uploads\/2026\/03\/20260318_120607-1024x768.jpg 1024w, https:\/\/www.ub.edu\/sipr-comp\/wp-content\/uploads\/2026\/03\/20260318_120607-300x225.jpg 300w, https:\/\/www.ub.edu\/sipr-comp\/wp-content\/uploads\/2026\/03\/20260318_120607-768x576.jpg 768w, https:\/\/www.ub.edu\/sipr-comp\/wp-content\/uploads\/2026\/03\/20260318_120607-1536x1152.jpg 1536w, https:\/\/www.ub.edu\/sipr-comp\/wp-content\/uploads\/2026\/03\/20260318_120607-2048x1536.jpg 2048w\" sizes=\"auto, (max-width: 1024px) 100vw, 1024px\" \/><\/figure>\n<\/figure>\n\n\n\n<p><strong>Visita de la Directora General de la ACCO<\/strong><\/p>\n\n\n\n<p><strong>18 de marzo de 2026<\/strong><\/p>\n\n\n\n<p>La Directora General de la <em>Autoritat Catalana de la Compet\u00e8ncia<\/em>, la Sra. Susanna Grau, imparte una sesi\u00f3n magistral\u00a0&#8220;Lecciones pr\u00e1cticas de la descentralizaci\u00f3n de la pol\u00edtica de competencia. Una mirada local&#8221; a los estudiantes de la asignatura Aspectos Pr\u00e1cticos del Derecho de la Propiedad Industrial y de la Competencia, impartida por la Dra. S\u00edlvia G\u00f3mez en el M\u00e0ster de Derecho de la empresa y los negocios de la UB.<\/p>\n\n\n\n<hr class=\"wp-block-separator has-alpha-channel-opacity\"\/>\n\n\n\n<figure class=\"wp-block-gallery has-nested-images columns-default is-cropped wp-block-gallery-2 is-layout-flex wp-block-gallery-is-layout-flex\">\n<figure class=\"wp-block-image size-large\"><img loading=\"lazy\" decoding=\"async\" width=\"1024\" height=\"768\" data-id=\"168\" src=\"https:\/\/www.ub.edu\/sipr-comp\/wp-content\/uploads\/2024\/06\/IMG_20240529_112654-1024x768.jpg\" alt=\"\" class=\"wp-image-168\" srcset=\"https:\/\/www.ub.edu\/sipr-comp\/wp-content\/uploads\/2024\/06\/IMG_20240529_112654-1024x768.jpg 1024w, https:\/\/www.ub.edu\/sipr-comp\/wp-content\/uploads\/2024\/06\/IMG_20240529_112654-300x225.jpg 300w, https:\/\/www.ub.edu\/sipr-comp\/wp-content\/uploads\/2024\/06\/IMG_20240529_112654-768x576.jpg 768w, https:\/\/www.ub.edu\/sipr-comp\/wp-content\/uploads\/2024\/06\/IMG_20240529_112654-1536x1152.jpg 1536w, https:\/\/www.ub.edu\/sipr-comp\/wp-content\/uploads\/2024\/06\/IMG_20240529_112654-2048x1536.jpg 2048w\" sizes=\"auto, (max-width: 1024px) 100vw, 1024px\" \/><\/figure>\n\n\n\n<figure class=\"wp-block-image size-large\"><img loading=\"lazy\" decoding=\"async\" width=\"1024\" height=\"768\" data-id=\"167\" src=\"https:\/\/www.ub.edu\/sipr-comp\/wp-content\/uploads\/2024\/06\/IMG_20240529_112648-1024x768.jpg\" alt=\"\" class=\"wp-image-167\" srcset=\"https:\/\/www.ub.edu\/sipr-comp\/wp-content\/uploads\/2024\/06\/IMG_20240529_112648-1024x768.jpg 1024w, https:\/\/www.ub.edu\/sipr-comp\/wp-content\/uploads\/2024\/06\/IMG_20240529_112648-300x225.jpg 300w, https:\/\/www.ub.edu\/sipr-comp\/wp-content\/uploads\/2024\/06\/IMG_20240529_112648-768x576.jpg 768w, https:\/\/www.ub.edu\/sipr-comp\/wp-content\/uploads\/2024\/06\/IMG_20240529_112648-1536x1152.jpg 1536w, https:\/\/www.ub.edu\/sipr-comp\/wp-content\/uploads\/2024\/06\/IMG_20240529_112648-2048x1536.jpg 2048w\" sizes=\"auto, (max-width: 1024px) 100vw, 1024px\" \/><\/figure>\n\n\n\n<figure class=\"wp-block-image size-large\"><img loading=\"lazy\" decoding=\"async\" width=\"1024\" height=\"768\" data-id=\"169\" src=\"https:\/\/www.ub.edu\/sipr-comp\/wp-content\/uploads\/2024\/06\/IMG_20240529_091017-1024x768.jpg\" alt=\"\" class=\"wp-image-169\" srcset=\"https:\/\/www.ub.edu\/sipr-comp\/wp-content\/uploads\/2024\/06\/IMG_20240529_091017-1024x768.jpg 1024w, https:\/\/www.ub.edu\/sipr-comp\/wp-content\/uploads\/2024\/06\/IMG_20240529_091017-300x225.jpg 300w, https:\/\/www.ub.edu\/sipr-comp\/wp-content\/uploads\/2024\/06\/IMG_20240529_091017-768x576.jpg 768w, https:\/\/www.ub.edu\/sipr-comp\/wp-content\/uploads\/2024\/06\/IMG_20240529_091017-1536x1152.jpg 1536w, https:\/\/www.ub.edu\/sipr-comp\/wp-content\/uploads\/2024\/06\/IMG_20240529_091017-2048x1536.jpg 2048w\" sizes=\"auto, (max-width: 1024px) 100vw, 1024px\" \/><\/figure>\n<\/figure>\n\n\n\n<p><strong>Visita a la Ciudad de la Justicia en Barcelona<\/strong><\/p>\n\n\n\n<p><strong>29 de mayo de 2024<\/strong><\/p>\n\n\n\n<p>Visita de los estudiantes de M\u00e1ster a los juzgados mercantiles de Barcelona. Los juzgados de lo mercantil son los \u00f3rganos judiciales competentes para resolver cuestiones relativas a las infracciones de Derecho de defensa de la Competencia de la Uni\u00f3n e interno y de los da\u00f1os irrogados a particulares por esas infracciones. La visita se complet\u00f3 con una clase magistral jurisprudencial y de Derecho europeo del magistrado Sr. Jos\u00e9 Mar\u00eda Fern\u00e1ndez-Seijo, titular del juzgado mercantil n\u00fam. 8 de Barcelona, bajo el t\u00edtulo\u00a0<em>Pr\u00e1ctica judicial en materia de Derecho de Defensa de la Competencia en los juzgados mercantiles<\/em>.<\/p>\n","protected":false},"excerpt":{"rendered":"<p>Visita de la Directora General de la ACCO 18 de marzo de 2026 La Directora General de la Autoritat Catalana de la Compet\u00e8ncia, la Sra. Susanna Grau, imparte una sesi\u00f3n magistral\u00a0&#8220;Lecciones pr\u00e1cticas de la descentralizaci\u00f3n de la pol\u00edtica de competencia. Una mirada local&#8221; a los estudiantes de la asignatura Aspectos Pr\u00e1cticos del Derecho de la [&hellip;]<\/p>\n","protected":false},"author":1,"featured_media":0,"parent":0,"menu_order":0,"comment_status":"closed","ping_status":"closed","template":"","meta":{"footnotes":""},"class_list":["post-26","page","type-page","status-publish","hentry"],"_links":{"self":[{"href":"https:\/\/www.ub.edu\/sipr-comp\/wp-json\/wp\/v2\/pages\/26","targetHints":{"allow":["GET"]}}],"collection":[{"href":"https:\/\/www.ub.edu\/sipr-comp\/wp-json\/wp\/v2\/pages"}],"about":[{"href":"https:\/\/www.ub.edu\/sipr-comp\/wp-json\/wp\/v2\/types\/page"}],"author":[{"embeddable":true,"href":"https:\/\/www.ub.edu\/sipr-comp\/wp-json\/wp\/v2\/users\/1"}],"replies":[{"embeddable":true,"href":"https:\/\/www.ub.edu\/sipr-comp\/wp-json\/wp\/v2\/comments?post=26"}],"version-history":[{"count":3,"href":"https:\/\/www.ub.edu\/sipr-comp\/wp-json\/wp\/v2\/pages\/26\/revisions"}],"predecessor-version":[{"id":418,"href":"https:\/\/www.ub.edu\/sipr-comp\/wp-json\/wp\/v2\/pages\/26\/revisions\/418"}],"wp:attachment":[{"href":"https:\/\/www.ub.edu\/sipr-comp\/wp-json\/wp\/v2\/media?parent=26"}],"curies":[{"name":"wp","href":"https:\/\/api.w.org\/{rel}","templated":true}]}}