{"id":1057,"date":"2023-03-12T21:06:39","date_gmt":"2023-03-12T21:06:39","guid":{"rendered":"http:\/\/ubgeografia.local\/?page_id=7"},"modified":"2026-03-02T14:46:29","modified_gmt":"2026-03-02T14:46:29","slug":"projectes","status":"publish","type":"page","link":"https:\/\/www.ub.edu\/terripoc\/projectes\/","title":{"rendered":"Projectes i contractes"},"content":{"rendered":"\t\t<div data-elementor-type=\"wp-page\" data-elementor-id=\"1057\" class=\"elementor elementor-1057\">\n\t\t\t\t\t\t<section class=\"elementor-section elementor-top-section elementor-element elementor-element-72ab6600 elementor-section-full_width elementor-section-height-default elementor-section-height-default\" data-id=\"72ab6600\" data-element_type=\"section\">\n\t\t\t\t\t\t<div class=\"elementor-container elementor-column-gap-default\">\n\t\t\t\t\t<div class=\"elementor-column elementor-col-100 elementor-top-column elementor-element elementor-element-7973f38b\" data-id=\"7973f38b\" data-element_type=\"column\">\n\t\t\t<div class=\"elementor-widget-wrap\">\n\t\t\t\t\t\t\t<\/div>\n\t\t<\/div>\n\t\t\t\t\t<\/div>\n\t\t<\/section>\n\t\t\t\t<\/div>\n\t\t","protected":false},"excerpt":{"rendered":"<p>(2023 &#8211; 2026) Fragmentaci\u00f3n socioespacial en las \u00e1reas urbanas espa\u00f1olas. Retos y propuestas para la cohesi\u00f3n social. (2019 &#8211; 2021) Nuevas movilidades y reconfiguraci\u00f3n sociorresidencial en la poscrisis: Consecuencias sociecon\u00f3micas y demogr\u00e1ficas en las \u00e1reas urbanas espa\u00f1olas (2020) Gender, social networks, attachment to place, local welfare and care provision in Ibero-American cities. (2016 &#8211; 2018) [&hellip;]<\/p>\n","protected":false},"author":2,"featured_media":0,"parent":0,"menu_order":0,"comment_status":"closed","ping_status":"closed","template":"elementor_theme","meta":{"_coblocks_attr":"","_coblocks_dimensions":"","_coblocks_responsive_height":"","_coblocks_accordion_ie_support":""},"_links":{"self":[{"href":"https:\/\/www.ub.edu\/terripoc\/wp-json\/wp\/v2\/pages\/1057"}],"collection":[{"href":"https:\/\/www.ub.edu\/terripoc\/wp-json\/wp\/v2\/pages"}],"about":[{"href":"https:\/\/www.ub.edu\/terripoc\/wp-json\/wp\/v2\/types\/page"}],"author":[{"embeddable":true,"href":"https:\/\/www.ub.edu\/terripoc\/wp-json\/wp\/v2\/users\/2"}],"replies":[{"embeddable":true,"href":"https:\/\/www.ub.edu\/terripoc\/wp-json\/wp\/v2\/comments?post=1057"}],"version-history":[{"count":27,"href":"https:\/\/www.ub.edu\/terripoc\/wp-json\/wp\/v2\/pages\/1057\/revisions"}],"predecessor-version":[{"id":2396,"href":"https:\/\/www.ub.edu\/terripoc\/wp-json\/wp\/v2\/pages\/1057\/revisions\/2396"}],"wp:attachment":[{"href":"https:\/\/www.ub.edu\/terripoc\/wp-json\/wp\/v2\/media?parent=1057"}],"curies":[{"name":"wp","href":"https:\/\/api.w.org\/{rel}","templated":true}]}}