{"id":6600,"date":"2015-04-20T14:54:35","date_gmt":"2015-04-20T14:54:35","guid":{"rendered":"http:\/\/www.ub.edu\/tfg\/?page_id=6600"},"modified":"2015-06-29T10:29:12","modified_gmt":"2015-06-29T10:29:12","slug":"estructura","status":"publish","type":"page","link":"https:\/\/www.ub.edu\/tfg\/presentacio-oral\/estructura\/","title":{"rendered":"Estructura"},"content":{"rendered":"<p>[vc_row][vc_column width=&#8221;1\/1&#8243;]<div class='wpb_text_column wpb_content_element '>\n\t\t\t<div class='wpb_wrapper'>\n\t\t\t\t<div class='panel panel-Gris'>\n\n\t\t\t\t\t<div class='panel-body'>Ordre coherent en les parts, amb un fil l\u00f2gic vertebrador que fa avan\u00e7ar les idees progressivament i que aquestes s\u2019encadenin unes amb les altres amb naturalitat i dinamisme<\/div>\n\n\t\t\t\t\t<div class='panel-footer'><ul>\n<li>Situeu el tema i ordeneu les idees des del principi, ja que el tribunal pot no con\u00e8ixer el tema i agrair\u00e0 que expliqueu el projecte des de les viv\u00e8ncies (m\u00e9s que reproduir la part te\u00f2rica que hi ha al treball escrit).<\/li>\n<li>Penseu quines parts del treball voleu explicar a l\u2019exposici\u00f3 i seleccioneu la informaci\u00f3 m\u00e9s rellevant de cada apartat per donar a con\u00e8ixer a l&#8217;auditori.<\/li>\n<li>Presenteu el pla de la vostra intervenci\u00f3 amb un nivell de concreci\u00f3 elevant. Eviteu generalitzar: &#8220;comen\u00e7ar\u00e9 amb una introducci\u00f3, continuar\u00e9 amb el desenvolupament del projecte i acabar\u00e9 amb unes conclusions&#8221;.<\/li>\n<li>Creeu un fil l\u00f2gic d\u2019uni\u00f3 entre una idea i una altra per garantir la continu\u00eftat en el discurs. Tamb\u00e9 podeu fer servir les pauses o variar l\u2019entonaci\u00f3 per marcar els canvis.<\/li>\n<li>Escolliu els mecanismes de cohesi\u00f3 m\u00e9s adients per organitzar les parts del discurs: per iniciar intervencions, per introduir incisos o exemples, per estructurar el discurs, per reprendre un tema, per concloure, etc.<\/li>\n<li>Penseu b\u00e9 com acabar l&#8217;exposici\u00f3 i prepareu-vos la conclusi\u00f3. Podeu resumir l&#8217;exposici\u00f3, explicar com portar\u00edeu a la pr\u00e0ctica el projecte defensat, ressaltar la import\u00e0ncia del que s&#8217;ha treballat, acabar amb una bona cita, etc. En cap cas s&#8217;ha d&#8217;acabar amb finals habituals com &#8220;ja est\u00e0&#8221;, &#8220;crec que ja ho he dit tot&#8221;, &#8220;moltes gr\u00e0cies per la vostra atenci\u00f3&#8221;, &#8220;si teniu alguna pregunta&#8221;, etc.<\/li>\n<\/ul>\n<\/div>\n\t\t\t\t<\/div>\n\t\t\t<\/div>\n\t\t<\/div>[\/vc_column][\/vc_row][vc_row][vc_column width=&#8221;1\/12&#8243;][\/vc_column][vc_column width=&#8221;5\/6&#8243;][vc_row_inner][vc_column_inner width=&#8221;1\/2&#8243;][vc_column_text]<strong>Presentaci\u00f3 amb una estructura adequada<\/strong>[\/vc_column_text][vc_column_text]<\/p>\n<div class=\"video-container\"><iframe loading=\"lazy\" src=\"https:\/\/www.youtube.com\/embed\/tSJRv3Lp8UQ?rel=0\" width=\"100%\" height=\"auto\" frameborder=\"0\" allowfullscreen=\"allowfullscreen\"><\/iframe><\/div>\n<p>[\/vc_column_text][vc_column_text][\/vc_column_text][\/vc_column_inner][vc_column_inner width=&#8221;1\/2&#8243;][vc_column_text]<strong>Presentaci\u00f3 amb una estructura inadequada<\/strong>[\/vc_column_text][vc_column_text]<\/p>\n<div class=\"video-container\"><iframe loading=\"lazy\" src=\"https:\/\/www.youtube.com\/embed\/KIwA3aHigDI?rel=0\" width=\"100%\" height=\"auto\" frameborder=\"0\" allowfullscreen=\"allowfullscreen\"><\/iframe><\/div>\n<p>[\/vc_column_text][vc_column_text][\/vc_column_text][\/vc_column_inner][\/vc_row_inner][vc_column_text]El discurs no segueix un ordre l\u00f2gic ni coherent (comen\u00e7a per la conclusi\u00f3 sense fer cap presentaci\u00f3). Salta d\u2019una idea a una altra i incorpora informaci\u00f3 quan se\u2019n recorda (<em>se m\u2019havia oblidat dir-vos<\/em>, etc.).[\/vc_column_text][vc_column_text][El discurs \u00e9s real i pot contenir errors ling\u00fc\u00edstics.][\/vc_column_text][\/vc_column][vc_column width=&#8221;1\/12&#8243;][\/vc_column][\/vc_row]<\/p>\n","protected":false},"excerpt":{"rendered":"<p>[vc_row][vc_column width=&#8221;1\/1&#8243;][\/vc_column][\/vc_row][vc_row][vc_column width=&#8221;1\/12&#8243;][\/vc_column][vc_column width=&#8221;5\/6&#8243;][vc_row_inner][vc_column_inner width=&#8221;1\/2&#8243;][vc_column_text]Presentaci\u00f3 amb una estructura adequada[\/vc_column_text][vc_column_text] [\/vc_column_text][vc_column_text][\/vc_column_text][\/vc_column_inner][vc_column_inner width=&#8221;1\/2&#8243;][vc_column_text]Presentaci\u00f3 amb una estructura inadequada[\/vc_column_text][vc_column_text] [\/vc_column_text][vc_column_text][\/vc_column_text][\/vc_column_inner][\/vc_row_inner][vc_column_text]El discurs no segueix un ordre l\u00f2gic ni coherent (comen\u00e7a per la conclusi\u00f3 sense fer cap presentaci\u00f3). Salta d\u2019una idea a una altra i incorpora informaci\u00f3 quan se\u2019n recorda (se m\u2019havia oblidat dir-vos, etc.).[\/vc_column_text][vc_column_text][El discurs \u00e9s real i pot contenir <a class=\"more-link\" href=\"https:\/\/www.ub.edu\/tfg\/presentacio-oral\/estructura\/\">Continue reading <i class=\"fa fa-chevron-right\"><\/i><\/a><\/p>\n","protected":false},"author":4,"featured_media":0,"parent":6535,"menu_order":0,"comment_status":"closed","ping_status":"open","template":"page-fullwidth.php","meta":{"_mi_skip_tracking":false},"_links":{"self":[{"href":"https:\/\/www.ub.edu\/tfg\/wp-json\/wp\/v2\/pages\/6600"}],"collection":[{"href":"https:\/\/www.ub.edu\/tfg\/wp-json\/wp\/v2\/pages"}],"about":[{"href":"https:\/\/www.ub.edu\/tfg\/wp-json\/wp\/v2\/types\/page"}],"author":[{"embeddable":true,"href":"https:\/\/www.ub.edu\/tfg\/wp-json\/wp\/v2\/users\/4"}],"replies":[{"embeddable":true,"href":"https:\/\/www.ub.edu\/tfg\/wp-json\/wp\/v2\/comments?post=6600"}],"version-history":[{"count":12,"href":"https:\/\/www.ub.edu\/tfg\/wp-json\/wp\/v2\/pages\/6600\/revisions"}],"predecessor-version":[{"id":7286,"href":"https:\/\/www.ub.edu\/tfg\/wp-json\/wp\/v2\/pages\/6600\/revisions\/7286"}],"up":[{"embeddable":true,"href":"https:\/\/www.ub.edu\/tfg\/wp-json\/wp\/v2\/pages\/6535"}],"wp:attachment":[{"href":"https:\/\/www.ub.edu\/tfg\/wp-json\/wp\/v2\/media?parent=6600"}],"curies":[{"name":"wp","href":"https:\/\/api.w.org\/{rel}","templated":true}]}}