{"id":7431,"date":"2015-10-22T16:25:18","date_gmt":"2015-10-22T16:25:18","guid":{"rendered":"http:\/\/www.ub.edu\/tfg\/?page_id=7431"},"modified":"2015-11-12T12:02:10","modified_gmt":"2015-11-12T12:02:10","slug":"plagi","status":"publish","type":"page","link":"https:\/\/www.ub.edu\/tfg\/treball-escrit\/plagi\/","title":{"rendered":"Plagi"},"content":{"rendered":"<p>[vc_row][vc_column width=&#8221;1\/1&#8243;]<div class='wpb_text_column wpb_content_element '>\n\t\t\t<div class='wpb_wrapper'>\n\t\t\t\t<div class='panel panel-Gris'>\n\n\t\t\t\t\t<div class='panel-body'>Definici\u00f3 <\/div>\n\n\t\t\t\t\t<div class='panel-footer'><p style=\"text-align: justify;\">El plagi consisteix a reproduir idees, frases o par\u00e0grafs de textos d&#8217;altres persones sense citar de manera expl\u00edcita la font original de la qual prov\u00e9 la informaci\u00f3.<\/p>\n<p style=\"text-align: justify;\">No ens podem apropiar d\u2019all\u00f2 que alg\u00fa altre ha escrit o publicat sense indicar-ho de manera pertinent. Per aix\u00f2, el plagi es considera una infracci\u00f3 del dret d\u2019autor i \u00e9s penalitzat en l\u2019\u00e0mbit acad\u00e8mic.\u00a0El plagi engloba tant la c\u00f2pia total o parcial d\u2019una obra aliena com la presentaci\u00f3 d\u2019una c\u00f2pia com a obra original pr\u00f2pia.<\/p>\n<p style=\"text-align: justify;\">Per tal d\u2019evitar el plagi, podem seguir els <strong>consells<\/strong> seg\u00fcents:<\/p>\n<p style=\"text-align: justify;\">&#8211; Citar a la bibliografia totes les obres i materials consultats.<\/p>\n<p style=\"text-align: justify;\">&#8211; Posar el text entre cometes i citar la font d\u2019informaci\u00f3 quan copiem literalment un par\u00e0graf o frase.<\/p>\n<p style=\"text-align: justify;\">&#8211; Redactar les idees que trobem interessants amb les nostres paraules i, si s\u2019escau, mencionar d\u2019on s\u2019han extret.<\/p>\n<p style=\"text-align: justify;\"><strong>Exemple<\/strong><\/p>\n<p style=\"text-align: justify;\">Aix\u00ed doncs, \u00abel ciutad\u00e0 europeu \u00e9s cada vegada m\u00e9s conscient de la import\u00e0ncia que t\u00e9 respectar la llengua pr\u00f2pia dels altres\u00bb (Clua, E. et al. 2003. <em>Introducci\u00f3 Eurocomrom<\/em>, 13).<\/p>\n<p style=\"text-align: justify;\">FONT: C<span style=\"font-variant: small-caps;\">lua, E.\u00a0<\/span>et al. 2003. <em>Introducci\u00f3 Eurocomrom<\/em>.<\/p>\n<\/div>\n\t\t\t\t<\/div>\n\t\t\t<\/div>\n\t\t<\/div>[\/vc_column][\/vc_row][vc_row][vc_column width=&#8221;1\/1&#8243;]<div class='wpb_text_column wpb_content_element '>\n\t\t\t<div class='wpb_wrapper'>\n\t\t\t\t<div class='panel panel-Vermell'>\n\n\t\t\t\t\t<div class='panel-body'>Activitat<\/div>\n\n\t\t\t\t\t<div class='panel-footer'><p style=\"text-align: justify;\"><strong>A continuaci\u00f3, us presentem un fragment d\u2019un altre autor que un alumne ha fet servir en un treball. Qu\u00e8 podr\u00edem fer per evitar el plagi?<\/strong><\/p>\n<p style=\"text-align: justify;\">Actualment els pobles d\u2019Europa viuen un proc\u00e9s d\u2019intercanvi i contacte mutus, tant en la circulaci\u00f3 de mercaderies i de persones com en els mitjans de comunicaci\u00f3 i d\u2019informaci\u00f3, amb una intensitat que fins ara no s\u2019havia donat mai \u2014ni en temps de l\u2019Imperi Rom\u00e0 o de la \u201cinternacional\u201d Edat Mitjana.<\/p>\n<\/div>\n\t\t\t\t<\/div>\n\t\t\t<\/div>\n\t\t<\/div>[\/vc_column][\/vc_row][vc_row][vc_column width=&#8221;1\/1&#8243;]<div class='wpb_text_column wpb_content_element'>\n\t\t\t<div class='wpb_wrapper'>\n\t\t\t\t<div class='panel panel-Verd clickable'>\n\n\t\t\t\t<div class='panel-body collapsed' data-toggle='collapse' data-target='#demo-1854341172' aria-expanded='false'>Soluci\u00f3<\/div>\n\t\t\t\t\n\t\t\t\t<div id='demo-1854341172' class='panel-footer collapse'><p style=\"text-align: justify;\">Una soluci\u00f3 pot ser posar entre cometes el text que volem utilitzar en el nostre treball i citar-hi la font al final.<\/p>\n<p style=\"text-align: justify; padding-left: 30px;\">Actualment, \u00abels pobles d\u2019Europa viuen un proc\u00e9s d\u2019intercanvi i contacte mutus, tant en la circulaci\u00f3 de mercaderies i de persones com en els mitjans de comunicaci\u00f3 i d\u2019informaci\u00f3, amb una intensitat que fins ara no s\u2019havia donat mai \u2014ni en temps de l\u2019Imperi Rom\u00e0 o de la &#8220;internacional&#8221; Edat Mitjana\u00bb (Clua et al. 2003. <em>Introducci\u00f3 Eurocomrom<\/em>, 13).<\/p>\n<p style=\"text-align: justify; padding-left: 30px;\">FONT: C<span style=\"font-variant: small-caps;\">lua, E.\u00a0<\/span>et al. 2003. <em>Introducci\u00f3 Eurocomrom<\/em>.<\/p>\n<p style=\"text-align: justify;\">D\u2019aquesta manera, podem utilitzar de forma adient idees i par\u00e0grafs d\u2019altres autors que ens semblen rellevants per al nostre treball per tal de fonamentar-les en altres autors, per\u00f2 sense apropiar-se indegudament d\u2019una idea\u00a0de la qual no en som autors.<\/p>\n\n\t\t\t\t<\/div>\n\t\t\t<\/div>\n\t\t<\/div>\n\t\t<\/div>[\/vc_column][\/vc_row]<\/p>\n","protected":false},"excerpt":{"rendered":"<p>[vc_row][vc_column width=&#8221;1\/1&#8243;][\/vc_column][\/vc_row][vc_row][vc_column width=&#8221;1\/1&#8243;][\/vc_column][\/vc_row][vc_row][vc_column width=&#8221;1\/1&#8243;][\/vc_column][\/vc_row]<\/p>\n","protected":false},"author":4,"featured_media":0,"parent":6086,"menu_order":0,"comment_status":"closed","ping_status":"open","template":"page-fullwidth.php","meta":{"_mi_skip_tracking":false},"_links":{"self":[{"href":"https:\/\/www.ub.edu\/tfg\/wp-json\/wp\/v2\/pages\/7431"}],"collection":[{"href":"https:\/\/www.ub.edu\/tfg\/wp-json\/wp\/v2\/pages"}],"about":[{"href":"https:\/\/www.ub.edu\/tfg\/wp-json\/wp\/v2\/types\/page"}],"author":[{"embeddable":true,"href":"https:\/\/www.ub.edu\/tfg\/wp-json\/wp\/v2\/users\/4"}],"replies":[{"embeddable":true,"href":"https:\/\/www.ub.edu\/tfg\/wp-json\/wp\/v2\/comments?post=7431"}],"version-history":[{"count":17,"href":"https:\/\/www.ub.edu\/tfg\/wp-json\/wp\/v2\/pages\/7431\/revisions"}],"predecessor-version":[{"id":7518,"href":"https:\/\/www.ub.edu\/tfg\/wp-json\/wp\/v2\/pages\/7431\/revisions\/7518"}],"up":[{"embeddable":true,"href":"https:\/\/www.ub.edu\/tfg\/wp-json\/wp\/v2\/pages\/6086"}],"wp:attachment":[{"href":"https:\/\/www.ub.edu\/tfg\/wp-json\/wp\/v2\/media?parent=7431"}],"curies":[{"name":"wp","href":"https:\/\/api.w.org\/{rel}","templated":true}]}}