{"id":99,"date":"2019-04-26T14:29:23","date_gmt":"2019-04-26T12:29:23","guid":{"rendered":"https:\/\/www.ub.edu\/ubterm\/?page_id=99"},"modified":"2026-03-12T09:33:03","modified_gmt":"2026-03-12T07:33:03","slug":"presentacio","status":"publish","type":"page","link":"https:\/\/www.ub.edu\/ubterm\/presentacio\/","title":{"rendered":"Sobre l&#8217;UBTERM"},"content":{"rendered":"<div class=\"responsive-tabs\">\n<h2 class=\"tabtitle\">Presentaci\u00f3<\/h2>\n<div class=\"tabcontent\">\n\n<h2>Presentaci\u00f3<\/h2>\n<p>UBTERM \u00e9s el portal de consulta dels vocabularis i diccionaris terminol\u00f2gics publicats pels Serveis Ling\u00fc\u00edstics i elaborats amb la participaci\u00f3 del professorat i l&#8217;alumnat de la UB.<\/p>\n<p>Aquest portal cont\u00e9 els apartats seg\u00fcents:<\/p>\n<p><a href=\"https:\/\/www.ub.edu\/ubterm\/obres\/\">Obres<\/a>. Llista de tots els vocabularis i diccionaris continguts al portal i acc\u00e9s a cada obra.<\/p>\n<p><a href=\"https:\/\/www.ub.edu\/ubterm\/cerca-termes\/\">Cercador<\/a>. Eina que permet la cerca conjunta de termes de totes les obres contingudes al portal UBTERM. Per a m\u00e9s informaci\u00f3 sobre com fer les cerques i com interpretar les informacions de les fitxes, consulteu l&#8217;<a href=\"https:\/\/www.ub.edu\/ubterm\/ajuda-cerca\/\">Ajuda per a la cerca<\/a>.<\/p>\n<p><a href=\"https:\/\/www.ub.edu\/ubterm\/actualitat\/\">Actualitat<\/a>. Blog d&#8217;informacions relacionades amb la terminologia, siguin del mateix portal UBTERM o externes.<\/p>\n<p><a href=\"https:\/\/www.ub.edu\/ubterm\/#mesenlla\">M\u00e9s enll\u00e0 de la terminologia<\/a>. En aquest apartat es mostren tres recursos que poden ajudar a redactar un text acad\u00e8mic de qualitat: els v\u00eddeos de l&#8217;Argumenta, el TFG (consells per al treball escrit i la presentaci\u00f3 oral) i els apunts del Retrucs (blog per a la difusi\u00f3 d\u2019eines i trucs que poden ser \u00fatils per facilitar l\u2019edici\u00f3, redacci\u00f3, traducci\u00f3 i verificaci\u00f3 ortogr\u00e0fica de documents i textos).<\/p>\n<p><a href=\"https:\/\/www.ub.edu\/ubterm\/#centres\">Qu\u00e8 diuen els centres<\/a>. Recursos relacionats amb la terminologia elaborats espec\u00edficament per cobrir les necessitats d&#8217;un centre de la UB.<\/p>\n\n<\/div><h2 class=\"tabtitle\">Imatge<\/h2>\n<div class=\"tabcontent\">\n\n<h2>Imatge<\/h2>\n<p>La imatge institucional de l&#8217;UBTERM es pot consultar al <a href=\"https:\/\/hdl.handle.net\/2445\/228005\">Dip\u00f2sit digital<\/a>\u00a0de la Universitat de Barcelona. S\u2019han dissenyat materials en suports diversos, que poden fer servir totes les entitats i institucions per a la difusi\u00f3 corresponent en projectes, actes i activitats que organitzin.<\/p>\n<p>Tots els materials gr\u00e0fics propis del portal estan subjectes a la llic\u00e8ncia de Creative Commons\u00a0<a href=\"https:\/\/creativecommons.org\/licenses\/by-nd\/4.0\/deed.ca\">Reconeixement \u2013 Sense obra derivada 4.0 Internacional<\/a>.<\/p>\n<\/div><\/div>\n","protected":false},"excerpt":{"rendered":"<p>Presentaci\u00f3 UBTERM \u00e9s el portal de consulta dels vocabularis i diccionaris terminol\u00f2gics publicats pels Serveis Ling\u00fc\u00edstics i elaborats amb la participaci\u00f3 del professorat i l&#8217;alumnat de la UB. Aquest portal cont\u00e9 els apartats seg\u00fcents: Obres. Llista de tots els vocabularis i diccionaris continguts al portal i acc\u00e9s a cada obra. Cercador. Eina que permet la [&hellip;]<\/p>\n","protected":false},"author":2,"featured_media":0,"parent":0,"menu_order":0,"comment_status":"closed","ping_status":"closed","template":"","meta":{"_acf_changed":false,"footnotes":""},"class_list":["post-99","page","type-page","status-publish","hentry"],"acf":[],"_links":{"self":[{"href":"https:\/\/www.ub.edu\/ubterm\/wp-json\/wp\/v2\/pages\/99","targetHints":{"allow":["GET"]}}],"collection":[{"href":"https:\/\/www.ub.edu\/ubterm\/wp-json\/wp\/v2\/pages"}],"about":[{"href":"https:\/\/www.ub.edu\/ubterm\/wp-json\/wp\/v2\/types\/page"}],"author":[{"embeddable":true,"href":"https:\/\/www.ub.edu\/ubterm\/wp-json\/wp\/v2\/users\/2"}],"replies":[{"embeddable":true,"href":"https:\/\/www.ub.edu\/ubterm\/wp-json\/wp\/v2\/comments?post=99"}],"version-history":[{"count":9,"href":"https:\/\/www.ub.edu\/ubterm\/wp-json\/wp\/v2\/pages\/99\/revisions"}],"predecessor-version":[{"id":86126,"href":"https:\/\/www.ub.edu\/ubterm\/wp-json\/wp\/v2\/pages\/99\/revisions\/86126"}],"wp:attachment":[{"href":"https:\/\/www.ub.edu\/ubterm\/wp-json\/wp\/v2\/media?parent=99"}],"curies":[{"name":"wp","href":"https:\/\/api.w.org\/{rel}","templated":true}]}}