{"id":290,"date":"2021-12-28T13:48:37","date_gmt":"2021-12-28T11:48:37","guid":{"rendered":"http:\/\/ub-write-present.com.mialias.net\/?page_id=290"},"modified":"2024-02-13T12:07:54","modified_gmt":"2024-02-13T10:07:54","slug":"inscriuret-a-les-nostres-sessions","status":"publish","type":"page","link":"https:\/\/www.ub.edu\/write-present\/inscriuret-a-les-nostres-sessions\/","title":{"rendered":"Inscriure&#8217;t a les nostres sessions"},"content":{"rendered":"<div class=\"fusion-fullwidth fullwidth-box fusion-builder-row-1 fusion-flex-container nonhundred-percent-fullwidth non-hundred-percent-height-scrolling\" style=\"--awb-border-radius-top-left:0px;--awb-border-radius-top-right:0px;--awb-border-radius-bottom-right:0px;--awb-border-radius-bottom-left:0px;--awb-flex-wrap:wrap;\" ><div class=\"fusion-builder-row fusion-row fusion-flex-align-items-flex-start fusion-flex-content-wrap\" style=\"max-width:1144px;margin-left: calc(-4% \/ 2 );margin-right: calc(-4% \/ 2 );\"><div class=\"fusion-layout-column fusion_builder_column fusion-builder-column-0 fusion_builder_column_1_1 1_1 fusion-flex-column\" style=\"--awb-bg-size:cover;--awb-width-large:100%;--awb-margin-top-large:20px;--awb-spacing-right-large:1.92%;--awb-margin-bottom-large:20px;--awb-spacing-left-large:1.92%;--awb-width-medium:100%;--awb-order-medium:0;--awb-spacing-right-medium:1.92%;--awb-spacing-left-medium:1.92%;--awb-width-small:100%;--awb-order-small:0;--awb-spacing-right-small:1.92%;--awb-spacing-left-small:1.92%;\"><div class=\"fusion-column-wrapper fusion-column-has-shadow fusion-flex-justify-content-flex-start fusion-content-layout-column\"><div class=\"fusion-title title fusion-title-1 fusion-sep-none fusion-title-text fusion-title-size-four\" style=\"--awb-text-color:#0071cd;--awb-margin-top-small:10px;--awb-margin-right-small:0px;--awb-margin-bottom-small:10px;--awb-margin-left-small:0px;--awb-font-size:24px;\"><h4 class=\"fusion-title-heading title-heading-left\" style=\"margin:0;font-size:1em;\">Qu\u00e8 s\u00f3n les sessions d&#8217;angl\u00e8s acad\u00e8mic oral i escrit?<\/h4><\/div><div class=\"fusion-text fusion-text-1\" style=\"--awb-text-transform:none;\"><p>Es tracta d&#8217;una activitat\u00a0<strong>gratu\u00efta<\/strong> que s&#8217;organitza des del Centre d&#8217;Autoaprenentatge de Lleng\u00fces de Diagonal, en qu\u00e8 es proporcionen recursos i consells per millorar la producci\u00f3 oral i escrita en angl\u00e8s en general i, de manera m\u00e9s espec\u00edfica, en un registre formal acad\u00e8mic.<\/p>\n<p>En les sessions reflexionem conjuntament sobre les <strong>necessitats i dificultats<\/strong> que tenim a l&#8217;hora de parlar i escriure en angl\u00e8s. Tamb\u00e9 hi donem<strong>\u00a0consells<\/strong> per millorar l&#8217;angl\u00e8s oral i escrit de manera progressiva. A m\u00e9s, hi mostrem <strong>recursos<\/strong> que ajuden a escriure i parlar angl\u00e8s en un registre formal o acad\u00e8mic, que serveixen per preparar treballs universitaris.<\/p>\n<\/div><div class=\"fusion-title title fusion-title-2 fusion-sep-none fusion-title-text fusion-title-size-four\" style=\"--awb-text-color:#0071cd;--awb-margin-top-small:10px;--awb-margin-right-small:0px;--awb-margin-bottom-small:10px;--awb-margin-left-small:0px;--awb-font-size:24px;\"><h4 class=\"fusion-title-heading title-heading-left\" style=\"margin:0;font-size:1em;\">En quina llengua s&#8217;imparteixen?<\/h4><\/div><div class=\"fusion-text fusion-text-2\" style=\"--awb-text-transform:none;\"><p>En angl\u00e8s.<\/p>\n<\/div><div class=\"fusion-title title fusion-title-3 fusion-sep-none fusion-title-text fusion-title-size-four\" style=\"--awb-text-color:#0071cd;--awb-margin-top-small:10px;--awb-margin-right-small:0px;--awb-margin-bottom-small:10px;--awb-margin-left-small:0px;--awb-font-size:24px;\"><h4 class=\"fusion-title-heading title-heading-left\" style=\"margin:0;font-size:1em;\">A qui s&#8217;adrecen?<\/h4><\/div><div class=\"fusion-text fusion-text-3\" style=\"--awb-text-transform:none;\"><p>A persones que no tenen l&#8217;angl\u00e8s com a llengua nativa, i molt concretament:<\/p>\n<ul>\n<li>A estudiants que fan o volen fer assignatures en angl\u00e8s a la UB.<\/li>\n<li>A estudiants de mobilitat, que aniran a una universitat d&#8217;un altre pa\u00eds i hi faran assignatures en angl\u00e8s.<\/li>\n<li>A estudiants que fan el TFG, el TFM o la tesi doctoral en angl\u00e8s.<\/li>\n<li>A qualsevol estudiant interessat a millorar l&#8217;angl\u00e8s oral i escrit en un registre acad\u00e8mic.<\/li>\n<\/ul>\n<p>Hi poden participar <strong>estudiants de qualsevol ensenyament de la UB<\/strong>, independentment de quina sigui la facultat on estudi\u00efn.<\/p>\n<\/div><div class=\"fusion-title title fusion-title-4 fusion-sep-none fusion-title-text fusion-title-size-four\" style=\"--awb-text-color:#0071cd;--awb-margin-top-small:10px;--awb-margin-right-small:0px;--awb-margin-bottom-small:10px;--awb-margin-left-small:0px;--awb-font-size:24px;\"><h4 class=\"fusion-title-heading title-heading-left\" style=\"margin:0;font-size:1em;\">Horaris i inscripcions<\/h4><\/div><div class=\"fusion-text fusion-text-4\" style=\"--awb-text-transform:none;\"><p>L&#8217;activitat consta de dues sessions independents: una est\u00e0 dedicada a l&#8217;angl\u00e8s escrit i l&#8217;altra, a l&#8217;angl\u00e8s oral. Per a cadascuna d&#8217;aquestes sessions es programen <strong>diversos grups cada semestre, presencials o en l\u00ednia<\/strong>. Recomanem assistir primer a la sessi\u00f3 sobre l&#8217;angl\u00e8s escrit.<\/p>\n<p>Per consultar els horaris de les sessions d&#8217;aquest semestre i per inscriure-t&#8217;hi, accedeix al Campus Virtual a trav\u00e9s de l&#8217;enlla\u00e7 seg\u00fcent.<\/p>\n<\/div><div class=\"fusion-separator fusion-full-width-sep\" style=\"align-self: center;margin-left: auto;margin-right: auto;margin-top:3%;width:100%;\"><\/div><div style=\"text-align:center;\"><a class=\"fusion-button button-flat fusion-button-default-size button-default fusion-button-default button-1 fusion-button-default-span fusion-button-default-type\" target=\"_blank\" rel=\"noopener noreferrer\" href=\"https:\/\/campusvirtual.ub.edu\/course\/view.php?id=13970\"><span class=\"fusion-button-text awb-button__text awb-button__text--default\">Inscripcions a les sessions <\/span><\/a><\/div><\/div><\/div><\/div><\/div>\n","protected":false},"excerpt":{"rendered":"","protected":false},"author":3,"featured_media":681,"parent":0,"menu_order":0,"comment_status":"closed","ping_status":"closed","template":"","meta":{"_acf_changed":false,"footnotes":""},"class_list":["post-290","page","type-page","status-publish","has-post-thumbnail","hentry"],"acf":[],"_links":{"self":[{"href":"https:\/\/www.ub.edu\/write-present\/wp-json\/wp\/v2\/pages\/290","targetHints":{"allow":["GET"]}}],"collection":[{"href":"https:\/\/www.ub.edu\/write-present\/wp-json\/wp\/v2\/pages"}],"about":[{"href":"https:\/\/www.ub.edu\/write-present\/wp-json\/wp\/v2\/types\/page"}],"author":[{"embeddable":true,"href":"https:\/\/www.ub.edu\/write-present\/wp-json\/wp\/v2\/users\/3"}],"replies":[{"embeddable":true,"href":"https:\/\/www.ub.edu\/write-present\/wp-json\/wp\/v2\/comments?post=290"}],"version-history":[{"count":1,"href":"https:\/\/www.ub.edu\/write-present\/wp-json\/wp\/v2\/pages\/290\/revisions"}],"predecessor-version":[{"id":1651,"href":"https:\/\/www.ub.edu\/write-present\/wp-json\/wp\/v2\/pages\/290\/revisions\/1651"}],"wp:featuredmedia":[{"embeddable":true,"href":"https:\/\/www.ub.edu\/write-present\/wp-json\/wp\/v2\/media\/681"}],"wp:attachment":[{"href":"https:\/\/www.ub.edu\/write-present\/wp-json\/wp\/v2\/media?parent=290"}],"curies":[{"name":"wp","href":"https:\/\/api.w.org\/{rel}","templated":true}]}}

<div class="fusion-fullwidth fullwidth-box fusion-builder-row-1 fusion-flex-container nonhundred-percent-fullwidth non-hundred-percent-height-scrolling" style="--awb-border-radius-top-left:0px;--awb-border-radius-top-right:0px;--awb-border-radius-bottom-right:0px;--awb-border-radius-bottom-left:0px;--awb-flex-wrap:wrap;" ><div class="fusion-builder-row fusion-row fusion-flex-align-items-flex-start fusion-flex-content-wrap" style="max-width:1144px;margin-left: calc(-4% / 2 );margin-right: calc(-4% / 2 );"><div class="fusion-layout-column fusion_builder_column fusion-builder-column-0 fusion_builder_column_1_1 1_1 fusion-flex-column" style="--awb-bg-size:cover;--awb-width-large:100%;--awb-margin-top-large:20px;--awb-spacing-right-large:1.92%;--awb-margin-bottom-large:20px;--awb-spacing-left-large:1.92%;--awb-width-medium:100%;--awb-order-medium:0;--awb-spacing-right-medium:1.92%;--awb-spacing-left-medium:1.92%;--awb-width-small:100%;--awb-order-small:0;--awb-spacing-right-small:1.92%;--awb-spacing-left-small:1.92%;"><div class="fusion-column-wrapper fusion-column-has-shadow fusion-flex-justify-content-flex-start fusion-content-layout-column"><div class="fusion-title title fusion-title-1 fusion-sep-none fusion-title-text fusion-title-size-four" style="--awb-text-color:#0071cd;--awb-margin-top-small:10px;--awb-margin-right-small:0px;--awb-margin-bottom-small:10px;--awb-margin-left-small:0px;--awb-font-size:24px;"><h4 class="fusion-title-heading title-heading-left" style="margin:0;font-size:1em;">Què són les sessions d&#8217;anglès acadèmic oral i escrit?</h4></div><div class="fusion-text fusion-text-1" style="--awb-text-transform:none;"><p>Es tracta d&#8217;una activitat <strong>gratuïta</strong> que s&#8217;organitza des del Centre d&#8217;Autoaprenentatge de Llengües de Diagonal, en què es proporcionen recursos i consells per millorar la producció oral i escrita en anglès en general i, de manera més específica, en un registre formal acadèmic.</p>
<p>En les sessions reflexionem conjuntament sobre les <strong>necessitats i dificultats</strong> que tenim a l&#8217;hora de parlar i escriure en anglès. També hi donem<strong> consells</strong> per millorar l&#8217;anglès oral i escrit de manera progressiva. A més, hi mostrem <strong>recursos</strong> que ajuden a escriure i parlar anglès en un registre formal o acadèmic, que serveixen per preparar treballs universitaris.</p>
</div><div class="fusion-title title fusion-title-2 fusion-sep-none fusion-title-text fusion-title-size-four" style="--awb-text-color:#0071cd;--awb-margin-top-small:10px;--awb-margin-right-small:0px;--awb-margin-bottom-small:10px;--awb-margin-left-small:0px;--awb-font-size:24px;"><h4 class="fusion-title-heading title-heading-left" style="margin:0;font-size:1em;">En quina llengua s&#8217;imparteixen?</h4></div><div class="fusion-text fusion-text-2" style="--awb-text-transform:none;"><p>En anglès.</p>
</div><div class="fusion-title title fusion-title-3 fusion-sep-none fusion-title-text fusion-title-size-four" style="--awb-text-color:#0071cd;--awb-margin-top-small:10px;--awb-margin-right-small:0px;--awb-margin-bottom-small:10px;--awb-margin-left-small:0px;--awb-font-size:24px;"><h4 class="fusion-title-heading title-heading-left" style="margin:0;font-size:1em;">A qui s&#8217;adrecen?</h4></div><div class="fusion-text fusion-text-3" style="--awb-text-transform:none;"><p>A persones que no tenen l&#8217;anglès com a llengua nativa, i molt concretament:</p>
<ul>
<li>A estudiants que fan o volen fer assignatures en anglès a la UB.</li>
<li>A estudiants de mobilitat, que aniran a una universitat d&#8217;un altre país i hi faran assignatures en anglès.</li>
<li>A estudiants que fan el TFG, el TFM o la tesi doctoral en anglès.</li>
<li>A qualsevol estudiant interessat a millorar l&#8217;anglès oral i escrit en un registre acadèmic.</li>
</ul>
<p>Hi poden participar <strong>estudiants de qualsevol ensenyament de la UB</strong>, independentment de quina sigui la facultat on estudiïn.</p>
</div><div class="fusion-title title fusion-title-4 fusion-sep-none fusion-title-text fusion-title-size-four" style="--awb-text-color:#0071cd;--awb-margin-top-small:10px;--awb-margin-right-small:0px;--awb-margin-bottom-small:10px;--awb-margin-left-small:0px;--awb-font-size:24px;"><h4 class="fusion-title-heading title-heading-left" style="margin:0;font-size:1em;">Horaris i inscripcions</h4></div><div class="fusion-text fusion-text-4" style="--awb-text-transform:none;"><p>L&#8217;activitat consta de dues sessions independents: una està dedicada a l&#8217;anglès escrit i l&#8217;altra, a l&#8217;anglès oral. Per a cadascuna d&#8217;aquestes sessions es programen <strong>diversos grups cada semestre, presencials o en línia</strong>. Recomanem assistir primer a la sessió sobre l&#8217;anglès escrit.</p>
<p>Per consultar els horaris de les sessions d&#8217;aquest semestre i per inscriure-t&#8217;hi, accedeix al Campus Virtual a través de l&#8217;enllaç següent.</p>
</div><div class="fusion-separator fusion-full-width-sep" style="align-self: center;margin-left: auto;margin-right: auto;margin-top:3%;width:100%;"></div><div style="text-align:center;"><a class="fusion-button button-flat fusion-button-default-size button-default fusion-button-default button-1 fusion-button-default-span fusion-button-default-type" target="_blank" rel="noopener noreferrer" href="https://campusvirtual.ub.edu/course/view.php?id=13970"><span class="fusion-button-text awb-button__text awb-button__text--default">Inscripcions a les sessions </span></a></div></div></div></div></div>
